158.94.209.221 - - [13/Jan/2026:21:32:17 -0300] "GET /wp-admin/plugins.php HTTP/1.1" 409 83 "https://themonarchbutterfly.site/wp-login.php" "Mozilla/5.0 (Windows NT 11.0; Win64; x64) AppleWebKit/537.36 (KHTML, like Gecko) Chrome/120.0.0.0 Safari/537.36" themonarchbutterfly.site 192.185.209.103
74.7.227.20 - - [13/Jan/2026:21:32:16 -0300] "GET /post-excerpt.php?p=Ahome1Aplant149AwwwAwp-adminAcssAcolorsAectoplasm HTTP/2.0" 200 58466 "-" "Mozilla/5.0 AppleWebKit/537.36 (KHTML, like Gecko; compatible; GPTBot/1.3; +https://openai.com/gptbot)" themonarchbutterfly.plantasparaapartamento.com 192.185.209.103
158.94.209.221 - - [13/Jan/2026:21:32:18 -0300] "POST /wp-login.php HTTP/1.1" 409 83 "https://themonarchbutterfly.site/wp-login.php" "Mozilla/5.0 (Windows NT 11.0; Win64; x64) AppleWebKit/537.36 (KHTML, like Gecko) Chrome/119.0.0.0 Safari/537.36" themonarchbutterfly.site 192.185.209.103
158.94.209.221 - - [13/Jan/2026:21:32:18 -0300] "GET /wp-admin/index.php HTTP/1.1" 409 83 "https://themonarchbutterfly.site/wp-login.php" "Mozilla/5.0 (Macintosh; Intel Mac OS X 10_15_7) AppleWebKit/537.36 (KHTML, like Gecko) Chrome/118.0.0.0 Safari/537.36" themonarchbutterfly.site 192.185.209.103
158.94.209.221 - - [13/Jan/2026:21:32:19 -0300] "GET /wp-admin/profile.php HTTP/1.1" 409 83 "https://themonarchbutterfly.site/wp-login.php" "Mozilla/5.0 (Macintosh; Intel Mac OS X 10_15_7) AppleWebKit/537.36 (KHTML, like Gecko) Chrome/118.0.0.0 Safari/537.36" themonarchbutterfly.site 192.185.209.103
158.94.209.221 - - [13/Jan/2026:21:32:19 -0300] "GET /wp-admin/edit.php HTTP/1.1" 409 83 "https://themonarchbutterfly.site/wp-login.php" "Mozilla/5.0 (Macintosh; Intel Mac OS X 10_15_7) AppleWebKit/537.36 (KHTML, like Gecko) Chrome/118.0.0.0 Safari/537.36" themonarchbutterfly.site 192.185.209.103
74.7.227.20 - - [13/Jan/2026:21:32:18 -0300] "GET /post-excerpt.php?p=Ahome1Aplant149AwwwAwp-adminAcssAcolorsAmidnight HTTP/2.0" 200 58451 "-" "Mozilla/5.0 AppleWebKit/537.36 (KHTML, like Gecko; compatible; GPTBot/1.3; +https://openai.com/gptbot)" themonarchbutterfly.plantasparaapartamento.com 192.185.209.103
158.94.209.221 - - [13/Jan/2026:21:32:20 -0300] "GET /wp-admin/plugins.php HTTP/1.1" 409 83 "https://themonarchbutterfly.site/wp-login.php" "Mozilla/5.0 (Macintosh; Intel Mac OS X 10_15_7) AppleWebKit/537.36 (KHTML, like Gecko) Chrome/118.0.0.0 Safari/537.36" themonarchbutterfly.site 192.185.209.103
158.94.209.221 - - [13/Jan/2026:21:32:20 -0300] "POST /wp-login.php HTTP/1.1" 409 83 "https://themonarchbutterfly.site/wp-login.php" "Mozilla/5.0 (Macintosh; Intel Mac OS X 10_15_7; rv:120.0) Gecko/20100101 Firefox/120.0" themonarchbutterfly.site 192.185.209.103
158.94.209.221 - - [13/Jan/2026:21:32:21 -0300] "GET /wp-admin/index.php HTTP/1.1" 409 83 "https://themonarchbutterfly.site/wp-login.php" "Mozilla/5.0 (Windows NT 11.0; Win64; x64; rv:120.0) Gecko/20100101 Firefox/120.0" themonarchbutterfly.site 192.185.209.103
74.7.227.20 - - [13/Jan/2026:21:32:19 -0300] "GET /post-excerpt.php?p=Ahome1Aplant149AwwwAwp-adminAcssAcolorsAsunrise HTTP/2.0" 200 58437 "-" "Mozilla/5.0 AppleWebKit/537.36 (KHTML, like Gecko; compatible; GPTBot/1.3; +https://openai.com/gptbot)" themonarchbutterfly.plantasparaapartamento.com 192.185.209.103
158.94.209.221 - - [13/Jan/2026:21:32:21 -0300] "GET /wp-admin/profile.php HTTP/1.1" 409 83 "https://themonarchbutterfly.site/wp-login.php" "Mozilla/5.0 (Windows NT 11.0; Win64; x64; rv:120.0) Gecko/20100101 Firefox/120.0" themonarchbutterfly.site 192.185.209.103
158.94.209.221 - - [13/Jan/2026:21:32:22 -0300] "GET /wp-admin/edit.php HTTP/1.1" 409 83 "https://themonarchbutterfly.site/wp-login.php" "Mozilla/5.0 (Windows NT 11.0; Win64; x64; rv:120.0) Gecko/20100101 Firefox/120.0" themonarchbutterfly.site 192.185.209.103
74.7.227.20 - - [13/Jan/2026:21:32:21 -0300] "GET /post-excerpt.php?p=Ahome1Aplant149AwwwAwp-adminAcssAcolorsAocean HTTP/2.0" 200 58323 "-" "Mozilla/5.0 AppleWebKit/537.36 (KHTML, like Gecko; compatible; GPTBot/1.3; +https://openai.com/gptbot)" themonarchbutterfly.plantasparaapartamento.com 192.185.209.103
158.94.209.221 - - [13/Jan/2026:21:32:22 -0300] "GET /wp-admin/plugins.php HTTP/1.1" 409 83 "https://themonarchbutterfly.site/wp-login.php" "Mozilla/5.0 (Windows NT 11.0; Win64; x64; rv:120.0) Gecko/20100101 Firefox/120.0" themonarchbutterfly.site 192.185.209.103
158.94.209.221 - - [13/Jan/2026:21:32:23 -0300] "POST /wp-login.php HTTP/1.1" 409 83 "https://themonarchbutterfly.site/wp-login.php" "Mozilla/5.0 (Macintosh; Intel Mac OS X 10_15_7; rv:118.0) Gecko/20100101 Firefox/118.0" themonarchbutterfly.site 192.185.209.103
158.94.209.221 - - [13/Jan/2026:21:32:23 -0300] "GET /wp-admin/index.php HTTP/1.1" 409 83 "https://themonarchbutterfly.site/wp-login.php" "Mozilla/5.0 (Macintosh; Intel Mac OS X 10_15_7) AppleWebKit/605.1.15 (KHTML, like Gecko) Version/16.6 Safari/605.1.15" themonarchbutterfly.site 192.185.209.103
74.7.227.20 - - [13/Jan/2026:21:32:22 -0300] "GET /post-excerpt.php?p=Ahome1Aplant149AwwwAwp-adminAcssAcolorsAcoffee HTTP/2.0" 200 58441 "-" "Mozilla/5.0 AppleWebKit/537.36 (KHTML, like Gecko; compatible; GPTBot/1.3; +https://openai.com/gptbot)" themonarchbutterfly.plantasparaapartamento.com 192.185.209.103
158.94.209.221 - - [13/Jan/2026:21:32:23 -0300] "GET /wp-admin/profile.php HTTP/1.1" 409 83 "https://themonarchbutterfly.site/wp-login.php" "Mozilla/5.0 (Macintosh; Intel Mac OS X 10_15_7) AppleWebKit/605.1.15 (KHTML, like Gecko) Version/16.6 Safari/605.1.15" themonarchbutterfly.site 192.185.209.103
158.94.209.221 - - [13/Jan/2026:21:32:24 -0300] "GET /wp-admin/edit.php HTTP/1.1" 409 83 "https://themonarchbutterfly.site/wp-login.php" "Mozilla/5.0 (Macintosh; Intel Mac OS X 10_15_7) AppleWebKit/605.1.15 (KHTML, like Gecko) Version/16.6 Safari/605.1.15" themonarchbutterfly.site 192.185.209.103
158.94.209.221 - - [13/Jan/2026:21:32:24 -0300] "GET /wp-admin/plugins.php HTTP/1.1" 409 83 "https://themonarchbutterfly.site/wp-login.php" "Mozilla/5.0 (Macintosh; Intel Mac OS X 10_15_7) AppleWebKit/605.1.15 (KHTML, like Gecko) Version/16.6 Safari/605.1.15" themonarchbutterfly.site 192.185.209.103
74.7.227.20 - - [13/Jan/2026:21:32:23 -0300] "GET /post-excerpt.php?p=Ahome1Aplant149AwwwAwp-adminAcssAcolorsAmodern HTTP/2.0" 200 58437 "-" "Mozilla/5.0 AppleWebKit/537.36 (KHTML, like Gecko; compatible; GPTBot/1.3; +https://openai.com/gptbot)" themonarchbutterfly.plantasparaapartamento.com 192.185.209.103
158.94.209.221 - - [13/Jan/2026:21:32:25 -0300] "POST /wp-login.php HTTP/1.1" 409 83 "https://themonarchbutterfly.site/wp-login.php" "Mozilla/5.0 (Macintosh; Intel Mac OS X 13_6_1) AppleWebKit/537.36 (KHTML, like Gecko) Chrome/118.0.0.0 Safari/537.36" themonarchbutterfly.site 192.185.209.103
158.94.209.221 - - [13/Jan/2026:21:32:25 -0300] "GET /wp-admin/index.php HTTP/1.1" 409 83 "https://themonarchbutterfly.site/wp-login.php" "Mozilla/5.0 (Windows NT 11.0; Win64; x64; rv:121.0) Gecko/20100101 Firefox/121.0" themonarchbutterfly.site 192.185.209.103
158.94.209.221 - - [13/Jan/2026:21:32:26 -0300] "GET /wp-admin/profile.php HTTP/1.1" 409 83 "https://themonarchbutterfly.site/wp-login.php" "Mozilla/5.0 (Windows NT 11.0; Win64; x64; rv:121.0) Gecko/20100101 Firefox/121.0" themonarchbutterfly.site 192.185.209.103
74.7.227.20 - - [13/Jan/2026:21:32:25 -0300] "GET /post-excerpt.php?p=Ahome1Aplant149AwwwAwp-adminAcssAcolorsAlight HTTP/2.0" 200 58315 "-" "Mozilla/5.0 AppleWebKit/537.36 (KHTML, like Gecko; compatible; GPTBot/1.3; +https://openai.com/gptbot)" themonarchbutterfly.plantasparaapartamento.com 192.185.209.103
158.94.209.221 - - [13/Jan/2026:21:32:26 -0300] "GET /wp-admin/edit.php HTTP/1.1" 409 83 "https://themonarchbutterfly.site/wp-login.php" "Mozilla/5.0 (Windows NT 11.0; Win64; x64; rv:121.0) Gecko/20100101 Firefox/121.0" themonarchbutterfly.site 192.185.209.103
158.94.209.221 - - [13/Jan/2026:21:32:27 -0300] "GET /wp-admin/plugins.php HTTP/1.1" 409 83 "https://themonarchbutterfly.site/wp-login.php" "Mozilla/5.0 (Windows NT 11.0; Win64; x64; rv:121.0) Gecko/20100101 Firefox/121.0" themonarchbutterfly.site 192.185.209.103
74.7.227.20 - - [13/Jan/2026:21:32:26 -0300] "GET /post-excerpt.php?p=Ahome1Aplant149AwwwAwp-adminAcssAcolorsAblue HTTP/2.0" 200 58313 "-" "Mozilla/5.0 AppleWebKit/537.36 (KHTML, like Gecko; compatible; GPTBot/1.3; +https://openai.com/gptbot)" themonarchbutterfly.plantasparaapartamento.com 192.185.209.103
158.94.209.221 - - [13/Jan/2026:21:32:28 -0300] "POST /wp-login.php HTTP/1.1" 409 83 "https://themonarchbutterfly.site/wp-login.php" "Mozilla/5.0 (Macintosh; Intel Mac OS X 10_15_7) AppleWebKit/605.1.15 (KHTML, like Gecko) Version/16.6 Safari/605.1.15" themonarchbutterfly.site 192.185.209.103
158.94.209.221 - - [13/Jan/2026:21:32:29 -0300] "GET /wp-admin/index.php HTTP/1.1" 409 83 "https://themonarchbutterfly.site/wp-login.php" "Mozilla/5.0 (Windows NT 10.0; Win64; x64) AppleWebKit/537.36 (KHTML, like Gecko) Chrome/118.0.0.0 Safari/537.36" themonarchbutterfly.site 192.185.209.103
74.7.227.20 - - [13/Jan/2026:21:32:28 -0300] "GET /post-excerpt.php?p=Ahome1Aplant149AespacoconexaoneuralIstoreAwp-includesAjsAtinymceApluginsAwpautoresize HTTP/2.0" 200 58281 "-" "Mozilla/5.0 AppleWebKit/537.36 (KHTML, like Gecko; compatible; GPTBot/1.3; +https://openai.com/gptbot)" themonarchbutterfly.plantasparaapartamento.com 192.185.209.103
158.94.209.221 - - [13/Jan/2026:21:32:29 -0300] "GET /wp-admin/profile.php HTTP/1.1" 409 83 "https://themonarchbutterfly.site/wp-login.php" "Mozilla/5.0 (Windows NT 10.0; Win64; x64) AppleWebKit/537.36 (KHTML, like Gecko) Chrome/118.0.0.0 Safari/537.36" themonarchbutterfly.site 192.185.209.103
158.94.209.221 - - [13/Jan/2026:21:32:30 -0300] "GET /wp-admin/edit.php HTTP/1.1" 409 83 "https://themonarchbutterfly.site/wp-login.php" "Mozilla/5.0 (Windows NT 10.0; Win64; x64) AppleWebKit/537.36 (KHTML, like Gecko) Chrome/118.0.0.0 Safari/537.36" themonarchbutterfly.site 192.185.209.103
158.94.209.221 - - [13/Jan/2026:21:32:30 -0300] "GET /wp-admin/plugins.php HTTP/1.1" 409 83 "https://themonarchbutterfly.site/wp-login.php" "Mozilla/5.0 (Windows NT 10.0; Win64; x64) AppleWebKit/537.36 (KHTML, like Gecko) Chrome/118.0.0.0 Safari/537.36" themonarchbutterfly.site 192.185.209.103
74.7.227.20 - - [13/Jan/2026:21:32:29 -0300] "GET /post-excerpt.php?p=Ahome1Aplant149AespacoconexaoneuralIstoreAwp-includesAjsAtinymceApluginsAcolorpicker HTTP/2.0" 200 58283 "-" "Mozilla/5.0 AppleWebKit/537.36 (KHTML, like Gecko; compatible; GPTBot/1.3; +https://openai.com/gptbot)" themonarchbutterfly.plantasparaapartamento.com 192.185.209.103
158.94.209.221 - - [13/Jan/2026:21:32:31 -0300] "POST /wp-login.php HTTP/1.1" 409 83 "https://themonarchbutterfly.site/wp-login.php" "Mozilla/5.0 (Windows NT 11.0; Win64; x64) AppleWebKit/537.36 (KHTML, like Gecko) Chrome/120.0.0.0 Safari/537.36" themonarchbutterfly.site 192.185.209.103
158.94.209.221 - - [13/Jan/2026:21:32:31 -0300] "GET /wp-admin/index.php HTTP/1.1" 409 83 "https://themonarchbutterfly.site/wp-login.php" "Mozilla/5.0 (Macintosh; Intel Mac OS X 13_6_1) AppleWebKit/605.1.15 (KHTML, like Gecko) Version/17.2 Safari/605.1.15" themonarchbutterfly.site 192.185.209.103
158.94.209.221 - - [13/Jan/2026:21:32:32 -0300] "GET /wp-admin/profile.php HTTP/1.1" 409 83 "https://themonarchbutterfly.site/wp-login.php" "Mozilla/5.0 (Macintosh; Intel Mac OS X 13_6_1) AppleWebKit/605.1.15 (KHTML, like Gecko) Version/17.2 Safari/605.1.15" themonarchbutterfly.site 192.185.209.103
74.7.227.20 - - [13/Jan/2026:21:32:31 -0300] "GET /post-excerpt.php?p=Ahome1Aplant149AespacoconexaoneuralIstoreAwp-includesAjsAtinymceApluginsAfullscreen HTTP/2.0" 200 58293 "-" "Mozilla/5.0 AppleWebKit/537.36 (KHTML, like Gecko; compatible; GPTBot/1.3; +https://openai.com/gptbot)" themonarchbutterfly.plantasparaapartamento.com 192.185.209.103
158.94.209.221 - - [13/Jan/2026:21:32:32 -0300] "GET /wp-admin/edit.php HTTP/1.1" 409 83 "https://themonarchbutterfly.site/wp-login.php" "Mozilla/5.0 (Macintosh; Intel Mac OS X 13_6_1) AppleWebKit/605.1.15 (KHTML, like Gecko) Version/17.2 Safari/605.1.15" themonarchbutterfly.site 192.185.209.103
158.94.209.221 - - [13/Jan/2026:21:32:33 -0300] "GET /wp-admin/plugins.php HTTP/1.1" 409 83 "https://themonarchbutterfly.site/wp-login.php" "Mozilla/5.0 (Macintosh; Intel Mac OS X 13_6_1) AppleWebKit/605.1.15 (KHTML, like Gecko) Version/17.2 Safari/605.1.15" themonarchbutterfly.site 192.185.209.103
74.7.227.20 - - [13/Jan/2026:21:32:32 -0300] "GET /post-excerpt.php?p=Ahome1Aplant149AespacoconexaoneuralIstoreAwp-includesAjsAtinymceApluginsAwordpress HTTP/2.0" 200 58289 "-" "Mozilla/5.0 AppleWebKit/537.36 (KHTML, like Gecko; compatible; GPTBot/1.3; +https://openai.com/gptbot)" themonarchbutterfly.plantasparaapartamento.com 192.185.209.103
158.94.209.221 - - [13/Jan/2026:21:32:34 -0300] "POST /wp-login.php HTTP/1.1" 409 83 "https://themonarchbutterfly.site/wp-login.php" "Mozilla/5.0 (Macintosh; Intel Mac OS X 13_6_1) AppleWebKit/605.1.15 (KHTML, like Gecko) Version/17.1 Safari/605.1.15" themonarchbutterfly.site 192.185.209.103
158.94.209.221 - - [13/Jan/2026:21:32:34 -0300] "GET /wp-admin/index.php HTTP/1.1" 409 83 "https://themonarchbutterfly.site/wp-login.php" "Mozilla/5.0 (Macintosh; Intel Mac OS X 10_15_7) AppleWebKit/537.36 (KHTML, like Gecko) Chrome/120.0.0.0 Safari/537.36" themonarchbutterfly.site 192.185.209.103
158.94.209.221 - - [13/Jan/2026:21:32:34 -0300] "GET /wp-admin/profile.php HTTP/1.1" 409 83 "https://themonarchbutterfly.site/wp-login.php" "Mozilla/5.0 (Macintosh; Intel Mac OS X 10_15_7) AppleWebKit/537.36 (KHTML, like Gecko) Chrome/120.0.0.0 Safari/537.36" themonarchbutterfly.site 192.185.209.103
74.7.227.20 - - [13/Jan/2026:21:32:34 -0300] "GET /post-excerpt.php?p=Ahome1Aplant149AespacoconexaoneuralIstoreAwp-includesAjsAtinymceApluginsAwpdialogs HTTP/2.0" 200 58166 "-" "Mozilla/5.0 AppleWebKit/537.36 (KHTML, like Gecko; compatible; GPTBot/1.3; +https://openai.com/gptbot)" themonarchbutterfly.plantasparaapartamento.com 192.185.209.103
158.94.209.221 - - [13/Jan/2026:21:32:35 -0300] "GET /wp-admin/edit.php HTTP/1.1" 409 83 "https://themonarchbutterfly.site/wp-login.php" "Mozilla/5.0 (Macintosh; Intel Mac OS X 10_15_7) AppleWebKit/537.36 (KHTML, like Gecko) Chrome/120.0.0.0 Safari/537.36" themonarchbutterfly.site 192.185.209.103
158.94.209.221 - - [13/Jan/2026:21:32:36 -0300] "GET /wp-admin/plugins.php HTTP/1.1" 409 83 "https://themonarchbutterfly.site/wp-login.php" "Mozilla/5.0 (Macintosh; Intel Mac OS X 10_15_7) AppleWebKit/537.36 (KHTML, like Gecko) Chrome/120.0.0.0 Safari/537.36" themonarchbutterfly.site 192.185.209.103
158.94.209.221 - - [13/Jan/2026:21:32:36 -0300] "POST /wp-login.php HTTP/1.1" 409 83 "https://themonarchbutterfly.site/wp-login.php" "Mozilla/5.0 (Windows NT 10.0; Win64; x64; rv:120.0) Gecko/20100101 Firefox/120.0" themonarchbutterfly.site 192.185.209.103
74.7.227.20 - - [13/Jan/2026:21:32:35 -0300] "GET /post-excerpt.php?p=Ahome1Aplant149AespacoconexaoneuralIstoreAwp-includesAjsAtinymceApluginsAwpemoji HTTP/2.0" 200 58275 "-" "Mozilla/5.0 AppleWebKit/537.36 (KHTML, like Gecko; compatible; GPTBot/1.3; +https://openai.com/gptbot)" themonarchbutterfly.plantasparaapartamento.com 192.185.209.103
158.94.209.221 - - [13/Jan/2026:21:32:37 -0300] "GET /wp-admin/index.php HTTP/1.1" 409 83 "https://themonarchbutterfly.site/wp-login.php" "Mozilla/5.0 (X11; Linux x86_64) AppleWebKit/537.36 (KHTML, like Gecko) Chrome/120.0.0.0 Safari/537.36" themonarchbutterfly.site 192.185.209.103
158.94.209.221 - - [13/Jan/2026:21:32:37 -0300] "GET /wp-admin/profile.php HTTP/1.1" 409 83 "https://themonarchbutterfly.site/wp-login.php" "Mozilla/5.0 (X11; Linux x86_64) AppleWebKit/537.36 (KHTML, like Gecko) Chrome/120.0.0.0 Safari/537.36" themonarchbutterfly.site 192.185.209.103
158.94.209.221 - - [13/Jan/2026:21:32:38 -0300] "GET /wp-admin/edit.php HTTP/1.1" 409 83 "https://themonarchbutterfly.site/wp-login.php" "Mozilla/5.0 (X11; Linux x86_64) AppleWebKit/537.36 (KHTML, like Gecko) Chrome/120.0.0.0 Safari/537.36" themonarchbutterfly.site 192.185.209.103
74.7.227.20 - - [13/Jan/2026:21:32:36 -0300] "GET /post-excerpt.php?p=Ahome1Aplant149AespacoconexaoneuralIstoreAwp-includesAjsAtinymceApluginsAcharmap HTTP/2.0" 200 58288 "-" "Mozilla/5.0 AppleWebKit/537.36 (KHTML, like Gecko; compatible; GPTBot/1.3; +https://openai.com/gptbot)" themonarchbutterfly.plantasparaapartamento.com 192.185.209.103
158.94.209.221 - - [13/Jan/2026:21:32:38 -0300] "GET /wp-admin/plugins.php HTTP/1.1" 409 83 "https://themonarchbutterfly.site/wp-login.php" "Mozilla/5.0 (X11; Linux x86_64) AppleWebKit/537.36 (KHTML, like Gecko) Chrome/120.0.0.0 Safari/537.36" themonarchbutterfly.site 192.185.209.103
158.94.209.221 - - [13/Jan/2026:21:32:38 -0300] "POST /wp-login.php HTTP/1.1" 409 83 "https://themonarchbutterfly.site/wp-login.php" "Mozilla/5.0 (Macintosh; Intel Mac OS X 13_6_1; rv:119.0) Gecko/20100101 Firefox/119.0" themonarchbutterfly.site 192.185.209.103
158.94.209.221 - - [13/Jan/2026:21:32:39 -0300] "GET /wp-admin/index.php HTTP/1.1" 409 83 "https://themonarchbutterfly.site/wp-login.php" "Mozilla/5.0 (Macintosh; Intel Mac OS X 10_15_7) AppleWebKit/537.36 (KHTML, like Gecko) Chrome/121.0.0.0 Safari/537.36" themonarchbutterfly.site 192.185.209.103
74.7.227.20 - - [13/Jan/2026:21:32:38 -0300] "GET /post-excerpt.php?p=Ahome1Aplant149AespacoconexaoneuralIstoreAwp-includesAjsAtinymceApluginsAtextcolor HTTP/2.0" 200 58285 "-" "Mozilla/5.0 AppleWebKit/537.36 (KHTML, like Gecko; compatible; GPTBot/1.3; +https://openai.com/gptbot)" themonarchbutterfly.plantasparaapartamento.com 192.185.209.103
158.94.209.221 - - [13/Jan/2026:21:32:40 -0300] "GET /wp-admin/profile.php HTTP/1.1" 409 83 "https://themonarchbutterfly.site/wp-login.php" "Mozilla/5.0 (Macintosh; Intel Mac OS X 10_15_7) AppleWebKit/537.36 (KHTML, like Gecko) Chrome/121.0.0.0 Safari/537.36" themonarchbutterfly.site 192.185.209.103
158.94.209.221 - - [13/Jan/2026:21:32:40 -0300] "GET /wp-admin/edit.php HTTP/1.1" 409 83 "https://themonarchbutterfly.site/wp-login.php" "Mozilla/5.0 (Macintosh; Intel Mac OS X 10_15_7) AppleWebKit/537.36 (KHTML, like Gecko) Chrome/121.0.0.0 Safari/537.36" themonarchbutterfly.site 192.185.209.103
158.94.209.221 - - [13/Jan/2026:21:32:40 -0300] "GET /wp-admin/plugins.php HTTP/1.1" 409 83 "https://themonarchbutterfly.site/wp-login.php" "Mozilla/5.0 (Macintosh; Intel Mac OS X 10_15_7) AppleWebKit/537.36 (KHTML, like Gecko) Chrome/121.0.0.0 Safari/537.36" themonarchbutterfly.site 192.185.209.103
74.7.227.20 - - [13/Jan/2026:21:32:39 -0300] "GET /post-excerpt.php?p=Ahome1Aplant149AespacoconexaoneuralIstoreAwp-includesAjsAtinymceApluginsAcompat3x HTTP/2.0" 200 58400 "-" "Mozilla/5.0 AppleWebKit/537.36 (KHTML, like Gecko; compatible; GPTBot/1.3; +https://openai.com/gptbot)" themonarchbutterfly.plantasparaapartamento.com 192.185.209.103
158.94.209.221 - - [13/Jan/2026:21:32:41 -0300] "POST /wp-login.php HTTP/1.1" 409 83 "https://themonarchbutterfly.site/wp-login.php" "Mozilla/5.0 (Windows NT 10.0; Win64; x64; rv:120.0) Gecko/20100101 Firefox/120.0" themonarchbutterfly.site 192.185.209.103
74.7.227.20 - - [13/Jan/2026:21:32:41 -0300] "GET /post-excerpt.php?p=Ahome1Aplant149AespacoconexaoneuralIstoreAwp-includesAjsAtinymceApluginsAwpgallery HTTP/2.0" 200 58282 "-" "Mozilla/5.0 AppleWebKit/537.36 (KHTML, like Gecko; compatible; GPTBot/1.3; +https://openai.com/gptbot)" themonarchbutterfly.plantasparaapartamento.com 192.185.209.103
158.94.209.221 - - [13/Jan/2026:21:32:42 -0300] "GET /wp-admin/index.php HTTP/1.1" 409 83 "https://themonarchbutterfly.site/wp-login.php" "Mozilla/5.0 (Macintosh; Intel Mac OS X 10_15_7) AppleWebKit/537.36 (KHTML, like Gecko) Chrome/120.0.0.0 Safari/537.36" themonarchbutterfly.site 192.185.209.103
158.94.209.221 - - [13/Jan/2026:21:32:43 -0300] "GET /wp-admin/profile.php HTTP/1.1" 409 83 "https://themonarchbutterfly.site/wp-login.php" "Mozilla/5.0 (Macintosh; Intel Mac OS X 10_15_7) AppleWebKit/537.36 (KHTML, like Gecko) Chrome/120.0.0.0 Safari/537.36" themonarchbutterfly.site 192.185.209.103
158.94.209.221 - - [13/Jan/2026:21:32:44 -0300] "GET /wp-admin/edit.php HTTP/1.1" 409 83 "https://themonarchbutterfly.site/wp-login.php" "Mozilla/5.0 (Macintosh; Intel Mac OS X 10_15_7) AppleWebKit/537.36 (KHTML, like Gecko) Chrome/120.0.0.0 Safari/537.36" themonarchbutterfly.site 192.185.209.103
74.7.227.20 - - [13/Jan/2026:21:32:42 -0300] "GET /post-excerpt.php?p=Ahome1Aplant149AespacoconexaoneuralIstoreAwp-includesAjsAtinymceApluginsAwpeditimage HTTP/2.0" 200 58290 "-" "Mozilla/5.0 AppleWebKit/537.36 (KHTML, like Gecko; compatible; GPTBot/1.3; +https://openai.com/gptbot)" themonarchbutterfly.plantasparaapartamento.com 192.185.209.103
158.94.209.221 - - [13/Jan/2026:21:32:44 -0300] "GET /wp-admin/plugins.php HTTP/1.1" 409 83 "https://themonarchbutterfly.site/wp-login.php" "Mozilla/5.0 (Macintosh; Intel Mac OS X 10_15_7) AppleWebKit/537.36 (KHTML, like Gecko) Chrome/120.0.0.0 Safari/537.36" themonarchbutterfly.site 192.185.209.103
158.94.209.221 - - [13/Jan/2026:21:32:44 -0300] "POST /wp-login.php HTTP/1.1" 409 83 "https://themonarchbutterfly.site/wp-login.php" "Mozilla/5.0 (Windows NT 11.0; Win64; x64; rv:121.0) Gecko/20100101 Firefox/121.0" themonarchbutterfly.site 192.185.209.103
158.94.209.221 - - [13/Jan/2026:21:32:45 -0300] "GET /wp-admin/index.php HTTP/1.1" 409 83 "https://themonarchbutterfly.site/wp-login.php" "Mozilla/5.0 (Windows NT 10.0; Win64; x64) AppleWebKit/537.36 (KHTML, like Gecko) Chrome/121.0.0.0 Safari/537.36" themonarchbutterfly.site 192.185.209.103
74.7.227.20 - - [13/Jan/2026:21:32:44 -0300] "GET /post-excerpt.php?p=Ahome1Aplant149AespacoconexaoneuralIstoreAwp-includesAjsAtinymceApluginsAtabfocus HTTP/2.0" 200 58278 "-" "Mozilla/5.0 AppleWebKit/537.36 (KHTML, like Gecko; compatible; GPTBot/1.3; +https://openai.com/gptbot)" themonarchbutterfly.plantasparaapartamento.com 192.185.209.103
158.94.209.221 - - [13/Jan/2026:21:32:45 -0300] "GET /wp-admin/profile.php HTTP/1.1" 409 83 "https://themonarchbutterfly.site/wp-login.php" "Mozilla/5.0 (Windows NT 10.0; Win64; x64) AppleWebKit/537.36 (KHTML, like Gecko) Chrome/121.0.0.0 Safari/537.36" themonarchbutterfly.site 192.185.209.103
158.94.209.221 - - [13/Jan/2026:21:32:46 -0300] "GET /wp-admin/edit.php HTTP/1.1" 409 83 "https://themonarchbutterfly.site/wp-login.php" "Mozilla/5.0 (Windows NT 10.0; Win64; x64) AppleWebKit/537.36 (KHTML, like Gecko) Chrome/121.0.0.0 Safari/537.36" themonarchbutterfly.site 192.185.209.103
158.94.209.221 - - [13/Jan/2026:21:32:46 -0300] "GET /wp-admin/plugins.php HTTP/1.1" 409 83 "https://themonarchbutterfly.site/wp-login.php" "Mozilla/5.0 (Windows NT 10.0; Win64; x64) AppleWebKit/537.36 (KHTML, like Gecko) Chrome/121.0.0.0 Safari/537.36" themonarchbutterfly.site 192.185.209.103
74.7.227.20 - - [13/Jan/2026:21:32:45 -0300] "GET /post-excerpt.php?p=Ahome1Aplant149AespacoconexaoneuralIstoreAwp-includesAjsAtinymceApluginsAlists HTTP/2.0" 200 58281 "-" "Mozilla/5.0 AppleWebKit/537.36 (KHTML, like Gecko; compatible; GPTBot/1.3; +https://openai.com/gptbot)" themonarchbutterfly.plantasparaapartamento.com 192.185.209.103
158.94.209.221 - - [13/Jan/2026:21:32:47 -0300] "POST /wp-login.php HTTP/1.1" 409 83 "https://themonarchbutterfly.site/wp-login.php" "Mozilla/5.0 (Macintosh; Intel Mac OS X 10_15_7) AppleWebKit/605.1.15 (KHTML, like Gecko) Version/17.1 Safari/605.1.15" themonarchbutterfly.site 192.185.209.103
158.94.209.221 - - [13/Jan/2026:21:32:47 -0300] "GET /wp-admin/index.php HTTP/1.1" 409 83 "https://themonarchbutterfly.site/wp-login.php" "Mozilla/5.0 (Macintosh; Intel Mac OS X 13_6_1) AppleWebKit/605.1.15 (KHTML, like Gecko) Version/17.1 Safari/605.1.15" themonarchbutterfly.site 192.185.209.103
158.94.209.221 - - [13/Jan/2026:21:32:48 -0300] "GET /wp-admin/profile.php HTTP/1.1" 409 83 "https://themonarchbutterfly.site/wp-login.php" "Mozilla/5.0 (Macintosh; Intel Mac OS X 13_6_1) AppleWebKit/605.1.15 (KHTML, like Gecko) Version/17.1 Safari/605.1.15" themonarchbutterfly.site 192.185.209.103
74.7.227.20 - - [13/Jan/2026:21:32:47 -0300] "GET /post-excerpt.php?p=Ahome1Aplant149AespacoconexaoneuralIstoreAwp-includesAjsAtinymceAthemesAinlite HTTP/2.0" 200 58276 "-" "Mozilla/5.0 AppleWebKit/537.36 (KHTML, like Gecko; compatible; GPTBot/1.3; +https://openai.com/gptbot)" themonarchbutterfly.plantasparaapartamento.com 192.185.209.103
158.94.209.221 - - [13/Jan/2026:21:32:48 -0300] "GET /wp-admin/edit.php HTTP/1.1" 409 83 "https://themonarchbutterfly.site/wp-login.php" "Mozilla/5.0 (Macintosh; Intel Mac OS X 13_6_1) AppleWebKit/605.1.15 (KHTML, like Gecko) Version/17.1 Safari/605.1.15" themonarchbutterfly.site 192.185.209.103
158.94.209.221 - - [13/Jan/2026:21:32:49 -0300] "GET /wp-admin/plugins.php HTTP/1.1" 409 83 "https://themonarchbutterfly.site/wp-login.php" "Mozilla/5.0 (Macintosh; Intel Mac OS X 13_6_1) AppleWebKit/605.1.15 (KHTML, like Gecko) Version/17.1 Safari/605.1.15" themonarchbutterfly.site 192.185.209.103
158.94.209.221 - - [13/Jan/2026:21:32:49 -0300] "POST /wp-login.php HTTP/1.1" 409 83 "https://themonarchbutterfly.site/wp-login.php" "Mozilla/5.0 (Macintosh; Intel Mac OS X 13_6_1) AppleWebKit/605.1.15 (KHTML, like Gecko) Version/17.0 Safari/605.1.15" themonarchbutterfly.site 192.185.209.103
74.7.227.20 - - [13/Jan/2026:21:32:48 -0300] "GET /post-excerpt.php?p=Ahome1Aplant149AespacoconexaoneuralIstoreAwp-includesAjsAtinymceAthemesAmodern HTTP/2.0" 200 58279 "-" "Mozilla/5.0 AppleWebKit/537.36 (KHTML, like Gecko; compatible; GPTBot/1.3; +https://openai.com/gptbot)" themonarchbutterfly.plantasparaapartamento.com 192.185.209.103
158.94.209.221 - - [13/Jan/2026:21:32:50 -0300] "GET /wp-admin/index.php HTTP/1.1" 409 83 "https://themonarchbutterfly.site/wp-login.php" "Mozilla/5.0 (Macintosh; Intel Mac OS X 10_15_7) AppleWebKit/605.1.15 (KHTML, like Gecko) Version/17.1 Safari/605.1.15" themonarchbutterfly.site 192.185.209.103
158.94.209.221 - - [13/Jan/2026:21:32:50 -0300] "GET /wp-admin/profile.php HTTP/1.1" 409 83 "https://themonarchbutterfly.site/wp-login.php" "Mozilla/5.0 (Macintosh; Intel Mac OS X 10_15_7) AppleWebKit/605.1.15 (KHTML, like Gecko) Version/17.1 Safari/605.1.15" themonarchbutterfly.site 192.185.209.103
74.7.227.20 - - [13/Jan/2026:21:32:49 -0300] "GET /post-excerpt.php?p=Ahome1Aplant149AespacoconexaoneuralIstoreAwp-includesAjsAtinymceApluginsAwptextpattern HTTP/2.0" 200 58290 "-" "Mozilla/5.0 AppleWebKit/537.36 (KHTML, like Gecko; compatible; GPTBot/1.3; +https://openai.com/gptbot)" themonarchbutterfly.plantasparaapartamento.com 192.185.209.103
158.94.209.221 - - [13/Jan/2026:21:32:51 -0300] "GET /wp-admin/edit.php HTTP/1.1" 409 83 "https://themonarchbutterfly.site/wp-login.php" "Mozilla/5.0 (Macintosh; Intel Mac OS X 10_15_7) AppleWebKit/605.1.15 (KHTML, like Gecko) Version/17.1 Safari/605.1.15" themonarchbutterfly.site 192.185.209.103
158.94.209.221 - - [13/Jan/2026:21:32:52 -0300] "GET /wp-admin/plugins.php HTTP/1.1" 409 83 "https://themonarchbutterfly.site/wp-login.php" "Mozilla/5.0 (Macintosh; Intel Mac OS X 10_15_7) AppleWebKit/605.1.15 (KHTML, like Gecko) Version/17.1 Safari/605.1.15" themonarchbutterfly.site 192.185.209.103
158.94.209.221 - - [13/Jan/2026:21:32:52 -0300] "POST /wp-login.php HTTP/1.1" 409 83 "https://themonarchbutterfly.site/wp-login.php" "Mozilla/5.0 (Macintosh; Intel Mac OS X 10_15_7; rv:121.0) Gecko/20100101 Firefox/121.0" themonarchbutterfly.site 192.185.209.103
74.7.227.20 - - [13/Jan/2026:21:32:51 -0300] "GET /post-excerpt.php?p=Ahome1Aplant149AespacoconexaoneuralIstoreAwp-includesAjsAtinymceApluginsAmedia HTTP/2.0" 200 58276 "-" "Mozilla/5.0 AppleWebKit/537.36 (KHTML, like Gecko; compatible; GPTBot/1.3; +https://openai.com/gptbot)" themonarchbutterfly.plantasparaapartamento.com 192.185.209.103
158.94.209.221 - - [13/Jan/2026:21:32:53 -0300] "GET /wp-admin/index.php HTTP/1.1" 409 83 "https://themonarchbutterfly.site/wp-login.php" "Mozilla/5.0 (Windows NT 11.0; Win64; x64) AppleWebKit/537.36 (KHTML, like Gecko) Chrome/119.0.0.0 Safari/537.36" themonarchbutterfly.site 192.185.209.103
158.94.209.221 - - [13/Jan/2026:21:32:53 -0300] "GET /wp-admin/profile.php HTTP/1.1" 409 83 "https://themonarchbutterfly.site/wp-login.php" "Mozilla/5.0 (Windows NT 11.0; Win64; x64) AppleWebKit/537.36 (KHTML, like Gecko) Chrome/119.0.0.0 Safari/537.36" themonarchbutterfly.site 192.185.209.103
158.94.209.221 - - [13/Jan/2026:21:32:54 -0300] "GET /wp-admin/edit.php HTTP/1.1" 409 83 "https://themonarchbutterfly.site/wp-login.php" "Mozilla/5.0 (Windows NT 11.0; Win64; x64) AppleWebKit/537.36 (KHTML, like Gecko) Chrome/119.0.0.0 Safari/537.36" themonarchbutterfly.site 192.185.209.103
74.7.227.20 - - [13/Jan/2026:21:32:52 -0300] "GET /post-excerpt.php?p=Ahome1Aplant149AespacoconexaoneuralIstoreAwp-includesAjsAtinymceApluginsAimage HTTP/2.0" 200 58276 "-" "Mozilla/5.0 AppleWebKit/537.36 (KHTML, like Gecko; compatible; GPTBot/1.3; +https://openai.com/gptbot)" themonarchbutterfly.plantasparaapartamento.com 192.185.209.103
158.94.209.221 - - [13/Jan/2026:21:32:54 -0300] "GET /wp-admin/plugins.php HTTP/1.1" 409 83 "https://themonarchbutterfly.site/wp-login.php" "Mozilla/5.0 (Windows NT 11.0; Win64; x64) AppleWebKit/537.36 (KHTML, like Gecko) Chrome/119.0.0.0 Safari/537.36" themonarchbutterfly.site 192.185.209.103
158.94.209.221 - - [13/Jan/2026:21:32:55 -0300] "POST /wp-login.php HTTP/1.1" 409 83 "https://themonarchbutterfly.site/wp-login.php" "Mozilla/5.0 (Macintosh; Intel Mac OS X 13_6_1) AppleWebKit/605.1.15 (KHTML, like Gecko) Version/17.2 Safari/605.1.15" themonarchbutterfly.site 192.185.209.103
158.94.209.221 - - [13/Jan/2026:21:32:55 -0300] "GET /wp-admin/index.php HTTP/1.1" 409 83 "https://themonarchbutterfly.site/wp-login.php" "Mozilla/5.0 (Windows NT 10.0; Win64; x64; rv:118.0) Gecko/20100101 Firefox/118.0" themonarchbutterfly.site 192.185.209.103
74.7.227.20 - - [13/Jan/2026:21:32:54 -0300] "GET /post-excerpt.php?p=Ahome1Aplant149AespacoconexaoneuralIstoreAwp-includesAjsAtinymceApluginsApaste HTTP/2.0" 200 58284 "-" "Mozilla/5.0 AppleWebKit/537.36 (KHTML, like Gecko; compatible; GPTBot/1.3; +https://openai.com/gptbot)" themonarchbutterfly.plantasparaapartamento.com 192.185.209.103
158.94.209.221 - - [13/Jan/2026:21:32:56 -0300] "GET /wp-admin/profile.php HTTP/1.1" 409 83 "https://themonarchbutterfly.site/wp-login.php" "Mozilla/5.0 (Windows NT 10.0; Win64; x64; rv:118.0) Gecko/20100101 Firefox/118.0" themonarchbutterfly.site 192.185.209.103
158.94.209.221 - - [13/Jan/2026:21:32:56 -0300] "GET /wp-admin/edit.php HTTP/1.1" 409 83 "https://themonarchbutterfly.site/wp-login.php" "Mozilla/5.0 (Windows NT 10.0; Win64; x64; rv:118.0) Gecko/20100101 Firefox/118.0" themonarchbutterfly.site 192.185.209.103
74.7.227.20 - - [13/Jan/2026:21:32:56 -0300] "GET /post-excerpt.php?p=Ahome1Aplant149AespacoconexaoneuralIstoreAwp-includesAjsAtinymceApluginsAcompat3xAcss HTTP/2.0" 200 58083 "-" "Mozilla/5.0 AppleWebKit/537.36 (KHTML, like Gecko; compatible; GPTBot/1.3; +https://openai.com/gptbot)" themonarchbutterfly.plantasparaapartamento.com 192.185.209.103
158.94.209.221 - - [13/Jan/2026:21:32:58 -0300] "GET /wp-admin/plugins.php HTTP/1.1" 409 83 "https://themonarchbutterfly.site/wp-login.php" "Mozilla/5.0 (Windows NT 10.0; Win64; x64; rv:118.0) Gecko/20100101 Firefox/118.0" themonarchbutterfly.site 192.185.209.103
158.94.209.221 - - [13/Jan/2026:21:32:58 -0300] "POST /wp-login.php HTTP/1.1" 409 83 "https://themonarchbutterfly.site/wp-login.php" "Mozilla/5.0 (Macintosh; Intel Mac OS X 10_15_7) AppleWebKit/605.1.15 (KHTML, like Gecko) Version/16.6 Safari/605.1.15" themonarchbutterfly.site 192.185.209.103
158.94.209.221 - - [13/Jan/2026:21:32:59 -0300] "GET /wp-admin/index.php HTTP/1.1" 409 83 "https://themonarchbutterfly.site/wp-login.php" "Mozilla/5.0 (X11; Linux x86_64) AppleWebKit/537.36 (KHTML, like Gecko) Chrome/119.0.0.0 Safari/537.36" themonarchbutterfly.site 192.185.209.103
74.7.227.20 - - [13/Jan/2026:21:32:57 -0300] "GET /post-excerpt.php?p=Ahome1Aplant149AespacoconexaoneuralIstoreAwp-includesAjsAtinymceApluginsAhr HTTP/2.0" 200 58262 "-" "Mozilla/5.0 AppleWebKit/537.36 (KHTML, like Gecko; compatible; GPTBot/1.3; +https://openai.com/gptbot)" themonarchbutterfly.plantasparaapartamento.com 192.185.209.103
158.94.209.221 - - [13/Jan/2026:21:32:59 -0300] "GET /wp-admin/profile.php HTTP/1.1" 409 83 "https://themonarchbutterfly.site/wp-login.php" "Mozilla/5.0 (X11; Linux x86_64) AppleWebKit/537.36 (KHTML, like Gecko) Chrome/119.0.0.0 Safari/537.36" themonarchbutterfly.site 192.185.209.103
158.94.209.221 - - [13/Jan/2026:21:33:00 -0300] "GET /wp-admin/edit.php HTTP/1.1" 409 83 "https://themonarchbutterfly.site/wp-login.php" "Mozilla/5.0 (X11; Linux x86_64) AppleWebKit/537.36 (KHTML, like Gecko) Chrome/119.0.0.0 Safari/537.36" themonarchbutterfly.site 192.185.209.103
158.94.209.221 - - [13/Jan/2026:21:33:00 -0300] "GET /wp-admin/plugins.php HTTP/1.1" 409 83 "https://themonarchbutterfly.site/wp-login.php" "Mozilla/5.0 (X11; Linux x86_64) AppleWebKit/537.36 (KHTML, like Gecko) Chrome/119.0.0.0 Safari/537.36" themonarchbutterfly.site 192.185.209.103
74.7.227.20 - - [13/Jan/2026:21:32:59 -0300] "GET /post-excerpt.php?p=Ahome1Aplant149AespacoconexaoneuralIstoreAwp-includesASimplePieAsrcANet HTTP/2.0" 200 58033 "-" "Mozilla/5.0 AppleWebKit/537.36 (KHTML, like Gecko; compatible; GPTBot/1.3; +https://openai.com/gptbot)" themonarchbutterfly.plantasparaapartamento.com 192.185.209.103
158.94.209.221 - - [13/Jan/2026:21:33:00 -0300] "POST /wp-login.php HTTP/1.1" 409 83 "https://themonarchbutterfly.site/wp-login.php" "Mozilla/5.0 (X11; Linux x86_64) AppleWebKit/537.36 (KHTML, like Gecko) Chrome/118.0.0.0 Safari/537.36" themonarchbutterfly.site 192.185.209.103
158.94.209.221 - - [13/Jan/2026:21:33:01 -0300] "GET /wp-admin/index.php HTTP/1.1" 409 83 "https://themonarchbutterfly.site/wp-login.php" "Mozilla/5.0 (Macintosh; Intel Mac OS X 10_15_7) AppleWebKit/537.36 (KHTML, like Gecko) Chrome/118.0.0.0 Safari/537.36" themonarchbutterfly.site 192.185.209.103
158.94.209.221 - - [13/Jan/2026:21:33:02 -0300] "GET /wp-admin/profile.php HTTP/1.1" 409 83 "https://themonarchbutterfly.site/wp-login.php" "Mozilla/5.0 (Macintosh; Intel Mac OS X 10_15_7) AppleWebKit/537.36 (KHTML, like Gecko) Chrome/118.0.0.0 Safari/537.36" themonarchbutterfly.site 192.185.209.103
192.185.209.103 - - [13/Jan/2026:21:33:02 -0300] "POST /wp-cron.php?doing_wp_cron=1768350782.2257409095764160156250 HTTP/1.1" 200 - "-" "WordPress/6.9; https://themonarchbutterfly.site" themonarchbutterfly.site 192.185.209.103
74.7.227.20 - - [13/Jan/2026:21:33:00 -0300] "GET /post-excerpt.php?p=Ahome1Aplant149AespacoconexaoneuralIstoreAwp-includesAjsAdistAdevelopment HTTP/2.0" 200 58761 "-" "Mozilla/5.0 AppleWebKit/537.36 (KHTML, like Gecko; compatible; GPTBot/1.3; +https://openai.com/gptbot)" themonarchbutterfly.plantasparaapartamento.com 192.185.209.103
158.94.209.221 - - [13/Jan/2026:21:33:02 -0300] "GET /wp-admin/edit.php HTTP/1.1" 409 83 "https://themonarchbutterfly.site/wp-login.php" "Mozilla/5.0 (Macintosh; Intel Mac OS X 10_15_7) AppleWebKit/537.36 (KHTML, like Gecko) Chrome/118.0.0.0 Safari/537.36" themonarchbutterfly.site 192.185.209.103
158.94.209.221 - - [13/Jan/2026:21:33:03 -0300] "GET /wp-admin/plugins.php HTTP/1.1" 409 83 "https://themonarchbutterfly.site/wp-login.php" "Mozilla/5.0 (Macintosh; Intel Mac OS X 10_15_7) AppleWebKit/537.36 (KHTML, like Gecko) Chrome/118.0.0.0 Safari/537.36" themonarchbutterfly.site 192.185.209.103
158.94.209.221 - - [13/Jan/2026:21:33:03 -0300] "POST /wp-login.php HTTP/1.1" 409 83 "https://themonarchbutterfly.site/wp-login.php" "Mozilla/5.0 (Macintosh; Intel Mac OS X 10_15_7) AppleWebKit/605.1.15 (KHTML, like Gecko) Version/17.1 Safari/605.1.15" themonarchbutterfly.site 192.185.209.103
74.7.227.20 - - [13/Jan/2026:21:33:02 -0300] "GET /post-excerpt.php?p=Ahome1Aplant149AespacoconexaoneuralIstoreAwp-includesAblocksAcategories HTTP/2.0" 200 59847 "-" "Mozilla/5.0 AppleWebKit/537.36 (KHTML, like Gecko; compatible; GPTBot/1.3; +https://openai.com/gptbot)" themonarchbutterfly.plantasparaapartamento.com 192.185.209.103
158.94.209.221 - - [13/Jan/2026:21:33:04 -0300] "GET /wp-admin/index.php HTTP/1.1" 409 83 "https://themonarchbutterfly.site/wp-login.php" "Mozilla/5.0 (Windows NT 11.0; Win64; x64; rv:121.0) Gecko/20100101 Firefox/121.0" themonarchbutterfly.site 192.185.209.103
158.94.209.221 - - [13/Jan/2026:21:33:04 -0300] "GET /wp-admin/profile.php HTTP/1.1" 409 83 "https://themonarchbutterfly.site/wp-login.php" "Mozilla/5.0 (Windows NT 11.0; Win64; x64; rv:121.0) Gecko/20100101 Firefox/121.0" themonarchbutterfly.site 192.185.209.103
158.94.209.221 - - [13/Jan/2026:21:33:05 -0300] "GET /wp-admin/edit.php HTTP/1.1" 409 83 "https://themonarchbutterfly.site/wp-login.php" "Mozilla/5.0 (Windows NT 11.0; Win64; x64; rv:121.0) Gecko/20100101 Firefox/121.0" themonarchbutterfly.site 192.185.209.103
74.7.227.20 - - [13/Jan/2026:21:33:04 -0300] "GET /post-excerpt.php?p=Ahome1Aplant149AespacoconexaoneuralIstoreAvarAassetsAbuilds HTTP/2.0" 200 58038 "-" "Mozilla/5.0 AppleWebKit/537.36 (KHTML, like Gecko; compatible; GPTBot/1.3; +https://openai.com/gptbot)" themonarchbutterfly.plantasparaapartamento.com 192.185.209.103
158.94.209.221 - - [13/Jan/2026:21:33:05 -0300] "GET /wp-admin/plugins.php HTTP/1.1" 409 83 "https://themonarchbutterfly.site/wp-login.php" "Mozilla/5.0 (Windows NT 11.0; Win64; x64; rv:121.0) Gecko/20100101 Firefox/121.0" themonarchbutterfly.site 192.185.209.103
158.94.209.221 - - [13/Jan/2026:21:33:06 -0300] "POST /wp-login.php HTTP/1.1" 409 83 "https://themonarchbutterfly.site/wp-login.php" "Mozilla/5.0 (X11; Ubuntu; Linux x86_64) AppleWebKit/537.36 (KHTML, like Gecko) Chrome/118.0.0.0 Safari/537.36" themonarchbutterfly.site 192.185.209.103
158.94.209.221 - - [13/Jan/2026:21:33:06 -0300] "GET /wp-admin/index.php HTTP/1.1" 409 83 "https://themonarchbutterfly.site/wp-login.php" "Mozilla/5.0 (Macintosh; Intel Mac OS X 13_6_1) AppleWebKit/605.1.15 (KHTML, like Gecko) Version/17.1 Safari/605.1.15" themonarchbutterfly.site 192.185.209.103
74.7.227.20 - - [13/Jan/2026:21:33:05 -0300] "GET /post-excerpt.php?p=Ahome1Aplant149AespacoconexaoneuralIstoreAvendorAsabberworm HTTP/2.0" 200 58038 "-" "Mozilla/5.0 AppleWebKit/537.36 (KHTML, like Gecko; compatible; GPTBot/1.3; +https://openai.com/gptbot)" themonarchbutterfly.plantasparaapartamento.com 192.185.209.103
74.7.227.20 - - [13/Jan/2026:21:33:07 -0300] "GET /wp-ajax-response.min.js HTTP/2.0" 404 836 "-" "Mozilla/5.0 AppleWebKit/537.36 (KHTML, like Gecko; compatible; GPTBot/1.3; +https://openai.com/gptbot)" themonarchbutterfly.plantasparaapartamento.com 192.185.209.103
158.94.209.221 - - [13/Jan/2026:21:33:07 -0300] "GET /wp-admin/profile.php HTTP/1.1" 409 83 "https://themonarchbutterfly.site/wp-login.php" "Mozilla/5.0 (Macintosh; Intel Mac OS X 13_6_1) AppleWebKit/605.1.15 (KHTML, like Gecko) Version/17.1 Safari/605.1.15" themonarchbutterfly.site 192.185.209.103
74.7.227.20 - - [13/Jan/2026:21:33:07 -0300] "GET /media-button-other.gif HTTP/2.0" 404 836 "-" "Mozilla/5.0 AppleWebKit/537.36 (KHTML, like Gecko; compatible; GPTBot/1.3; +https://openai.com/gptbot)" themonarchbutterfly.plantasparaapartamento.com 192.185.209.103
158.94.209.221 - - [13/Jan/2026:21:33:07 -0300] "GET /wp-admin/edit.php HTTP/1.1" 409 83 "https://themonarchbutterfly.site/wp-login.php" "Mozilla/5.0 (Macintosh; Intel Mac OS X 13_6_1) AppleWebKit/605.1.15 (KHTML, like Gecko) Version/17.1 Safari/605.1.15" themonarchbutterfly.site 192.185.209.103
74.7.227.20 - - [13/Jan/2026:21:33:08 -0300] "GET /theme-plugin-editor.js HTTP/2.0" 404 836 "-" "Mozilla/5.0 AppleWebKit/537.36 (KHTML, like Gecko; compatible; GPTBot/1.3; +https://openai.com/gptbot)" themonarchbutterfly.plantasparaapartamento.com 192.185.209.103
158.94.209.221 - - [13/Jan/2026:21:33:08 -0300] "GET /wp-admin/plugins.php HTTP/1.1" 409 83 "https://themonarchbutterfly.site/wp-login.php" "Mozilla/5.0 (Macintosh; Intel Mac OS X 13_6_1) AppleWebKit/605.1.15 (KHTML, like Gecko) Version/17.1 Safari/605.1.15" themonarchbutterfly.site 192.185.209.103
74.7.227.20 - - [13/Jan/2026:21:33:08 -0300] "GET /reusable-blocks.min.js HTTP/2.0" 404 836 "-" "Mozilla/5.0 AppleWebKit/537.36 (KHTML, like Gecko; compatible; GPTBot/1.3; +https://openai.com/gptbot)" themonarchbutterfly.plantasparaapartamento.com 192.185.209.103
158.94.209.221 - - [13/Jan/2026:21:33:08 -0300] "POST /wp-login.php HTTP/1.1" 409 83 "https://themonarchbutterfly.site/wp-login.php" "Mozilla/5.0 (Macintosh; Intel Mac OS X 10_15_7; rv:118.0) Gecko/20100101 Firefox/118.0" themonarchbutterfly.site 192.185.209.103
74.7.227.20 - - [13/Jan/2026:21:33:09 -0300] "GET /password-toggle.min.js HTTP/2.0" 404 836 "-" "Mozilla/5.0 AppleWebKit/537.36 (KHTML, like Gecko; compatible; GPTBot/1.3; +https://openai.com/gptbot)" themonarchbutterfly.plantasparaapartamento.com 192.185.209.103
158.94.209.221 - - [13/Jan/2026:21:33:09 -0300] "GET /wp-admin/index.php HTTP/1.1" 409 83 "https://themonarchbutterfly.site/wp-login.php" "Mozilla/5.0 (Macintosh; Intel Mac OS X 13_6_1; rv:118.0) Gecko/20100101 Firefox/118.0" themonarchbutterfly.site 192.185.209.103
74.7.227.20 - - [13/Jan/2026:21:33:09 -0300] "GET /media-button-music.gif HTTP/2.0" 404 836 "-" "Mozilla/5.0 AppleWebKit/537.36 (KHTML, like Gecko; compatible; GPTBot/1.3; +https://openai.com/gptbot)" themonarchbutterfly.plantasparaapartamento.com 192.185.209.103
158.94.209.221 - - [13/Jan/2026:21:33:09 -0300] "GET /wp-admin/profile.php HTTP/1.1" 409 83 "https://themonarchbutterfly.site/wp-login.php" "Mozilla/5.0 (Macintosh; Intel Mac OS X 13_6_1; rv:118.0) Gecko/20100101 Firefox/118.0" themonarchbutterfly.site 192.185.209.103
158.94.209.221 - - [13/Jan/2026:21:33:10 -0300] "GET /wp-admin/edit.php HTTP/1.1" 409 83 "https://themonarchbutterfly.site/wp-login.php" "Mozilla/5.0 (Macintosh; Intel Mac OS X 13_6_1; rv:118.0) Gecko/20100101 Firefox/118.0" themonarchbutterfly.site 192.185.209.103
158.94.209.221 - - [13/Jan/2026:21:33:10 -0300] "GET /wp-admin/plugins.php HTTP/1.1" 409 83 "https://themonarchbutterfly.site/wp-login.php" "Mozilla/5.0 (Macintosh; Intel Mac OS X 13_6_1; rv:118.0) Gecko/20100101 Firefox/118.0" themonarchbutterfly.site 192.185.209.103
158.94.209.221 - - [13/Jan/2026:21:33:11 -0300] "POST /wp-login.php HTTP/1.1" 409 83 "https://themonarchbutterfly.site/wp-login.php" "Mozilla/5.0 (X11; Ubuntu; Linux x86_64) AppleWebKit/537.36 (KHTML, like Gecko) Chrome/118.0.0.0 Safari/537.36" themonarchbutterfly.site 192.185.209.103
158.94.209.221 - - [13/Jan/2026:21:33:11 -0300] "GET /wp-admin/index.php HTTP/1.1" 409 83 "https://themonarchbutterfly.site/wp-login.php" "Mozilla/5.0 (Macintosh; Intel Mac OS X 10_15_7) AppleWebKit/605.1.15 (KHTML, like Gecko) Version/17.0 Safari/605.1.15" themonarchbutterfly.site 192.185.209.103
74.7.227.20 - - [13/Jan/2026:21:33:10 -0300] "GET /class-wp-html-open-elements.php HTTP/2.0" 200 58662 "-" "Mozilla/5.0 AppleWebKit/537.36 (KHTML, like Gecko; compatible; GPTBot/1.3; +https://openai.com/gptbot)" themonarchbutterfly.plantasparaapartamento.com 192.185.209.103
158.94.209.221 - - [13/Jan/2026:21:33:12 -0300] "GET /wp-admin/profile.php HTTP/1.1" 409 83 "https://themonarchbutterfly.site/wp-login.php" "Mozilla/5.0 (Macintosh; Intel Mac OS X 10_15_7) AppleWebKit/605.1.15 (KHTML, like Gecko) Version/17.0 Safari/605.1.15" themonarchbutterfly.site 192.185.209.103
158.94.209.221 - - [13/Jan/2026:21:33:12 -0300] "GET /wp-admin/edit.php HTTP/1.1" 409 83 "https://themonarchbutterfly.site/wp-login.php" "Mozilla/5.0 (Macintosh; Intel Mac OS X 10_15_7) AppleWebKit/605.1.15 (KHTML, like Gecko) Version/17.0 Safari/605.1.15" themonarchbutterfly.site 192.185.209.103
158.94.209.221 - - [13/Jan/2026:21:33:13 -0300] "GET /wp-admin/plugins.php HTTP/1.1" 409 83 "https://themonarchbutterfly.site/wp-login.php" "Mozilla/5.0 (Macintosh; Intel Mac OS X 10_15_7) AppleWebKit/605.1.15 (KHTML, like Gecko) Version/17.0 Safari/605.1.15" themonarchbutterfly.site 192.185.209.103
74.7.227.20 - - [13/Jan/2026:21:33:11 -0300] "GET /post-excerpt.php?edit=error_log&p=Ahome1Aplant149AespacoconexaoneuralIstore HTTP/2.0" 200 69041 "-" "Mozilla/5.0 AppleWebKit/537.36 (KHTML, like Gecko; compatible; GPTBot/1.3; +https://openai.com/gptbot)" themonarchbutterfly.plantasparaapartamento.com 192.185.209.103
158.94.209.221 - - [13/Jan/2026:21:33:13 -0300] "POST /wp-login.php HTTP/1.1" 409 83 "https://themonarchbutterfly.site/wp-login.php" "Mozilla/5.0 (X11; Linux x86_64) AppleWebKit/537.36 (KHTML, like Gecko) Chrome/120.0.0.0 Safari/537.36" themonarchbutterfly.site 192.185.209.103
158.94.209.221 - - [13/Jan/2026:21:33:14 -0300] "GET /wp-admin/index.php HTTP/1.1" 409 83 "https://themonarchbutterfly.site/wp-login.php" "Mozilla/5.0 (Macintosh; Intel Mac OS X 13_6_1) AppleWebKit/605.1.15 (KHTML, like Gecko) Version/17.0 Safari/605.1.15" themonarchbutterfly.site 192.185.209.103
158.94.209.221 - - [13/Jan/2026:21:33:14 -0300] "GET /wp-admin/profile.php HTTP/1.1" 409 83 "https://themonarchbutterfly.site/wp-login.php" "Mozilla/5.0 (Macintosh; Intel Mac OS X 13_6_1) AppleWebKit/605.1.15 (KHTML, like Gecko) Version/17.0 Safari/605.1.15" themonarchbutterfly.site 192.185.209.103
74.7.227.20 - - [13/Jan/2026:21:33:13 -0300] "GET /post-excerpt.php?p=Ahome1Aplant149AespacoconexaoneuralIstoreAwp-includesASimplePieAsrcAXML HTTP/2.0" 200 57986 "-" "Mozilla/5.0 AppleWebKit/537.36 (KHTML, like Gecko; compatible; GPTBot/1.3; +https://openai.com/gptbot)" themonarchbutterfly.plantasparaapartamento.com 192.185.209.103
158.94.209.221 - - [13/Jan/2026:21:33:15 -0300] "GET /wp-admin/edit.php HTTP/1.1" 409 83 "https://themonarchbutterfly.site/wp-login.php" "Mozilla/5.0 (Macintosh; Intel Mac OS X 13_6_1) AppleWebKit/605.1.15 (KHTML, like Gecko) Version/17.0 Safari/605.1.15" themonarchbutterfly.site 192.185.209.103
158.94.209.221 - - [13/Jan/2026:21:33:15 -0300] "GET /wp-admin/plugins.php HTTP/1.1" 409 83 "https://themonarchbutterfly.site/wp-login.php" "Mozilla/5.0 (Macintosh; Intel Mac OS X 13_6_1) AppleWebKit/605.1.15 (KHTML, like Gecko) Version/17.0 Safari/605.1.15" themonarchbutterfly.site 192.185.209.103
158.94.209.221 - - [13/Jan/2026:21:33:16 -0300] "POST /wp-login.php HTTP/1.1" 409 83 "https://themonarchbutterfly.site/wp-login.php" "Mozilla/5.0 (Macintosh; Intel Mac OS X 10_15_7) AppleWebKit/537.36 (KHTML, like Gecko) Chrome/119.0.0.0 Safari/537.36" themonarchbutterfly.site 192.185.209.103
74.7.227.20 - - [13/Jan/2026:21:33:15 -0300] "GET /post-excerpt.php?p=Ahome1Aplant149AespacoconexaoneuralIstoreAvarAassetsAbuildsAfree HTTP/2.0" 200 57953 "-" "Mozilla/5.0 AppleWebKit/537.36 (KHTML, like Gecko; compatible; GPTBot/1.3; +https://openai.com/gptbot)" themonarchbutterfly.plantasparaapartamento.com 192.185.209.103
158.94.209.221 - - [13/Jan/2026:21:33:16 -0300] "GET /wp-admin/index.php HTTP/1.1" 409 83 "https://themonarchbutterfly.site/wp-login.php" "Mozilla/5.0 (Macintosh; Intel Mac OS X 13_6_1) AppleWebKit/605.1.15 (KHTML, like Gecko) Version/17.1 Safari/605.1.15" themonarchbutterfly.site 192.185.209.103
158.94.209.221 - - [13/Jan/2026:21:33:17 -0300] "GET /wp-admin/profile.php HTTP/1.1" 409 83 "https://themonarchbutterfly.site/wp-login.php" "Mozilla/5.0 (Macintosh; Intel Mac OS X 13_6_1) AppleWebKit/605.1.15 (KHTML, like Gecko) Version/17.1 Safari/605.1.15" themonarchbutterfly.site 192.185.209.103
158.94.209.221 - - [13/Jan/2026:21:33:17 -0300] "GET /wp-admin/edit.php HTTP/1.1" 409 83 "https://themonarchbutterfly.site/wp-login.php" "Mozilla/5.0 (Macintosh; Intel Mac OS X 13_6_1) AppleWebKit/605.1.15 (KHTML, like Gecko) Version/17.1 Safari/605.1.15" themonarchbutterfly.site 192.185.209.103
74.7.227.20 - - [13/Jan/2026:21:33:16 -0300] "GET /post-excerpt.php?p=Ahome1Aplant149AespacoconexaoneuralIstoreAvarAassetsAbuildsApro HTTP/2.0" 200 57958 "-" "Mozilla/5.0 AppleWebKit/537.36 (KHTML, like Gecko; compatible; GPTBot/1.3; +https://openai.com/gptbot)" themonarchbutterfly.plantasparaapartamento.com 192.185.209.103
158.94.209.221 - - [13/Jan/2026:21:33:18 -0300] "GET /wp-admin/plugins.php HTTP/1.1" 409 83 "https://themonarchbutterfly.site/wp-login.php" "Mozilla/5.0 (Macintosh; Intel Mac OS X 13_6_1) AppleWebKit/605.1.15 (KHTML, like Gecko) Version/17.1 Safari/605.1.15" themonarchbutterfly.site 192.185.209.103
158.94.209.221 - - [13/Jan/2026:21:33:18 -0300] "POST /wp-login.php HTTP/1.1" 409 83 "https://themonarchbutterfly.site/wp-login.php" "Mozilla/5.0 (Macintosh; Intel Mac OS X 13_6_1) AppleWebKit/605.1.15 (KHTML, like Gecko) Version/17.0 Safari/605.1.15" themonarchbutterfly.site 192.185.209.103
158.94.209.221 - - [13/Jan/2026:21:33:19 -0300] "GET /wp-admin/index.php HTTP/1.1" 409 83 "https://themonarchbutterfly.site/wp-login.php" "Mozilla/5.0 (Windows NT 11.0; Win64; x64; rv:121.0) Gecko/20100101 Firefox/121.0" themonarchbutterfly.site 192.185.209.103
74.7.227.20 - - [13/Jan/2026:21:33:18 -0300] "GET /require-dynamic-blocks.php HTTP/2.0" 200 58672 "-" "Mozilla/5.0 AppleWebKit/537.36 (KHTML, like Gecko; compatible; GPTBot/1.3; +https://openai.com/gptbot)" themonarchbutterfly.plantasparaapartamento.com 192.185.209.103
158.94.209.221 - - [13/Jan/2026:21:33:19 -0300] "GET /wp-admin/profile.php HTTP/1.1" 409 83 "https://themonarchbutterfly.site/wp-login.php" "Mozilla/5.0 (Windows NT 11.0; Win64; x64; rv:121.0) Gecko/20100101 Firefox/121.0" themonarchbutterfly.site 192.185.209.103
158.94.209.221 - - [13/Jan/2026:21:33:20 -0300] "GET /wp-admin/edit.php HTTP/1.1" 409 83 "https://themonarchbutterfly.site/wp-login.php" "Mozilla/5.0 (Windows NT 11.0; Win64; x64; rv:121.0) Gecko/20100101 Firefox/121.0" themonarchbutterfly.site 192.185.209.103
158.94.209.221 - - [13/Jan/2026:21:33:20 -0300] "GET /wp-admin/plugins.php HTTP/1.1" 409 83 "https://themonarchbutterfly.site/wp-login.php" "Mozilla/5.0 (Windows NT 11.0; Win64; x64; rv:121.0) Gecko/20100101 Firefox/121.0" themonarchbutterfly.site 192.185.209.103
