158.94.209.221 - - [13/Jan/2026:21:34:31 -0300] "GET /wp-admin/edit.php HTTP/1.1" 409 83 "https://themonarchbutterfly.site/wp-login.php" "Mozilla/5.0 (Macintosh; Intel Mac OS X 13_6_1) AppleWebKit/537.36 (KHTML, like Gecko) Chrome/118.0.0.0 Safari/537.36" themonarchbutterfly.site 192.185.209.103
42.96.37.226 - - [13/Jan/2026:21:34:31 -0300] "POST /xmlrpc.php HTTP/2.0" 409 83 "-" "Mozilla/5.0 (Windows NT 6.1; WOW64; Trident/7.0; MANM; rv:11.0) like Gecko" themonarchbutterfly.site 192.185.209.103
158.94.209.221 - - [13/Jan/2026:21:34:31 -0300] "GET /wp-admin/plugins.php HTTP/1.1" 409 83 "https://themonarchbutterfly.site/wp-login.php" "Mozilla/5.0 (Macintosh; Intel Mac OS X 13_6_1) AppleWebKit/537.36 (KHTML, like Gecko) Chrome/118.0.0.0 Safari/537.36" themonarchbutterfly.site 192.185.209.103
158.94.209.221 - - [13/Jan/2026:21:34:32 -0300] "POST /wp-login.php HTTP/1.1" 409 83 "https://themonarchbutterfly.site/wp-login.php" "Mozilla/5.0 (X11; Ubuntu; Linux x86_64) AppleWebKit/537.36 (KHTML, like Gecko) Chrome/121.0.0.0 Safari/537.36" themonarchbutterfly.site 192.185.209.103
74.7.227.20 - - [13/Jan/2026:21:34:31 -0300] "GET /post-excerpt.php?p=Ahome1Aplant149AwildlifesupportInetAwp-includesAjsAtinymceApluginsAwpview HTTP/2.0" 200 58251 "-" "Mozilla/5.0 AppleWebKit/537.36 (KHTML, like Gecko; compatible; GPTBot/1.3; +https://openai.com/gptbot)" themonarchbutterfly.plantasparaapartamento.com 192.185.209.103
158.94.209.221 - - [13/Jan/2026:21:34:32 -0300] "GET /wp-admin/index.php HTTP/1.1" 409 83 "https://themonarchbutterfly.site/wp-login.php" "Mozilla/5.0 (X11; Linux x86_64) AppleWebKit/537.36 (KHTML, like Gecko) Chrome/121.0.0.0 Safari/537.36" themonarchbutterfly.site 192.185.209.103
158.94.209.221 - - [13/Jan/2026:21:34:33 -0300] "GET /wp-admin/profile.php HTTP/1.1" 409 83 "https://themonarchbutterfly.site/wp-login.php" "Mozilla/5.0 (X11; Linux x86_64) AppleWebKit/537.36 (KHTML, like Gecko) Chrome/121.0.0.0 Safari/537.36" themonarchbutterfly.site 192.185.209.103
158.94.209.221 - - [13/Jan/2026:21:34:33 -0300] "GET /wp-admin/edit.php HTTP/1.1" 409 83 "https://themonarchbutterfly.site/wp-login.php" "Mozilla/5.0 (X11; Linux x86_64) AppleWebKit/537.36 (KHTML, like Gecko) Chrome/121.0.0.0 Safari/537.36" themonarchbutterfly.site 192.185.209.103
74.7.227.20 - - [13/Jan/2026:21:34:32 -0300] "GET /post-excerpt.php?p=Ahome1Aplant149AwildlifesupportInetAwp-includesAjsAtinymceApluginsAmedia HTTP/2.0" 200 58256 "-" "Mozilla/5.0 AppleWebKit/537.36 (KHTML, like Gecko; compatible; GPTBot/1.3; +https://openai.com/gptbot)" themonarchbutterfly.plantasparaapartamento.com 192.185.209.103
158.94.209.221 - - [13/Jan/2026:21:34:34 -0300] "GET /wp-admin/plugins.php HTTP/1.1" 409 83 "https://themonarchbutterfly.site/wp-login.php" "Mozilla/5.0 (X11; Linux x86_64) AppleWebKit/537.36 (KHTML, like Gecko) Chrome/121.0.0.0 Safari/537.36" themonarchbutterfly.site 192.185.209.103
158.94.209.221 - - [13/Jan/2026:21:34:34 -0300] "POST /wp-login.php HTTP/1.1" 409 83 "https://themonarchbutterfly.site/wp-login.php" "Mozilla/5.0 (Windows NT 10.0; Win64; x64; rv:120.0) Gecko/20100101 Firefox/120.0" themonarchbutterfly.site 192.185.209.103
158.94.209.221 - - [13/Jan/2026:21:34:35 -0300] "GET /wp-admin/index.php HTTP/1.1" 409 83 "https://themonarchbutterfly.site/wp-login.php" "Mozilla/5.0 (Macintosh; Intel Mac OS X 13_6_1) AppleWebKit/537.36 (KHTML, like Gecko) Chrome/120.0.0.0 Safari/537.36" themonarchbutterfly.site 192.185.209.103
74.7.227.20 - - [13/Jan/2026:21:34:34 -0300] "GET /post-excerpt.php?p=Ahome1Aplant149AwildlifesupportInetAwp-includesAjsAtinymceApluginsAwplink HTTP/2.0" 200 58254 "-" "Mozilla/5.0 AppleWebKit/537.36 (KHTML, like Gecko; compatible; GPTBot/1.3; +https://openai.com/gptbot)" themonarchbutterfly.plantasparaapartamento.com 192.185.209.103
158.94.209.221 - - [13/Jan/2026:21:34:35 -0300] "GET /wp-admin/profile.php HTTP/1.1" 409 83 "https://themonarchbutterfly.site/wp-login.php" "Mozilla/5.0 (Macintosh; Intel Mac OS X 13_6_1) AppleWebKit/537.36 (KHTML, like Gecko) Chrome/120.0.0.0 Safari/537.36" themonarchbutterfly.site 192.185.209.103
158.94.209.221 - - [13/Jan/2026:21:34:36 -0300] "GET /wp-admin/edit.php HTTP/1.1" 409 83 "https://themonarchbutterfly.site/wp-login.php" "Mozilla/5.0 (Macintosh; Intel Mac OS X 13_6_1) AppleWebKit/537.36 (KHTML, like Gecko) Chrome/120.0.0.0 Safari/537.36" themonarchbutterfly.site 192.185.209.103
158.94.209.221 - - [13/Jan/2026:21:34:36 -0300] "GET /wp-admin/plugins.php HTTP/1.1" 409 83 "https://themonarchbutterfly.site/wp-login.php" "Mozilla/5.0 (Macintosh; Intel Mac OS X 13_6_1) AppleWebKit/537.36 (KHTML, like Gecko) Chrome/120.0.0.0 Safari/537.36" themonarchbutterfly.site 192.185.209.103
74.7.227.20 - - [13/Jan/2026:21:34:35 -0300] "GET /post-excerpt.php?p=Ahome1Aplant149AespacoconexaoneuralIstoreAwp-includesASimplePieAlibrary HTTP/2.0" 200 58286 "-" "Mozilla/5.0 AppleWebKit/537.36 (KHTML, like Gecko; compatible; GPTBot/1.3; +https://openai.com/gptbot)" themonarchbutterfly.plantasparaapartamento.com 192.185.209.103
158.94.209.221 - - [13/Jan/2026:21:34:37 -0300] "POST /wp-login.php HTTP/1.1" 409 83 "https://themonarchbutterfly.site/wp-login.php" "Mozilla/5.0 (Macintosh; Intel Mac OS X 10_15_7; rv:120.0) Gecko/20100101 Firefox/120.0" themonarchbutterfly.site 192.185.209.103
158.94.209.221 - - [13/Jan/2026:21:34:37 -0300] "GET /wp-admin/index.php HTTP/1.1" 409 83 "https://themonarchbutterfly.site/wp-login.php" "Mozilla/5.0 (Macintosh; Intel Mac OS X 13_6_1) AppleWebKit/537.36 (KHTML, like Gecko) Chrome/120.0.0.0 Safari/537.36" themonarchbutterfly.site 192.185.209.103
158.94.209.221 - - [13/Jan/2026:21:34:38 -0300] "GET /wp-admin/profile.php HTTP/1.1" 409 83 "https://themonarchbutterfly.site/wp-login.php" "Mozilla/5.0 (Macintosh; Intel Mac OS X 13_6_1) AppleWebKit/537.36 (KHTML, like Gecko) Chrome/120.0.0.0 Safari/537.36" themonarchbutterfly.site 192.185.209.103
158.94.209.221 - - [13/Jan/2026:21:34:38 -0300] "GET /wp-admin/edit.php HTTP/1.1" 409 83 "https://themonarchbutterfly.site/wp-login.php" "Mozilla/5.0 (Macintosh; Intel Mac OS X 13_6_1) AppleWebKit/537.36 (KHTML, like Gecko) Chrome/120.0.0.0 Safari/537.36" themonarchbutterfly.site 192.185.209.103
74.7.227.20 - - [13/Jan/2026:21:34:36 -0300] "GET /post-excerpt.php?p=Ahome1Aplant149AwildlifesupportInetAwp-includesAjsAtinymceApluginsAlink HTTP/2.0" 200 58247 "-" "Mozilla/5.0 AppleWebKit/537.36 (KHTML, like Gecko; compatible; GPTBot/1.3; +https://openai.com/gptbot)" themonarchbutterfly.plantasparaapartamento.com 192.185.209.103
158.94.209.221 - - [13/Jan/2026:21:34:38 -0300] "GET /wp-admin/plugins.php HTTP/1.1" 409 83 "https://themonarchbutterfly.site/wp-login.php" "Mozilla/5.0 (Macintosh; Intel Mac OS X 13_6_1) AppleWebKit/537.36 (KHTML, like Gecko) Chrome/120.0.0.0 Safari/537.36" themonarchbutterfly.site 192.185.209.103
42.96.37.226 - - [13/Jan/2026:21:34:39 -0300] "POST /xmlrpc.php HTTP/2.0" 409 83 "-" "Mozilla/5.0 (Windows NT 6.1; WOW64; Trident/7.0; MANM; rv:11.0) like Gecko" themonarchbutterfly.site 192.185.209.103
158.94.209.221 - - [13/Jan/2026:21:34:39 -0300] "POST /wp-login.php HTTP/1.1" 409 83 "https://themonarchbutterfly.site/wp-login.php" "Mozilla/5.0 (X11; Linux x86_64) AppleWebKit/537.36 (KHTML, like Gecko) Chrome/118.0.0.0 Safari/537.36" themonarchbutterfly.site 192.185.209.103
158.94.209.221 - - [13/Jan/2026:21:34:39 -0300] "GET /wp-admin/index.php HTTP/1.1" 409 83 "https://themonarchbutterfly.site/wp-login.php" "Mozilla/5.0 (Macintosh; Intel Mac OS X 13_6_1) AppleWebKit/605.1.15 (KHTML, like Gecko) Version/17.2 Safari/605.1.15" themonarchbutterfly.site 192.185.209.103
74.7.227.20 - - [13/Jan/2026:21:34:38 -0300] "GET /post-excerpt.php?p=Ahome1Aplant149AthemonarchbutterflyIsiteAwp-includesARequestsAsrcAResponse HTTP/2.0" 200 58027 "-" "Mozilla/5.0 AppleWebKit/537.36 (KHTML, like Gecko; compatible; GPTBot/1.3; +https://openai.com/gptbot)" themonarchbutterfly.plantasparaapartamento.com 192.185.209.103
158.94.209.221 - - [13/Jan/2026:21:34:40 -0300] "GET /wp-admin/profile.php HTTP/1.1" 409 83 "https://themonarchbutterfly.site/wp-login.php" "Mozilla/5.0 (Macintosh; Intel Mac OS X 13_6_1) AppleWebKit/605.1.15 (KHTML, like Gecko) Version/17.2 Safari/605.1.15" themonarchbutterfly.site 192.185.209.103
158.94.209.221 - - [13/Jan/2026:21:34:40 -0300] "GET /wp-admin/edit.php HTTP/1.1" 409 83 "https://themonarchbutterfly.site/wp-login.php" "Mozilla/5.0 (Macintosh; Intel Mac OS X 13_6_1) AppleWebKit/605.1.15 (KHTML, like Gecko) Version/17.2 Safari/605.1.15" themonarchbutterfly.site 192.185.209.103
158.94.209.221 - - [13/Jan/2026:21:34:41 -0300] "GET /wp-admin/plugins.php HTTP/1.1" 409 83 "https://themonarchbutterfly.site/wp-login.php" "Mozilla/5.0 (Macintosh; Intel Mac OS X 13_6_1) AppleWebKit/605.1.15 (KHTML, like Gecko) Version/17.2 Safari/605.1.15" themonarchbutterfly.site 192.185.209.103
74.7.227.20 - - [13/Jan/2026:21:34:40 -0300] "GET /post-excerpt.php?p=Ahome1Aplant149AwildlifesupportIstoreAwp-includesAjsAtinymceApluginsAimage HTTP/2.0" 200 58248 "-" "Mozilla/5.0 AppleWebKit/537.36 (KHTML, like Gecko; compatible; GPTBot/1.3; +https://openai.com/gptbot)" themonarchbutterfly.plantasparaapartamento.com 192.185.209.103
158.94.209.221 - - [13/Jan/2026:21:34:41 -0300] "POST /wp-login.php HTTP/1.1" 409 83 "https://themonarchbutterfly.site/wp-login.php" "Mozilla/5.0 (Macintosh; Intel Mac OS X 13_6_1) AppleWebKit/605.1.15 (KHTML, like Gecko) Version/16.6 Safari/605.1.15" themonarchbutterfly.site 192.185.209.103
158.94.209.221 - - [13/Jan/2026:21:34:42 -0300] "GET /wp-admin/index.php HTTP/1.1" 409 83 "https://themonarchbutterfly.site/wp-login.php" "Mozilla/5.0 (Macintosh; Intel Mac OS X 13_6_1) AppleWebKit/537.36 (KHTML, like Gecko) Chrome/121.0.0.0 Safari/537.36" themonarchbutterfly.site 192.185.209.103
158.94.209.221 - - [13/Jan/2026:21:34:42 -0300] "GET /wp-admin/profile.php HTTP/1.1" 409 83 "https://themonarchbutterfly.site/wp-login.php" "Mozilla/5.0 (Macintosh; Intel Mac OS X 13_6_1) AppleWebKit/537.36 (KHTML, like Gecko) Chrome/121.0.0.0 Safari/537.36" themonarchbutterfly.site 192.185.209.103
74.7.227.20 - - [13/Jan/2026:21:34:41 -0300] "GET /post-excerpt.php?p=Ahome1Aplant149AwildlifesupportInetAwp-includesAjsAtinymceApluginsAwpemoji HTTP/2.0" 200 58256 "-" "Mozilla/5.0 AppleWebKit/537.36 (KHTML, like Gecko; compatible; GPTBot/1.3; +https://openai.com/gptbot)" themonarchbutterfly.plantasparaapartamento.com 192.185.209.103
158.94.209.221 - - [13/Jan/2026:21:34:43 -0300] "GET /wp-admin/edit.php HTTP/1.1" 409 83 "https://themonarchbutterfly.site/wp-login.php" "Mozilla/5.0 (Macintosh; Intel Mac OS X 13_6_1) AppleWebKit/537.36 (KHTML, like Gecko) Chrome/121.0.0.0 Safari/537.36" themonarchbutterfly.site 192.185.209.103
158.94.209.221 - - [13/Jan/2026:21:34:44 -0300] "GET /wp-admin/plugins.php HTTP/1.1" 409 83 "https://themonarchbutterfly.site/wp-login.php" "Mozilla/5.0 (Macintosh; Intel Mac OS X 13_6_1) AppleWebKit/537.36 (KHTML, like Gecko) Chrome/121.0.0.0 Safari/537.36" themonarchbutterfly.site 192.185.209.103
158.94.209.221 - - [13/Jan/2026:21:34:44 -0300] "POST /wp-login.php HTTP/1.1" 409 83 "https://themonarchbutterfly.site/wp-login.php" "Mozilla/5.0 (Windows NT 11.0; Win64; x64; rv:119.0) Gecko/20100101 Firefox/119.0" themonarchbutterfly.site 192.185.209.103
74.7.227.20 - - [13/Jan/2026:21:34:43 -0300] "GET /post-excerpt.php?p=Ahome1Aplant149AwildlifesupportIstoreAwp-includesAjsAtinymceApluginsAmedia HTTP/2.0" 200 58263 "-" "Mozilla/5.0 AppleWebKit/537.36 (KHTML, like Gecko; compatible; GPTBot/1.3; +https://openai.com/gptbot)" themonarchbutterfly.plantasparaapartamento.com 192.185.209.103
158.94.209.221 - - [13/Jan/2026:21:34:45 -0300] "GET /wp-admin/index.php HTTP/1.1" 409 83 "https://themonarchbutterfly.site/wp-login.php" "Mozilla/5.0 (Macintosh; Intel Mac OS X 10_15_7) AppleWebKit/537.36 (KHTML, like Gecko) Chrome/121.0.0.0 Safari/537.36" themonarchbutterfly.site 192.185.209.103
158.94.209.221 - - [13/Jan/2026:21:34:45 -0300] "GET /wp-admin/profile.php HTTP/1.1" 409 83 "https://themonarchbutterfly.site/wp-login.php" "Mozilla/5.0 (Macintosh; Intel Mac OS X 10_15_7) AppleWebKit/537.36 (KHTML, like Gecko) Chrome/121.0.0.0 Safari/537.36" themonarchbutterfly.site 192.185.209.103
74.7.227.20 - - [13/Jan/2026:21:34:44 -0300] "GET /post-excerpt.php?p=Ahome1Aplant149AespacoconexaoneuralIstoreAwp-includesASimplePieAsrcAHTTP HTTP/2.0" 200 59723 "-" "Mozilla/5.0 AppleWebKit/537.36 (KHTML, like Gecko; compatible; GPTBot/1.3; +https://openai.com/gptbot)" themonarchbutterfly.plantasparaapartamento.com 192.185.209.103
158.94.209.221 - - [13/Jan/2026:21:34:47 -0300] "GET /wp-admin/edit.php HTTP/1.1" 409 83 "https://themonarchbutterfly.site/wp-login.php" "Mozilla/5.0 (Macintosh; Intel Mac OS X 10_15_7) AppleWebKit/537.36 (KHTML, like Gecko) Chrome/121.0.0.0 Safari/537.36" themonarchbutterfly.site 192.185.209.103
158.94.209.221 - - [13/Jan/2026:21:34:47 -0300] "GET /wp-admin/plugins.php HTTP/1.1" 409 83 "https://themonarchbutterfly.site/wp-login.php" "Mozilla/5.0 (Macintosh; Intel Mac OS X 10_15_7) AppleWebKit/537.36 (KHTML, like Gecko) Chrome/121.0.0.0 Safari/537.36" themonarchbutterfly.site 192.185.209.103
74.7.227.20 - - [13/Jan/2026:21:34:46 -0300] "GET /post-excerpt.php?p=Ahome1Aplant149AespacoconexaoneuralIstoreAwp-includesAblocksAnavigation HTTP/2.0" 200 61183 "-" "Mozilla/5.0 AppleWebKit/537.36 (KHTML, like Gecko; compatible; GPTBot/1.3; +https://openai.com/gptbot)" themonarchbutterfly.plantasparaapartamento.com 192.185.209.103
158.94.209.221 - - [13/Jan/2026:21:34:48 -0300] "POST /wp-login.php HTTP/1.1" 409 83 "https://themonarchbutterfly.site/wp-login.php" "Mozilla/5.0 (Macintosh; Intel Mac OS X 10_15_7) AppleWebKit/537.36 (KHTML, like Gecko) Chrome/120.0.0.0 Safari/537.36" themonarchbutterfly.site 192.185.209.103
158.94.209.221 - - [13/Jan/2026:21:34:48 -0300] "GET /wp-admin/index.php HTTP/1.1" 409 83 "https://themonarchbutterfly.site/wp-login.php" "Mozilla/5.0 (Macintosh; Intel Mac OS X 10_15_7) AppleWebKit/605.1.15 (KHTML, like Gecko) Version/16.6 Safari/605.1.15" themonarchbutterfly.site 192.185.209.103
158.94.209.221 - - [13/Jan/2026:21:34:49 -0300] "GET /wp-admin/profile.php HTTP/1.1" 409 83 "https://themonarchbutterfly.site/wp-login.php" "Mozilla/5.0 (Macintosh; Intel Mac OS X 10_15_7) AppleWebKit/605.1.15 (KHTML, like Gecko) Version/16.6 Safari/605.1.15" themonarchbutterfly.site 192.185.209.103
74.7.227.20 - - [13/Jan/2026:21:34:47 -0300] "GET /post-excerpt.php?p=Ahome1Aplant149AtmpAwebalizerAsslAplantasparaapartamentoIcom HTTP/2.0" 200 69698 "-" "Mozilla/5.0 AppleWebKit/537.36 (KHTML, like Gecko; compatible; GPTBot/1.3; +https://openai.com/gptbot)" themonarchbutterfly.plantasparaapartamento.com 192.185.209.103
158.94.209.221 - - [13/Jan/2026:21:34:49 -0300] "GET /wp-admin/edit.php HTTP/1.1" 409 83 "https://themonarchbutterfly.site/wp-login.php" "Mozilla/5.0 (Macintosh; Intel Mac OS X 10_15_7) AppleWebKit/605.1.15 (KHTML, like Gecko) Version/16.6 Safari/605.1.15" themonarchbutterfly.site 192.185.209.103
158.94.209.221 - - [13/Jan/2026:21:34:50 -0300] "GET /wp-admin/plugins.php HTTP/1.1" 409 83 "https://themonarchbutterfly.site/wp-login.php" "Mozilla/5.0 (Macintosh; Intel Mac OS X 10_15_7) AppleWebKit/605.1.15 (KHTML, like Gecko) Version/16.6 Safari/605.1.15" themonarchbutterfly.site 192.185.209.103
74.7.227.20 - - [13/Jan/2026:21:34:49 -0300] "GET /post-excerpt.php?p=Ahome1Aplant149AespacoconexaoneuralIstoreAwp-includesAblocksApost-date HTTP/2.0" 200 58867 "-" "Mozilla/5.0 AppleWebKit/537.36 (KHTML, like Gecko; compatible; GPTBot/1.3; +https://openai.com/gptbot)" themonarchbutterfly.plantasparaapartamento.com 192.185.209.103
158.94.209.221 - - [13/Jan/2026:21:34:51 -0300] "POST /wp-login.php HTTP/1.1" 409 83 "https://themonarchbutterfly.site/wp-login.php" "Mozilla/5.0 (Macintosh; Intel Mac OS X 13_6_1; rv:121.0) Gecko/20100101 Firefox/121.0" themonarchbutterfly.site 192.185.209.103
158.94.209.221 - - [13/Jan/2026:21:34:52 -0300] "GET /wp-admin/index.php HTTP/1.1" 409 83 "https://themonarchbutterfly.site/wp-login.php" "Mozilla/5.0 (Macintosh; Intel Mac OS X 10_15_7; rv:119.0) Gecko/20100101 Firefox/119.0" themonarchbutterfly.site 192.185.209.103
74.7.227.20 - - [13/Jan/2026:21:34:51 -0300] "GET /post-excerpt.php?p=Ahome1Aplant149AwildlifesupportIstoreAwp-includesAblocksApost-template HTTP/2.0" 200 58921 "-" "Mozilla/5.0 AppleWebKit/537.36 (KHTML, like Gecko; compatible; GPTBot/1.3; +https://openai.com/gptbot)" themonarchbutterfly.plantasparaapartamento.com 192.185.209.103
158.94.209.221 - - [13/Jan/2026:21:34:52 -0300] "GET /wp-admin/profile.php HTTP/1.1" 409 83 "https://themonarchbutterfly.site/wp-login.php" "Mozilla/5.0 (Macintosh; Intel Mac OS X 10_15_7; rv:119.0) Gecko/20100101 Firefox/119.0" themonarchbutterfly.site 192.185.209.103
158.94.209.221 - - [13/Jan/2026:21:34:53 -0300] "GET /wp-admin/edit.php HTTP/1.1" 409 83 "https://themonarchbutterfly.site/wp-login.php" "Mozilla/5.0 (Macintosh; Intel Mac OS X 10_15_7; rv:119.0) Gecko/20100101 Firefox/119.0" themonarchbutterfly.site 192.185.209.103
158.94.209.221 - - [13/Jan/2026:21:34:53 -0300] "GET /wp-admin/plugins.php HTTP/1.1" 409 83 "https://themonarchbutterfly.site/wp-login.php" "Mozilla/5.0 (Macintosh; Intel Mac OS X 10_15_7; rv:119.0) Gecko/20100101 Firefox/119.0" themonarchbutterfly.site 192.185.209.103
74.7.227.20 - - [13/Jan/2026:21:34:52 -0300] "GET /post-excerpt.php?p=Ahome1Aplant149AespacoconexaoneuralIstoreAwp-includesASimplePieAlibraryASimplePie HTTP/2.0" 200 62439 "-" "Mozilla/5.0 AppleWebKit/537.36 (KHTML, like Gecko; compatible; GPTBot/1.3; +https://openai.com/gptbot)" themonarchbutterfly.plantasparaapartamento.com 192.185.209.103
158.94.209.221 - - [13/Jan/2026:21:34:54 -0300] "POST /wp-login.php HTTP/1.1" 409 83 "https://themonarchbutterfly.site/wp-login.php" "Mozilla/5.0 (Windows NT 11.0; Win64; x64) AppleWebKit/537.36 (KHTML, like Gecko) Chrome/120.0.0.0 Safari/537.36" themonarchbutterfly.site 192.185.209.103
74.7.227.20 - - [13/Jan/2026:21:34:54 -0300] "GET /post-excerpt.php?p=Ahome1Aplant149AespacoconexaoneuralIstoreAwp-includesAblocksApost-title HTTP/2.0" 200 58964 "-" "Mozilla/5.0 AppleWebKit/537.36 (KHTML, like Gecko; compatible; GPTBot/1.3; +https://openai.com/gptbot)" themonarchbutterfly.plantasparaapartamento.com 192.185.209.103
158.94.209.221 - - [13/Jan/2026:21:34:55 -0300] "GET /wp-admin/index.php HTTP/1.1" 409 83 "https://themonarchbutterfly.site/wp-login.php" "Mozilla/5.0 (Macintosh; Intel Mac OS X 10_15_7) AppleWebKit/605.1.15 (KHTML, like Gecko) Version/17.2 Safari/605.1.15" themonarchbutterfly.site 192.185.209.103
158.94.209.221 - - [13/Jan/2026:21:34:56 -0300] "GET /wp-admin/profile.php HTTP/1.1" 409 83 "https://themonarchbutterfly.site/wp-login.php" "Mozilla/5.0 (Macintosh; Intel Mac OS X 10_15_7) AppleWebKit/605.1.15 (KHTML, like Gecko) Version/17.2 Safari/605.1.15" themonarchbutterfly.site 192.185.209.103
158.94.209.221 - - [13/Jan/2026:21:34:56 -0300] "GET /wp-admin/edit.php HTTP/1.1" 409 83 "https://themonarchbutterfly.site/wp-login.php" "Mozilla/5.0 (Macintosh; Intel Mac OS X 10_15_7) AppleWebKit/605.1.15 (KHTML, like Gecko) Version/17.2 Safari/605.1.15" themonarchbutterfly.site 192.185.209.103
74.7.227.20 - - [13/Jan/2026:21:34:55 -0300] "GET /post-excerpt.php?p=Ahome1Aplant149AespacoconexaoneuralIstoreAwp-includesAblocksAhome-link HTTP/2.0" 200 58057 "-" "Mozilla/5.0 AppleWebKit/537.36 (KHTML, like Gecko; compatible; GPTBot/1.3; +https://openai.com/gptbot)" themonarchbutterfly.plantasparaapartamento.com 192.185.209.103
158.94.209.221 - - [13/Jan/2026:21:34:57 -0300] "GET /wp-admin/plugins.php HTTP/1.1" 409 83 "https://themonarchbutterfly.site/wp-login.php" "Mozilla/5.0 (Macintosh; Intel Mac OS X 10_15_7) AppleWebKit/605.1.15 (KHTML, like Gecko) Version/17.2 Safari/605.1.15" themonarchbutterfly.site 192.185.209.103
158.94.209.221 - - [13/Jan/2026:21:34:57 -0300] "POST /wp-login.php HTTP/1.1" 409 83 "https://themonarchbutterfly.site/wp-login.php" "Mozilla/5.0 (Macintosh; Intel Mac OS X 13_6_1) AppleWebKit/605.1.15 (KHTML, like Gecko) Version/16.6 Safari/605.1.15" themonarchbutterfly.site 192.185.209.103
158.94.209.221 - - [13/Jan/2026:21:34:58 -0300] "GET /wp-admin/index.php HTTP/1.1" 409 83 "https://themonarchbutterfly.site/wp-login.php" "Mozilla/5.0 (Macintosh; Intel Mac OS X 10_15_7) AppleWebKit/537.36 (KHTML, like Gecko) Chrome/119.0.0.0 Safari/537.36" themonarchbutterfly.site 192.185.209.103
74.7.227.20 - - [13/Jan/2026:21:34:57 -0300] "GET /post-excerpt.php?p=Ahome1Aplant149AespacoconexaoneuralIstoreAvendorAguzzlehttp HTTP/2.0" 200 58077 "-" "Mozilla/5.0 AppleWebKit/537.36 (KHTML, like Gecko; compatible; GPTBot/1.3; +https://openai.com/gptbot)" themonarchbutterfly.plantasparaapartamento.com 192.185.209.103
74.7.227.20 - - [13/Jan/2026:21:34:58 -0300] "GET /datepicker.min.js HTTP/2.0" 404 836 "-" "Mozilla/5.0 AppleWebKit/537.36 (KHTML, like Gecko; compatible; GPTBot/1.3; +https://openai.com/gptbot)" themonarchbutterfly.plantasparaapartamento.com 192.185.209.103
74.7.227.20 - - [13/Jan/2026:21:34:59 -0300] "GET /dashicon-edit.png HTTP/2.0" 404 836 "-" "Mozilla/5.0 AppleWebKit/537.36 (KHTML, like Gecko; compatible; GPTBot/1.3; +https://openai.com/gptbot)" themonarchbutterfly.plantasparaapartamento.com 192.185.209.103
158.94.209.221 - - [13/Jan/2026:21:34:59 -0300] "GET /wp-admin/profile.php HTTP/1.1" 409 83 "https://themonarchbutterfly.site/wp-login.php" "Mozilla/5.0 (Macintosh; Intel Mac OS X 10_15_7) AppleWebKit/537.36 (KHTML, like Gecko) Chrome/119.0.0.0 Safari/537.36" themonarchbutterfly.site 192.185.209.103
74.7.227.20 - - [13/Jan/2026:21:35:00 -0300] "GET /tinymce-small.svg HTTP/2.0" 404 836 "-" "Mozilla/5.0 AppleWebKit/537.36 (KHTML, like Gecko; compatible; GPTBot/1.3; +https://openai.com/gptbot)" themonarchbutterfly.plantasparaapartamento.com 192.185.209.103
158.94.209.221 - - [13/Jan/2026:21:35:00 -0300] "GET /wp-admin/edit.php HTTP/1.1" 409 83 "https://themonarchbutterfly.site/wp-login.php" "Mozilla/5.0 (Macintosh; Intel Mac OS X 10_15_7) AppleWebKit/537.36 (KHTML, like Gecko) Chrome/119.0.0.0 Safari/537.36" themonarchbutterfly.site 192.185.209.103
158.94.209.221 - - [13/Jan/2026:21:35:00 -0300] "GET /wp-admin/plugins.php HTTP/1.1" 409 83 "https://themonarchbutterfly.site/wp-login.php" "Mozilla/5.0 (Macintosh; Intel Mac OS X 10_15_7) AppleWebKit/537.36 (KHTML, like Gecko) Chrome/119.0.0.0 Safari/537.36" themonarchbutterfly.site 192.185.209.103
158.94.209.221 - - [13/Jan/2026:21:35:01 -0300] "POST /wp-login.php HTTP/1.1" 409 83 "https://themonarchbutterfly.site/wp-login.php" "Mozilla/5.0 (Macintosh; Intel Mac OS X 10_15_7; rv:119.0) Gecko/20100101 Firefox/119.0" themonarchbutterfly.site 192.185.209.103
158.94.209.221 - - [13/Jan/2026:21:35:01 -0300] "GET /wp-admin/index.php HTTP/1.1" 409 83 "https://themonarchbutterfly.site/wp-login.php" "Mozilla/5.0 (X11; Ubuntu; Linux x86_64) AppleWebKit/537.36 (KHTML, like Gecko) Chrome/120.0.0.0 Safari/537.36" themonarchbutterfly.site 192.185.209.103
192.185.209.103 - - [13/Jan/2026:21:35:02 -0300] "POST /wp-cron.php?doing_wp_cron=1768350902.2307350635528564453125 HTTP/1.1" 200 - "-" "WordPress/6.9; https://themonarchbutterfly.site" themonarchbutterfly.site 192.185.209.103
74.7.227.20 - - [13/Jan/2026:21:35:00 -0300] "GET /post-excerpt.php?edit=view.min.js&p=Ahome1Aplant149AespacoconexaoneuralIstoreAwp-includesAblocksAnavigation HTTP/2.0" 200 58848 "-" "Mozilla/5.0 AppleWebKit/537.36 (KHTML, like Gecko; compatible; GPTBot/1.3; +https://openai.com/gptbot)" themonarchbutterfly.plantasparaapartamento.com 192.185.209.103
158.94.209.221 - - [13/Jan/2026:21:35:02 -0300] "GET /wp-admin/profile.php HTTP/1.1" 409 83 "https://themonarchbutterfly.site/wp-login.php" "Mozilla/5.0 (X11; Ubuntu; Linux x86_64) AppleWebKit/537.36 (KHTML, like Gecko) Chrome/120.0.0.0 Safari/537.36" themonarchbutterfly.site 192.185.209.103
158.94.209.221 - - [13/Jan/2026:21:35:02 -0300] "GET /wp-admin/edit.php HTTP/1.1" 409 83 "https://themonarchbutterfly.site/wp-login.php" "Mozilla/5.0 (X11; Ubuntu; Linux x86_64) AppleWebKit/537.36 (KHTML, like Gecko) Chrome/120.0.0.0 Safari/537.36" themonarchbutterfly.site 192.185.209.103
158.94.209.221 - - [13/Jan/2026:21:35:03 -0300] "GET /wp-admin/plugins.php HTTP/1.1" 409 83 "https://themonarchbutterfly.site/wp-login.php" "Mozilla/5.0 (X11; Ubuntu; Linux x86_64) AppleWebKit/537.36 (KHTML, like Gecko) Chrome/120.0.0.0 Safari/537.36" themonarchbutterfly.site 192.185.209.103
158.94.209.221 - - [13/Jan/2026:21:35:03 -0300] "POST /wp-login.php HTTP/1.1" 409 83 "https://themonarchbutterfly.site/wp-login.php" "Mozilla/5.0 (X11; Linux x86_64) AppleWebKit/537.36 (KHTML, like Gecko) Chrome/118.0.0.0 Safari/537.36" themonarchbutterfly.site 192.185.209.103
74.7.227.20 - - [13/Jan/2026:21:35:02 -0300] "GET /post-excerpt.php?edit=view.js&p=Ahome1Aplant149AespacoconexaoneuralIstoreAwp-includesAblocksAnavigation HTTP/2.0" 200 59659 "-" "Mozilla/5.0 AppleWebKit/537.36 (KHTML, like Gecko; compatible; GPTBot/1.3; +https://openai.com/gptbot)" themonarchbutterfly.plantasparaapartamento.com 192.185.209.103
74.7.227.20 - - [13/Jan/2026:21:35:04 -0300] "GET /mejs-controls.png HTTP/2.0" 404 836 "-" "Mozilla/5.0 AppleWebKit/537.36 (KHTML, like Gecko; compatible; GPTBot/1.3; +https://openai.com/gptbot)" themonarchbutterfly.plantasparaapartamento.com 192.185.209.103
158.94.209.221 - - [13/Jan/2026:21:35:04 -0300] "GET /wp-admin/index.php HTTP/1.1" 409 83 "https://themonarchbutterfly.site/wp-login.php" "Mozilla/5.0 (Macintosh; Intel Mac OS X 13_6_1; rv:119.0) Gecko/20100101 Firefox/119.0" themonarchbutterfly.site 192.185.209.103
74.7.227.20 - - [13/Jan/2026:21:35:04 -0300] "GET /jquery-migrate.js HTTP/2.0" 404 836 "-" "Mozilla/5.0 AppleWebKit/537.36 (KHTML, like Gecko; compatible; GPTBot/1.3; +https://openai.com/gptbot)" themonarchbutterfly.plantasparaapartamento.com 192.185.209.103
158.94.209.221 - - [13/Jan/2026:21:35:05 -0300] "GET /wp-admin/profile.php HTTP/1.1" 409 83 "https://themonarchbutterfly.site/wp-login.php" "Mozilla/5.0 (Macintosh; Intel Mac OS X 13_6_1; rv:119.0) Gecko/20100101 Firefox/119.0" themonarchbutterfly.site 192.185.209.103
158.94.209.221 - - [13/Jan/2026:21:35:05 -0300] "GET /wp-admin/edit.php HTTP/1.1" 409 83 "https://themonarchbutterfly.site/wp-login.php" "Mozilla/5.0 (Macintosh; Intel Mac OS X 13_6_1; rv:119.0) Gecko/20100101 Firefox/119.0" themonarchbutterfly.site 192.185.209.103
158.94.209.221 - - [13/Jan/2026:21:35:06 -0300] "GET /wp-admin/plugins.php HTTP/1.1" 409 83 "https://themonarchbutterfly.site/wp-login.php" "Mozilla/5.0 (Macintosh; Intel Mac OS X 13_6_1; rv:119.0) Gecko/20100101 Firefox/119.0" themonarchbutterfly.site 192.185.209.103
74.7.227.20 - - [13/Jan/2026:21:35:05 -0300] "GET /post-excerpt.php?p=Ahome1Aplant149AespacoconexaoneuralIstoreAwp-includesASimplePieAlibraryASimplePieAContent HTTP/2.0" 200 57998 "-" "Mozilla/5.0 AppleWebKit/537.36 (KHTML, like Gecko; compatible; GPTBot/1.3; +https://openai.com/gptbot)" themonarchbutterfly.plantasparaapartamento.com 192.185.209.103
74.7.227.20 - - [13/Jan/2026:21:35:06 -0300] "GET /mejs-controls.svg HTTP/2.0" 404 836 "-" "Mozilla/5.0 AppleWebKit/537.36 (KHTML, like Gecko; compatible; GPTBot/1.3; +https://openai.com/gptbot)" themonarchbutterfly.plantasparaapartamento.com 192.185.209.103
74.7.227.20 - - [13/Jan/2026:21:35:07 -0300] "GET /customize-base.js HTTP/2.0" 404 836 "-" "Mozilla/5.0 AppleWebKit/537.36 (KHTML, like Gecko; compatible; GPTBot/1.3; +https://openai.com/gptbot)" themonarchbutterfly.plantasparaapartamento.com 192.185.209.103
74.7.227.20 - - [13/Jan/2026:21:35:07 -0300] "GET /post-excerpt.php?edit=.emacs&p=Ahome1Aplant149 HTTP/2.0" 200 57615 "-" "Mozilla/5.0 AppleWebKit/537.36 (KHTML, like Gecko; compatible; GPTBot/1.3; +https://openai.com/gptbot)" themonarchbutterfly.plantasparaapartamento.com 192.185.209.103
74.7.227.20 - - [13/Jan/2026:21:35:09 -0300] "GET /post-excerpt.php?p=Ahome1Aplant149AespacoconexaoneuralIstoreAvendorAguzzlehttpApromises HTTP/2.0" 200 58507 "-" "Mozilla/5.0 AppleWebKit/537.36 (KHTML, like Gecko; compatible; GPTBot/1.3; +https://openai.com/gptbot)" themonarchbutterfly.plantasparaapartamento.com 192.185.209.103
74.7.227.20 - - [13/Jan/2026:21:35:11 -0300] "GET /post-excerpt.php?p=Ahome1Aplant149AespacoconexaoneuralIstoreAvendorAguzzlehttpAguzzle HTTP/2.0" 200 58635 "-" "Mozilla/5.0 AppleWebKit/537.36 (KHTML, like Gecko; compatible; GPTBot/1.3; +https://openai.com/gptbot)" themonarchbutterfly.plantasparaapartamento.com 192.185.209.103
74.7.227.20 - - [13/Jan/2026:21:35:12 -0300] "GET /html-entities.min.js HTTP/2.0" 404 836 "-" "Mozilla/5.0 AppleWebKit/537.36 (KHTML, like Gecko; compatible; GPTBot/1.3; +https://openai.com/gptbot)" themonarchbutterfly.plantasparaapartamento.com 192.185.209.103
74.7.227.20 - - [13/Jan/2026:21:35:13 -0300] "GET /image-edit.js HTTP/2.0" 404 836 "-" "Mozilla/5.0 AppleWebKit/537.36 (KHTML, like Gecko; compatible; GPTBot/1.3; +https://openai.com/gptbot)" themonarchbutterfly.plantasparaapartamento.com 192.185.209.103
74.7.227.20 - - [13/Jan/2026:21:35:13 -0300] "GET /media-grid.js HTTP/2.0" 404 836 "-" "Mozilla/5.0 AppleWebKit/537.36 (KHTML, like Gecko; compatible; GPTBot/1.3; +https://openai.com/gptbot)" themonarchbutterfly.plantasparaapartamento.com 192.185.209.103
74.7.227.20 - - [13/Jan/2026:21:35:14 -0300] "GET /lodash.min.js HTTP/2.0" 404 836 "-" "Mozilla/5.0 AppleWebKit/537.36 (KHTML, like Gecko; compatible; GPTBot/1.3; +https://openai.com/gptbot)" themonarchbutterfly.plantasparaapartamento.com 192.185.209.103
74.7.227.20 - - [13/Jan/2026:21:35:15 -0300] "GET /jquery.min.js HTTP/2.0" 404 836 "-" "Mozilla/5.0 AppleWebKit/537.36 (KHTML, like Gecko; compatible; GPTBot/1.3; +https://openai.com/gptbot)" themonarchbutterfly.plantasparaapartamento.com 192.185.209.103
74.7.227.20 - - [13/Jan/2026:21:35:15 -0300] "GET /icon_razz.gif HTTP/2.0" 404 836 "-" "Mozilla/5.0 AppleWebKit/537.36 (KHTML, like Gecko; compatible; GPTBot/1.3; +https://openai.com/gptbot)" themonarchbutterfly.plantasparaapartamento.com 192.185.209.103
74.7.227.20 - - [13/Jan/2026:21:35:16 -0300] "GET /router.min.js HTTP/2.0" 404 836 "-" "Mozilla/5.0 AppleWebKit/537.36 (KHTML, like Gecko; compatible; GPTBot/1.3; +https://openai.com/gptbot)" themonarchbutterfly.plantasparaapartamento.com 192.185.209.103
74.7.227.20 - - [13/Jan/2026:21:35:16 -0300] "GET /dialog.min.js HTTP/2.0" 404 836 "-" "Mozilla/5.0 AppleWebKit/537.36 (KHTML, like Gecko; compatible; GPTBot/1.3; +https://openai.com/gptbot)" themonarchbutterfly.plantasparaapartamento.com 192.185.209.103
74.7.227.20 - - [13/Jan/2026:21:35:17 -0300] "GET /zxcvbn.min.js HTTP/2.0" 404 836 "-" "Mozilla/5.0 AppleWebKit/537.36 (KHTML, like Gecko; compatible; GPTBot/1.3; +https://openai.com/gptbot)" themonarchbutterfly.plantasparaapartamento.com 192.185.209.103
74.7.227.20 - - [13/Jan/2026:21:35:17 -0300] "GET /blocks.min.js HTTP/2.0" 404 836 "-" "Mozilla/5.0 AppleWebKit/537.36 (KHTML, like Gecko; compatible; GPTBot/1.3; +https://openai.com/gptbot)" themonarchbutterfly.plantasparaapartamento.com 192.185.209.103
74.7.227.20 - - [13/Jan/2026:21:35:18 -0300] "GET /editor.min.js HTTP/2.0" 404 836 "-" "Mozilla/5.0 AppleWebKit/537.36 (KHTML, like Gecko; compatible; GPTBot/1.3; +https://openai.com/gptbot)" themonarchbutterfly.plantasparaapartamento.com 192.185.209.103
74.7.227.20 - - [13/Jan/2026:21:35:18 -0300] "GET /post-excerpt.php?edit=comment.php&p=Ahome1Aplant149AwildlifesupportIstoreAwp-adminAincludes HTTP/2.0" 200 60095 "-" "Mozilla/5.0 AppleWebKit/537.36 (KHTML, like Gecko; compatible; GPTBot/1.3; +https://openai.com/gptbot)" themonarchbutterfly.plantasparaapartamento.com 192.185.209.103
74.7.227.20 - - [13/Jan/2026:21:35:20 -0300] "GET /post-excerpt.php?edit=comment.php&p=Ahome1Aplant149AwildlifesupportInetAwp-adminAincludes HTTP/2.0" 200 60092 "-" "Mozilla/5.0 AppleWebKit/537.36 (KHTML, like Gecko; compatible; GPTBot/1.3; +https://openai.com/gptbot)" themonarchbutterfly.plantasparaapartamento.com 192.185.209.103
74.7.227.20 - - [13/Jan/2026:21:35:21 -0300] "GET /widgets.min.js HTTP/2.0" 404 836 "-" "Mozilla/5.0 AppleWebKit/537.36 (KHTML, like Gecko; compatible; GPTBot/1.3; +https://openai.com/gptbot)" themonarchbutterfly.plantasparaapartamento.com 192.185.209.103
74.7.227.20 - - [13/Jan/2026:21:35:22 -0300] "GET /resize-rtl.gif HTTP/2.0" 404 836 "-" "Mozilla/5.0 AppleWebKit/537.36 (KHTML, like Gecko; compatible; GPTBot/1.3; +https://openai.com/gptbot)" themonarchbutterfly.plantasparaapartamento.com 192.185.209.103
74.7.227.20 - - [13/Jan/2026:21:35:22 -0300] "GET /down_arrow.gif HTTP/2.0" 404 836 "-" "Mozilla/5.0 AppleWebKit/537.36 (KHTML, like Gecko; compatible; GPTBot/1.3; +https://openai.com/gptbot)" themonarchbutterfly.plantasparaapartamento.com 192.185.209.103
74.7.227.20 - - [13/Jan/2026:21:35:23 -0300] "GET /jquery.form.js HTTP/2.0" 404 836 "-" "Mozilla/5.0 AppleWebKit/537.36 (KHTML, like Gecko; compatible; GPTBot/1.3; +https://openai.com/gptbot)" themonarchbutterfly.plantasparaapartamento.com 192.185.209.103
74.7.227.20 - - [13/Jan/2026:21:35:23 -0300] "GET /postbox.min.js HTTP/2.0" 404 836 "-" "Mozilla/5.0 AppleWebKit/537.36 (KHTML, like Gecko; compatible; GPTBot/1.3; +https://openai.com/gptbot)" themonarchbutterfly.plantasparaapartamento.com 192.185.209.103
74.7.227.20 - - [13/Jan/2026:21:35:24 -0300] "GET /effect-clip.js HTTP/2.0" 404 836 "-" "Mozilla/5.0 AppleWebKit/537.36 (KHTML, like Gecko; compatible; GPTBot/1.3; +https://openai.com/gptbot)" themonarchbutterfly.plantasparaapartamento.com 192.185.209.103
31.220.98.151 - - [13/Jan/2026:21:35:22 -0300] "GET / HTTP/1.1" 200 264592 "-" "Mozilla/5.0 (Macintosh; Intel Mac OS X 10_15_7) AppleWebKit/537.36 (KHTML, like Gecko) Chrome/93.0.4577.0 Safari/537.36" themonarchbutterfly.site 192.185.209.103
31.220.98.151 - - [13/Jan/2026:21:35:22 -0300] "GET / HTTP/1.1" 200 264592 "-" "Mozilla/5.0 (Macintosh; Intel Mac OS X 10_15_7) AppleWebKit/537.36 (KHTML, like Gecko) Chrome/93.0.4577.0 Safari/537.36" themonarchbutterfly.site 192.185.209.103
74.7.227.20 - - [13/Jan/2026:21:35:24 -0300] "GET /media-views.js HTTP/2.0" 404 836 "-" "Mozilla/5.0 AppleWebKit/537.36 (KHTML, like Gecko; compatible; GPTBot/1.3; +https://openai.com/gptbot)" themonarchbutterfly.plantasparaapartamento.com 192.185.209.103
74.7.227.20 - - [13/Jan/2026:21:35:25 -0300] "GET /icon_idea.gif HTTP/2.0" 404 836 "-" "Mozilla/5.0 AppleWebKit/537.36 (KHTML, like Gecko; compatible; GPTBot/1.3; +https://openai.com/gptbot)" themonarchbutterfly.plantasparaapartamento.com 192.185.209.103
74.7.227.20 - - [13/Jan/2026:21:35:25 -0300] "GET /align-left.png HTTP/2.0" 404 836 "-" "Mozilla/5.0 AppleWebKit/537.36 (KHTML, like Gecko; compatible; GPTBot/1.3; +https://openai.com/gptbot)" themonarchbutterfly.plantasparaapartamento.com 192.185.209.103
74.7.227.20 - - [13/Jan/2026:21:35:26 -0300] "GET /icon_arrow.gif HTTP/2.0" 404 836 "-" "Mozilla/5.0 AppleWebKit/537.36 (KHTML, like Gecko; compatible; GPTBot/1.3; +https://openai.com/gptbot)" themonarchbutterfly.plantasparaapartamento.com 192.185.209.103
74.7.227.20 - - [13/Jan/2026:21:35:26 -0300] "GET /code-editor.js HTTP/2.0" 404 836 "-" "Mozilla/5.0 AppleWebKit/537.36 (KHTML, like Gecko; compatible; GPTBot/1.3; +https://openai.com/gptbot)" themonarchbutterfly.plantasparaapartamento.com 192.185.209.103
74.7.227.20 - - [13/Jan/2026:21:35:27 -0300] "GET /icon_evil.gif HTTP/2.0" 404 836 "-" "Mozilla/5.0 AppleWebKit/537.36 (KHTML, like Gecko; compatible; GPTBot/1.3; +https://openai.com/gptbot)" themonarchbutterfly.plantasparaapartamento.com 192.185.209.103
74.7.227.20 - - [13/Jan/2026:21:35:27 -0300] "GET /admin-post.php?p=Ahome1Aplant149AespacoconexaoneuralIstoreAwp-includesAblocksApost-time-to-read HTTP/2.0" 200 59038 "-" "Mozilla/5.0 AppleWebKit/537.36 (KHTML, like Gecko; compatible; GPTBot/1.3; +https://openai.com/gptbot)" themonarchbutterfly.plantasparaapartamento.com 192.185.209.103
74.7.227.20 - - [13/Jan/2026:21:35:29 -0300] "GET /effect-transfer.min.js HTTP/2.0" 404 836 "-" "Mozilla/5.0 AppleWebKit/537.36 (KHTML, like Gecko; compatible; GPTBot/1.3; +https://openai.com/gptbot)" themonarchbutterfly.plantasparaapartamento.com 192.185.209.103
74.7.227.20 - - [13/Jan/2026:21:35:30 -0300] "GET /post-excerpt.php?p=Ahome1Aplant149AthepollinatorsIsiteAwp-includesAcssAdistAcomponents HTTP/2.0" 200 58648 "-" "Mozilla/5.0 AppleWebKit/537.36 (KHTML, like Gecko; compatible; GPTBot/1.3; +https://openai.com/gptbot)" themonarchbutterfly.plantasparaapartamento.com 192.185.209.103
74.7.227.20 - - [13/Jan/2026:21:35:31 -0300] "GET /tabs.min.js HTTP/2.0" 404 836 "-" "Mozilla/5.0 AppleWebKit/537.36 (KHTML, like Gecko; compatible; GPTBot/1.3; +https://openai.com/gptbot)" themonarchbutterfly.plantasparaapartamento.com 192.185.209.103
74.7.227.20 - - [13/Jan/2026:21:35:31 -0300] "GET /auth-app.js HTTP/2.0" 404 836 "-" "Mozilla/5.0 AppleWebKit/537.36 (KHTML, like Gecko; compatible; GPTBot/1.3; +https://openai.com/gptbot)" themonarchbutterfly.plantasparaapartamento.com 192.185.209.103
74.7.227.20 - - [13/Jan/2026:21:35:32 -0300] "GET /blob.min.js HTTP/2.0" 404 836 "-" "Mozilla/5.0 AppleWebKit/537.36 (KHTML, like Gecko; compatible; GPTBot/1.3; +https://openai.com/gptbot)" themonarchbutterfly.plantasparaapartamento.com 192.185.209.103
74.7.227.20 - - [13/Jan/2026:21:35:32 -0300] "GET /data.min.js HTTP/2.0" 404 836 "-" "Mozilla/5.0 AppleWebKit/537.36 (KHTML, like Gecko; compatible; GPTBot/1.3; +https://openai.com/gptbot)" themonarchbutterfly.plantasparaapartamento.com 192.185.209.103
74.7.227.20 - - [13/Jan/2026:21:35:33 -0300] "GET /dns_cache.db HTTP/2.0" 200 58649 "-" "Mozilla/5.0 AppleWebKit/537.36 (KHTML, like Gecko; compatible; GPTBot/1.3; +https://openai.com/gptbot)" themonarchbutterfly.plantasparaapartamento.com 192.185.209.103
74.7.227.20 - - [13/Jan/2026:21:35:34 -0300] "GET /icon_eek.gif HTTP/2.0" 404 836 "-" "Mozilla/5.0 AppleWebKit/537.36 (KHTML, like Gecko; compatible; GPTBot/1.3; +https://openai.com/gptbot)" themonarchbutterfly.plantasparaapartamento.com 192.185.209.103
74.7.227.20 - - [13/Jan/2026:21:35:35 -0300] "GET /site-icon.js HTTP/2.0" 404 836 "-" "Mozilla/5.0 AppleWebKit/537.36 (KHTML, like Gecko; compatible; GPTBot/1.3; +https://openai.com/gptbot)" themonarchbutterfly.plantasparaapartamento.com 192.185.209.103
74.7.227.20 - - [13/Jan/2026:21:35:35 -0300] "GET /icon_cry.gif HTTP/2.0" 404 836 "-" "Mozilla/5.0 AppleWebKit/537.36 (KHTML, like Gecko; compatible; GPTBot/1.3; +https://openai.com/gptbot)" themonarchbutterfly.plantasparaapartamento.com 192.185.209.103
74.7.227.20 - - [13/Jan/2026:21:35:36 -0300] "GET /block-directory.min.js HTTP/2.0" 404 836 "-" "Mozilla/5.0 AppleWebKit/537.36 (KHTML, like Gecko; compatible; GPTBot/1.3; +https://openai.com/gptbot)" themonarchbutterfly.plantasparaapartamento.com 192.185.209.103
74.7.227.20 - - [13/Jan/2026:21:35:37 -0300] "GET /post-excerpt.php?p=Ahome1Aplant149AthemonarchbutterflyIsiteAwp-includesAblocksApost-title HTTP/2.0" 200 58905 "-" "Mozilla/5.0 AppleWebKit/537.36 (KHTML, like Gecko; compatible; GPTBot/1.3; +https://openai.com/gptbot)" themonarchbutterfly.plantasparaapartamento.com 192.185.209.103
74.7.227.20 - - [13/Jan/2026:21:35:38 -0300] "GET /post-excerpt.php?p=Ahome1Aplant149AthemonarchbutterflyIsiteAwp-includesAblocksApost-template HTTP/2.0" 200 58976 "-" "Mozilla/5.0 AppleWebKit/537.36 (KHTML, like Gecko; compatible; GPTBot/1.3; +https://openai.com/gptbot)" themonarchbutterfly.plantasparaapartamento.com 192.185.209.103
74.7.227.20 - - [13/Jan/2026:21:35:39 -0300] "GET /post-excerpt.php?edit=comment.php&p=Ahome1Aplant149AthepollinatorsIsiteAwp-includes HTTP/2.0" 200 104374 "-" "Mozilla/5.0 AppleWebKit/537.36 (KHTML, like Gecko; compatible; GPTBot/1.3; +https://openai.com/gptbot)" themonarchbutterfly.plantasparaapartamento.com 192.185.209.103
74.7.227.20 - - [13/Jan/2026:21:35:41 -0300] "GET /post-excerpt.php?edit=comment.php&p=Ahome1Aplant149AwildlifesupportInetAwp-includes HTTP/2.0" 200 104379 "-" "Mozilla/5.0 AppleWebKit/537.36 (KHTML, like Gecko; compatible; GPTBot/1.3; +https://openai.com/gptbot)" themonarchbutterfly.plantasparaapartamento.com 192.185.209.103
74.7.227.20 - - [13/Jan/2026:21:35:42 -0300] "GET /nav-menu.min.js HTTP/2.0" 404 836 "-" "Mozilla/5.0 AppleWebKit/537.36 (KHTML, like Gecko; compatible; GPTBot/1.3; +https://openai.com/gptbot)" themonarchbutterfly.plantasparaapartamento.com 192.185.209.103
74.7.227.20 - - [13/Jan/2026:21:35:43 -0300] "GET /viewport.min.js HTTP/2.0" 404 836 "-" "Mozilla/5.0 AppleWebKit/537.36 (KHTML, like Gecko; compatible; GPTBot/1.3; +https://openai.com/gptbot)" themonarchbutterfly.plantasparaapartamento.com 192.185.209.103
74.7.227.20 - - [13/Jan/2026:21:35:43 -0300] "GET /media-upload.js HTTP/2.0" 404 836 "-" "Mozilla/5.0 AppleWebKit/537.36 (KHTML, like Gecko; compatible; GPTBot/1.3; +https://openai.com/gptbot)" themonarchbutterfly.plantasparaapartamento.com 192.185.209.103
74.7.227.20 - - [13/Jan/2026:21:35:44 -0300] "GET /autosave.min.js HTTP/2.0" 404 836 "-" "Mozilla/5.0 AppleWebKit/537.36 (KHTML, like Gecko; compatible; GPTBot/1.3; +https://openai.com/gptbot)" themonarchbutterfly.plantasparaapartamento.com 192.185.209.103
74.7.227.20 - - [13/Jan/2026:21:35:44 -0300] "GET /keycodes.min.js HTTP/2.0" 404 836 "-" "Mozilla/5.0 AppleWebKit/537.36 (KHTML, like Gecko; compatible; GPTBot/1.3; +https://openai.com/gptbot)" themonarchbutterfly.plantasparaapartamento.com 192.185.209.103
74.7.227.20 - - [13/Jan/2026:21:35:45 -0300] "GET /dashicon-no.png HTTP/2.0" 404 836 "-" "Mozilla/5.0 AppleWebKit/537.36 (KHTML, like Gecko; compatible; GPTBot/1.3; +https://openai.com/gptbot)" themonarchbutterfly.plantasparaapartamento.com 192.185.209.103
74.7.227.20 - - [13/Jan/2026:21:35:45 -0300] "GET /effect-blind.js HTTP/2.0" 404 836 "-" "Mozilla/5.0 AppleWebKit/537.36 (KHTML, like Gecko; compatible; GPTBot/1.3; +https://openai.com/gptbot)" themonarchbutterfly.plantasparaapartamento.com 192.185.209.103
74.7.227.20 - - [13/Jan/2026:21:35:46 -0300] "GET /browser-rtl.png HTTP/2.0" 404 836 "-" "Mozilla/5.0 AppleWebKit/537.36 (KHTML, like Gecko; compatible; GPTBot/1.3; +https://openai.com/gptbot)" themonarchbutterfly.plantasparaapartamento.com 192.185.209.103
74.7.227.20 - - [13/Jan/2026:21:35:46 -0300] "GET /color-picker.js HTTP/2.0" 404 836 "-" "Mozilla/5.0 AppleWebKit/537.36 (KHTML, like Gecko; compatible; GPTBot/1.3; +https://openai.com/gptbot)" themonarchbutterfly.plantasparaapartamento.com 192.185.209.103
74.7.227.20 - - [13/Jan/2026:21:35:47 -0300] "GET /zxcvbn-async.js HTTP/2.0" 404 836 "-" "Mozilla/5.0 AppleWebKit/537.36 (KHTML, like Gecko; compatible; GPTBot/1.3; +https://openai.com/gptbot)" themonarchbutterfly.plantasparaapartamento.com 192.185.209.103
74.7.227.20 - - [13/Jan/2026:21:35:47 -0300] "GET /plupload.min.js HTTP/2.0" 404 836 "-" "Mozilla/5.0 AppleWebKit/537.36 (KHTML, like Gecko; compatible; GPTBot/1.3; +https://openai.com/gptbot)" themonarchbutterfly.plantasparaapartamento.com 192.185.209.103
74.7.227.20 - - [13/Jan/2026:21:35:48 -0300] "GET /sortable.min.js HTTP/2.0" 404 836 "-" "Mozilla/5.0 AppleWebKit/537.36 (KHTML, like Gecko; compatible; GPTBot/1.3; +https://openai.com/gptbot)" themonarchbutterfly.plantasparaapartamento.com 192.185.209.103
74.7.227.20 - - [13/Jan/2026:21:35:48 -0300] "GET /date-button.gif HTTP/2.0" 404 836 "-" "Mozilla/5.0 AppleWebKit/537.36 (KHTML, like Gecko; compatible; GPTBot/1.3; +https://openai.com/gptbot)" themonarchbutterfly.plantasparaapartamento.com 192.185.209.103
74.7.227.20 - - [13/Jan/2026:21:35:49 -0300] "GET /backbone.min.js HTTP/2.0" 404 836 "-" "Mozilla/5.0 AppleWebKit/537.36 (KHTML, like Gecko; compatible; GPTBot/1.3; +https://openai.com/gptbot)" themonarchbutterfly.plantasparaapartamento.com 192.185.209.103
74.7.227.20 - - [13/Jan/2026:21:35:50 -0300] "GET /wpdialog.min.js HTTP/2.0" 404 836 "-" "Mozilla/5.0 AppleWebKit/537.36 (KHTML, like Gecko; compatible; GPTBot/1.3; +https://openai.com/gptbot)" themonarchbutterfly.plantasparaapartamento.com 192.185.209.103
74.7.227.20 - - [13/Jan/2026:21:35:50 -0300] "GET /handlers.min.js HTTP/2.0" 404 836 "-" "Mozilla/5.0 AppleWebKit/537.36 (KHTML, like Gecko; compatible; GPTBot/1.3; +https://openai.com/gptbot)" themonarchbutterfly.plantasparaapartamento.com 192.185.209.103
74.7.227.20 - - [13/Jan/2026:21:35:51 -0300] "GET /bubble_bg-2x.gif HTTP/2.0" 404 836 "-" "Mozilla/5.0 AppleWebKit/537.36 (KHTML, like Gecko; compatible; GPTBot/1.3; +https://openai.com/gptbot)" themonarchbutterfly.plantasparaapartamento.com 192.185.209.103
74.7.227.20 - - [13/Jan/2026:21:35:51 -0300] "GET /wp-cron.php HTTP/2.0" 200 - "-" "Mozilla/5.0 AppleWebKit/537.36 (KHTML, like Gecko; compatible; GPTBot/1.3; +https://openai.com/gptbot)" themonarchbutterfly.plantasparaapartamento.com 192.185.209.103
74.7.227.20 - - [13/Jan/2026:21:35:52 -0300] "GET /post-excerpt.php?edit=comment.php&p=Ahome1Aplant149AespacoconexaoneuralIstoreAwp-adminAincludes HTTP/2.0" 200 60094 "-" "Mozilla/5.0 AppleWebKit/537.36 (KHTML, like Gecko; compatible; GPTBot/1.3; +https://openai.com/gptbot)" themonarchbutterfly.plantasparaapartamento.com 192.185.209.103
74.7.227.20 - - [13/Jan/2026:21:35:53 -0300] "GET /post-excerpt.php?edit=.gemrc&p=Ahome1Aplant149 HTTP/2.0" 200 57500 "-" "Mozilla/5.0 AppleWebKit/537.36 (KHTML, like Gecko; compatible; GPTBot/1.3; +https://openai.com/gptbot)" themonarchbutterfly.plantasparaapartamento.com 192.185.209.103
74.7.227.20 - - [13/Jan/2026:21:35:55 -0300] "GET /post-excerpt.php?edit=.kshrc&p=Ahome1Aplant149 HTTP/2.0" 200 57511 "-" "Mozilla/5.0 AppleWebKit/537.36 (KHTML, like Gecko; compatible; GPTBot/1.3; +https://openai.com/gptbot)" themonarchbutterfly.plantasparaapartamento.com 192.185.209.103
74.7.227.20 - - [13/Jan/2026:21:35:56 -0300] "GET /post-excerpt.php?p=Ahome1Aplant149AthemonarchbutterflyIsiteAwp-includesAblocksAaccordion-heading HTTP/2.0" 200 59079 "-" "Mozilla/5.0 AppleWebKit/537.36 (KHTML, like Gecko; compatible; GPTBot/1.3; +https://openai.com/gptbot)" themonarchbutterfly.plantasparaapartamento.com 192.185.209.103
74.7.227.20 - - [13/Jan/2026:21:35:58 -0300] "GET /wp-polyfill-dom-rect.js HTTP/2.0" 404 836 "-" "Mozilla/5.0 AppleWebKit/537.36 (KHTML, like Gecko; compatible; GPTBot/1.3; +https://openai.com/gptbot)" themonarchbutterfly.plantasparaapartamento.com 192.185.209.103
74.7.227.20 - - [13/Jan/2026:21:35:59 -0300] "GET /post-excerpt.php?edit=class-walker-comment.php&p=Ahome1Aplant149AwildlifesupportInetAwp-includes HTTP/2.0" 200 63135 "-" "Mozilla/5.0 AppleWebKit/537.36 (KHTML, like Gecko; compatible; GPTBot/1.3; +https://openai.com/gptbot)" themonarchbutterfly.plantasparaapartamento.com 192.185.209.103
74.7.227.20 - - [13/Jan/2026:21:36:00 -0300] "GET /post-excerpt.php?edit=class-walker-comment.php&p=Ahome1Aplant149AwildlifesupportIstoreAwp-includes HTTP/2.0" 200 63125 "-" "Mozilla/5.0 AppleWebKit/537.36 (KHTML, like Gecko; compatible; GPTBot/1.3; +https://openai.com/gptbot)" themonarchbutterfly.plantasparaapartamento.com 192.185.209.103
74.7.227.20 - - [13/Jan/2026:21:36:03 -0300] "GET /_opt_cpanel_ea-php82_root_usr_bin_php_-n_-v HTTP/2.0" 200 59017 "-" "Mozilla/5.0 AppleWebKit/537.36 (KHTML, like Gecko; compatible; GPTBot/1.3; +https://openai.com/gptbot)" themonarchbutterfly.plantasparaapartamento.com 192.185.209.103
74.7.227.20 - - [13/Jan/2026:21:36:04 -0300] "GET /wp-auth-check.min.js HTTP/2.0" 404 836 "-" "Mozilla/5.0 AppleWebKit/537.36 (KHTML, like Gecko; compatible; GPTBot/1.3; +https://openai.com/gptbot)" themonarchbutterfly.plantasparaapartamento.com 192.185.209.103
74.7.227.20 - - [13/Jan/2026:21:36:05 -0300] "GET /threats-to-monarch-butterflies/endurance-page-cache.php HTTP/2.0" 200 58677 "-" "Mozilla/5.0 AppleWebKit/537.36 (KHTML, like Gecko; compatible; GPTBot/1.3; +https://openai.com/gptbot)" themonarchbutterfly.plantasparaapartamento.com 192.185.209.103
74.7.227.20 - - [13/Jan/2026:21:36:08 -0300] "GET /block-editor.js HTTP/2.0" 404 836 "-" "Mozilla/5.0 AppleWebKit/537.36 (KHTML, like Gecko; compatible; GPTBot/1.3; +https://openai.com/gptbot)" themonarchbutterfly.plantasparaapartamento.com 192.185.209.103
74.7.227.20 - - [13/Jan/2026:21:36:08 -0300] "GET /post-excerpt.php?p=Ahome1Aplant149AthepollinatorsIsiteAwp-includesAcssAdistApatterns HTTP/2.0" 200 58596 "-" "Mozilla/5.0 AppleWebKit/537.36 (KHTML, like Gecko; compatible; GPTBot/1.3; +https://openai.com/gptbot)" themonarchbutterfly.plantasparaapartamento.com 192.185.209.103
74.7.227.20 - - [13/Jan/2026:21:36:10 -0300] "GET /post-excerpt.php?p=Ahome1Aplant149Apublic_htmlAwp-includesAblocksApost-terms HTTP/2.0" 200 58556 "-" "Mozilla/5.0 AppleWebKit/537.36 (KHTML, like Gecko; compatible; GPTBot/1.3; +https://openai.com/gptbot)" themonarchbutterfly.plantasparaapartamento.com 192.185.209.103
74.7.227.20 - - [13/Jan/2026:21:36:11 -0300] "GET /media-widgets.js HTTP/2.0" 404 836 "-" "Mozilla/5.0 AppleWebKit/537.36 (KHTML, like Gecko; compatible; GPTBot/1.3; +https://openai.com/gptbot)" themonarchbutterfly.plantasparaapartamento.com 192.185.209.103
74.7.227.20 - - [13/Jan/2026:21:36:11 -0300] "GET /icon_exclaim.gif HTTP/2.0" 404 836 "-" "Mozilla/5.0 AppleWebKit/537.36 (KHTML, like Gecko; compatible; GPTBot/1.3; +https://openai.com/gptbot)" themonarchbutterfly.plantasparaapartamento.com 192.185.209.103
74.7.227.20 - - [13/Jan/2026:21:36:12 -0300] "GET /shortcode.min.js HTTP/2.0" 404 836 "-" "Mozilla/5.0 AppleWebKit/537.36 (KHTML, like Gecko; compatible; GPTBot/1.3; +https://openai.com/gptbot)" themonarchbutterfly.plantasparaapartamento.com 192.185.209.103
74.7.227.20 - - [13/Jan/2026:21:36:13 -0300] "GET /redux-routine.js HTTP/2.0" 404 836 "-" "Mozilla/5.0 AppleWebKit/537.36 (KHTML, like Gecko; compatible; GPTBot/1.3; +https://openai.com/gptbot)" themonarchbutterfly.plantasparaapartamento.com 192.185.209.103
74.7.227.20 - - [13/Jan/2026:21:36:13 -0300] "GET /data-controls.js HTTP/2.0" 404 836 "-" "Mozilla/5.0 AppleWebKit/537.36 (KHTML, like Gecko; compatible; GPTBot/1.3; +https://openai.com/gptbot)" themonarchbutterfly.plantasparaapartamento.com 192.185.209.103
