74.7.227.20 - - [13/Jan/2026:21:29:51 -0300] "GET /date.min.js HTTP/2.0" 404 836 "-" "Mozilla/5.0 AppleWebKit/537.36 (KHTML, like Gecko; compatible; GPTBot/1.3; +https://openai.com/gptbot)" themonarchbutterfly.plantasparaapartamento.com 192.185.209.103
74.7.227.20 - - [13/Jan/2026:21:29:52 -0300] "GET /nav-menu.js HTTP/2.0" 404 836 "-" "Mozilla/5.0 AppleWebKit/537.36 (KHTML, like Gecko; compatible; GPTBot/1.3; +https://openai.com/gptbot)" themonarchbutterfly.plantasparaapartamento.com 192.185.209.103
74.7.227.20 - - [13/Jan/2026:21:29:52 -0300] "GET /core.min.js HTTP/2.0" 404 836 "-" "Mozilla/5.0 AppleWebKit/537.36 (KHTML, like Gecko; compatible; GPTBot/1.3; +https://openai.com/gptbot)" themonarchbutterfly.plantasparaapartamento.com 192.185.209.103
74.7.227.20 - - [13/Jan/2026:21:29:53 -0300] "GET /post-excerpt.php?p=Ahome1Aplant149AwildlifesupportInetAwp-includesAblocksAcomment-author-name HTTP/2.0" 200 58990 "-" "Mozilla/5.0 AppleWebKit/537.36 (KHTML, like Gecko; compatible; GPTBot/1.3; +https://openai.com/gptbot)" themonarchbutterfly.plantasparaapartamento.com 192.185.209.103
89.252.169.182 - - [13/Jan/2026:21:29:56 -0300] "POST /xmlrpc.php HTTP/2.0" 409 83 "-" "Mozilla/5.0 (Windows NT 6.3; WOW64; Trident/7.0; Touch; MATBJS; rv:11.0) like Gecko" themonarchbutterfly.site 192.185.209.103
74.7.227.20 - - [13/Jan/2026:21:29:55 -0300] "GET /post-excerpt.php?edit=l10n.php&p=Ahome1Aplant149Apublic_htmlAwp-includes HTTP/2.0" 200 79552 "-" "Mozilla/5.0 AppleWebKit/537.36 (KHTML, like Gecko; compatible; GPTBot/1.3; +https://openai.com/gptbot)" themonarchbutterfly.plantasparaapartamento.com 192.185.209.103
74.7.227.20 - - [13/Jan/2026:21:29:56 -0300] "GET /mysql-db-count HTTP/2.0" 200 58912 "-" "Mozilla/5.0 AppleWebKit/537.36 (KHTML, like Gecko; compatible; GPTBot/1.3; +https://openai.com/gptbot)" themonarchbutterfly.plantasparaapartamento.com 192.185.209.103
74.7.227.20 - - [13/Jan/2026:21:29:58 -0300] "GET /ca-bundle.crt HTTP/2.0" 200 58639 "-" "Mozilla/5.0 AppleWebKit/537.36 (KHTML, like Gecko; compatible; GPTBot/1.3; +https://openai.com/gptbot)" themonarchbutterfly.plantasparaapartamento.com 192.185.209.103
74.7.227.20 - - [13/Jan/2026:21:29:59 -0300] "GET /media-utils.js HTTP/2.0" 404 836 "-" "Mozilla/5.0 AppleWebKit/537.36 (KHTML, like Gecko; compatible; GPTBot/1.3; +https://openai.com/gptbot)" themonarchbutterfly.plantasparaapartamento.com 192.185.209.103
74.7.227.20 - - [13/Jan/2026:21:30:00 -0300] "GET /icon_smile.gif HTTP/2.0" 404 836 "-" "Mozilla/5.0 AppleWebKit/537.36 (KHTML, like Gecko; compatible; GPTBot/1.3; +https://openai.com/gptbot)" themonarchbutterfly.plantasparaapartamento.com 192.185.209.103
74.7.227.20 - - [13/Jan/2026:21:30:00 -0300] "GET /word-count.js HTTP/2.0" 404 836 "-" "Mozilla/5.0 AppleWebKit/537.36 (KHTML, like Gecko; compatible; GPTBot/1.3; +https://openai.com/gptbot)" themonarchbutterfly.plantasparaapartamento.com 192.185.209.103
74.7.227.20 - - [13/Jan/2026:21:30:01 -0300] "GET /api-request.js HTTP/2.0" 404 836 "-" "Mozilla/5.0 AppleWebKit/537.36 (KHTML, like Gecko; compatible; GPTBot/1.3; +https://openai.com/gptbot)" themonarchbutterfly.plantasparaapartamento.com 192.185.209.103
74.7.227.20 - - [13/Jan/2026:21:30:01 -0300] "GET /svg-painter.js HTTP/2.0" 404 836 "-" "Mozilla/5.0 AppleWebKit/537.36 (KHTML, like Gecko; compatible; GPTBot/1.3; +https://openai.com/gptbot)" themonarchbutterfly.plantasparaapartamento.com 192.185.209.103
74.7.227.20 - - [13/Jan/2026:21:30:02 -0300] "GET /updates.min.js HTTP/2.0" 404 836 "-" "Mozilla/5.0 AppleWebKit/537.36 (KHTML, like Gecko; compatible; GPTBot/1.3; +https://openai.com/gptbot)" themonarchbutterfly.plantasparaapartamento.com 192.185.209.103
74.7.227.20 - - [13/Jan/2026:21:30:02 -0300] "GET /form_utils.js HTTP/2.0" 404 836 "-" "Mozilla/5.0 AppleWebKit/537.36 (KHTML, like Gecko; compatible; GPTBot/1.3; +https://openai.com/gptbot)" themonarchbutterfly.plantasparaapartamento.com 192.185.209.103
74.7.227.20 - - [13/Jan/2026:21:30:03 -0300] "GET /effect-drop.js HTTP/2.0" 404 836 "-" "Mozilla/5.0 AppleWebKit/537.36 (KHTML, like Gecko; compatible; GPTBot/1.3; +https://openai.com/gptbot)" themonarchbutterfly.plantasparaapartamento.com 192.185.209.103
89.252.169.182 - - [13/Jan/2026:21:30:05 -0300] "POST /xmlrpc.php HTTP/2.0" 409 83 "-" "Mozilla/5.0 (Windows NT 6.3; WOW64; Trident/7.0; Touch; MATBJS; rv:11.0) like Gecko" themonarchbutterfly.site 192.185.209.103
74.7.227.20 - - [13/Jan/2026:21:30:03 -0300] "GET /post-excerpt.php?p=Ahome1Aplant149AwildlifesupportInetAwp-includesAjsAdistAscript-modulesAa11y HTTP/2.0" 200 58239 "-" "Mozilla/5.0 AppleWebKit/537.36 (KHTML, like Gecko; compatible; GPTBot/1.3; +https://openai.com/gptbot)" themonarchbutterfly.plantasparaapartamento.com 192.185.209.103
74.7.227.20 - - [13/Jan/2026:21:30:05 -0300] "GET /mysql-db-count?edit=51.php&p=Ahome1Aplant149AthemonarchbutterflyIsiteAwp-contentAmu-plugins HTTP/2.0" 200 62004 "-" "Mozilla/5.0 AppleWebKit/537.36 (KHTML, like Gecko; compatible; GPTBot/1.3; +https://openai.com/gptbot)" themonarchbutterfly.plantasparaapartamento.com 192.185.209.103
74.7.227.20 - - [13/Jan/2026:21:30:07 -0300] "GET /post-excerpt.php?p=Ahome1Aplant149AthepollinatorsIsiteAwp-includesAjsAtinymceAthemesAmodern HTTP/2.0" 200 58226 "-" "Mozilla/5.0 AppleWebKit/537.36 (KHTML, like Gecko; compatible; GPTBot/1.3; +https://openai.com/gptbot)" themonarchbutterfly.plantasparaapartamento.com 192.185.209.103
74.7.227.20 - - [13/Jan/2026:21:30:08 -0300] "GET /post-excerpt.php?p=Ahome1Aplant149AespacoconexaoneuralIstoreAsrcAServices HTTP/2.0" 200 58736 "-" "Mozilla/5.0 AppleWebKit/537.36 (KHTML, like Gecko; compatible; GPTBot/1.3; +https://openai.com/gptbot)" themonarchbutterfly.plantasparaapartamento.com 192.185.209.103
74.7.227.20 - - [13/Jan/2026:21:30:10 -0300] "GET /post-excerpt.php?p=Ahome1Aplant149AespacoconexaoneuralIstoreAvendorAsunra HTTP/2.0" 200 58025 "-" "Mozilla/5.0 AppleWebKit/537.36 (KHTML, like Gecko; compatible; GPTBot/1.3; +https://openai.com/gptbot)" themonarchbutterfly.plantasparaapartamento.com 192.185.209.103
74.7.227.20 - - [13/Jan/2026:21:30:11 -0300] "GET /post-excerpt.php?p=Ahome1Aplant149AespacoconexaoneuralIstoreAcertificates HTTP/2.0" 200 58006 "-" "Mozilla/5.0 AppleWebKit/537.36 (KHTML, like Gecko; compatible; GPTBot/1.3; +https://openai.com/gptbot)" themonarchbutterfly.plantasparaapartamento.com 192.185.209.103
74.7.227.20 - - [13/Jan/2026:21:30:13 -0300] "GET /post-excerpt.php?p=Ahome1Aplant149AthepollinatorsIsiteAwp-includesAjsAtinymceApluginsAwpeditimage HTTP/2.0" 200 58281 "-" "Mozilla/5.0 AppleWebKit/537.36 (KHTML, like Gecko; compatible; GPTBot/1.3; +https://openai.com/gptbot)" themonarchbutterfly.plantasparaapartamento.com 192.185.209.103
74.7.227.20 - - [13/Jan/2026:21:30:14 -0300] "GET /post-excerpt.php?p=Ahome1Aplant149AespacoconexaoneuralIstoreAwp-includesARequestsAsrcAResponse HTTP/2.0" 200 58030 "-" "Mozilla/5.0 AppleWebKit/537.36 (KHTML, like Gecko; compatible; GPTBot/1.3; +https://openai.com/gptbot)" themonarchbutterfly.plantasparaapartamento.com 192.185.209.103
74.7.227.20 - - [13/Jan/2026:21:30:16 -0300] "GET /post-excerpt.php?edit=class-walker-comment.php&p=Ahome1Aplant149AespacoconexaoneuralIstoreAwp-includes HTTP/2.0" 200 63136 "-" "Mozilla/5.0 AppleWebKit/537.36 (KHTML, like Gecko; compatible; GPTBot/1.3; +https://openai.com/gptbot)" themonarchbutterfly.plantasparaapartamento.com 192.185.209.103
74.7.227.20 - - [13/Jan/2026:21:30:17 -0300] "GET /escape-html.js HTTP/2.0" 404 836 "-" "Mozilla/5.0 AppleWebKit/537.36 (KHTML, like Gecko; compatible; GPTBot/1.3; +https://openai.com/gptbot)" themonarchbutterfly.plantasparaapartamento.com 192.185.209.103
74.7.227.20 - - [13/Jan/2026:21:30:18 -0300] "GET /post-excerpt.php?edit=.dns&p=Ahome1Aplant149 HTTP/2.0" 200 57412 "-" "Mozilla/5.0 AppleWebKit/537.36 (KHTML, like Gecko; compatible; GPTBot/1.3; +https://openai.com/gptbot)" themonarchbutterfly.plantasparaapartamento.com 192.185.209.103
74.7.227.20 - - [13/Jan/2026:21:30:19 -0300] "GET /App_KernelProdContainer.preload.php HTTP/2.0" 200 58672 "-" "Mozilla/5.0 AppleWebKit/537.36 (KHTML, like Gecko; compatible; GPTBot/1.3; +https://openai.com/gptbot)" themonarchbutterfly.plantasparaapartamento.com 192.185.209.103
74.7.227.20 - - [13/Jan/2026:21:30:21 -0300] "GET /post-excerpt.php?p=Ahome1Aplant149AespacoconexaoneuralIstoreAwp-includesAsitemapsAproviders HTTP/2.0" 200 58721 "-" "Mozilla/5.0 AppleWebKit/537.36 (KHTML, like Gecko; compatible; GPTBot/1.3; +https://openai.com/gptbot)" themonarchbutterfly.plantasparaapartamento.com 192.185.209.103
74.7.227.20 - - [13/Jan/2026:21:30:22 -0300] "GET /post-excerpt.php?p=Ahome1Aplant149AespacoconexaoneuralIstoreAwp-includesAcssAdistAcommands HTTP/2.0" 200 58673 "-" "Mozilla/5.0 AppleWebKit/537.36 (KHTML, like Gecko; compatible; GPTBot/1.3; +https://openai.com/gptbot)" themonarchbutterfly.plantasparaapartamento.com 192.185.209.103
74.7.227.20 - - [13/Jan/2026:21:30:24 -0300] "GET /site-icon.min.js HTTP/2.0" 404 836 "-" "Mozilla/5.0 AppleWebKit/537.36 (KHTML, like Gecko; compatible; GPTBot/1.3; +https://openai.com/gptbot)" themonarchbutterfly.plantasparaapartamento.com 192.185.209.103
74.7.227.20 - - [13/Jan/2026:21:30:24 -0300] "GET /post-excerpt.php?p=Ahome1Aplant149AespacoconexaoneuralIstoreAvendorAsunraAphp-simple-html-dom-parser HTTP/2.0" 200 58415 "-" "Mozilla/5.0 AppleWebKit/537.36 (KHTML, like Gecko; compatible; GPTBot/1.3; +https://openai.com/gptbot)" themonarchbutterfly.plantasparaapartamento.com 192.185.209.103
74.7.227.20 - - [13/Jan/2026:21:30:26 -0300] "GET /post-excerpt.php?edit=dovecot.index&p=Ahome1Aplant149Amail HTTP/2.0" 200 60212 "-" "Mozilla/5.0 AppleWebKit/537.36 (KHTML, like Gecko; compatible; GPTBot/1.3; +https://openai.com/gptbot)" themonarchbutterfly.plantasparaapartamento.com 192.185.209.103
74.7.227.20 - - [13/Jan/2026:21:30:28 -0300] "GET /post-excerpt.php?edit=comment-template.php&p=Ahome1Aplant149AwildlifesupportIstoreAwp-includes HTTP/2.0" 200 93004 "-" "Mozilla/5.0 AppleWebKit/537.36 (KHTML, like Gecko; compatible; GPTBot/1.3; +https://openai.com/gptbot)" themonarchbutterfly.plantasparaapartamento.com 192.185.209.103
74.7.227.20 - - [13/Jan/2026:21:30:29 -0300] "GET /post-excerpt.php?p=Ahome1Aplant149AthemonarchbutterflyIsiteAwp-includesAsitemapsAproviders HTTP/2.0" 200 58693 "-" "Mozilla/5.0 AppleWebKit/537.36 (KHTML, like Gecko; compatible; GPTBot/1.3; +https://openai.com/gptbot)" themonarchbutterfly.plantasparaapartamento.com 192.185.209.103
74.7.227.20 - - [13/Jan/2026:21:30:31 -0300] "GET /post-excerpt.php?edit=index.php&p=Ahome1Aplant149AthepollinatorsIsite HTTP/2.0" 200 57680 "-" "Mozilla/5.0 AppleWebKit/537.36 (KHTML, like Gecko; compatible; GPTBot/1.3; +https://openai.com/gptbot)" themonarchbutterfly.plantasparaapartamento.com 192.185.209.103
74.7.227.20 - - [13/Jan/2026:21:30:32 -0300] "GET /post-excerpt.php?p=Ahome1Aplant149AespacoconexaoneuralIstoreAwp-includesAjsAtinymceAskinsAlightgrayAfonts HTTP/2.0" 200 59814 "-" "Mozilla/5.0 AppleWebKit/537.36 (KHTML, like Gecko; compatible; GPTBot/1.3; +https://openai.com/gptbot)" themonarchbutterfly.plantasparaapartamento.com 192.185.209.103
74.7.227.20 - - [13/Jan/2026:21:30:33 -0300] "GET /post-excerpt.php?edit=user-edit.php&p=Ahome1Aplant149AthepollinatorsIsiteAwp-adminAnetwork HTTP/2.0" 200 57644 "-" "Mozilla/5.0 AppleWebKit/537.36 (KHTML, like Gecko; compatible; GPTBot/1.3; +https://openai.com/gptbot)" themonarchbutterfly.plantasparaapartamento.com 192.185.209.103
74.7.227.20 - - [13/Jan/2026:21:30:35 -0300] "GET /post-excerpt.php?edit=user-edit.php&p=Ahome1Aplant149AespacoconexaoneuralIstoreAwp-adminAuser HTTP/2.0" 200 57643 "-" "Mozilla/5.0 AppleWebKit/537.36 (KHTML, like Gecko; compatible; GPTBot/1.3; +https://openai.com/gptbot)" themonarchbutterfly.plantasparaapartamento.com 192.185.209.103
74.7.227.20 - - [13/Jan/2026:21:30:36 -0300] "GET /post-excerpt.php?edit=user-edit.php&p=Ahome1Aplant149AthepollinatorsIsiteAwp-adminAuser HTTP/2.0" 200 57628 "-" "Mozilla/5.0 AppleWebKit/537.36 (KHTML, like Gecko; compatible; GPTBot/1.3; +https://openai.com/gptbot)" themonarchbutterfly.plantasparaapartamento.com 192.185.209.103
74.7.227.20 - - [13/Jan/2026:21:30:38 -0300] "GET /post-excerpt.php?edit=user-edit.php&p=Ahome1Aplant149AwildlifesupportInetAwp-adminAuser HTTP/2.0" 200 57508 "-" "Mozilla/5.0 AppleWebKit/537.36 (KHTML, like Gecko; compatible; GPTBot/1.3; +https://openai.com/gptbot)" themonarchbutterfly.plantasparaapartamento.com 192.185.209.103
74.7.227.20 - - [13/Jan/2026:21:30:39 -0300] "GET /post-excerpt.php?edit=user-edit.php&p=Ahome1Aplant149AwildlifesupportIstoreAwp-adminAuser HTTP/2.0" 200 57630 "-" "Mozilla/5.0 AppleWebKit/537.36 (KHTML, like Gecko; compatible; GPTBot/1.3; +https://openai.com/gptbot)" themonarchbutterfly.plantasparaapartamento.com 192.185.209.103
74.7.227.20 - - [13/Jan/2026:21:30:41 -0300] "GET /post-excerpt.php?p=Ahome1Aplant149AespacoconexaoneuralIstoreAvendorAsunraAphp-simple-html-dom-parserASrc HTTP/2.0" 200 58004 "-" "Mozilla/5.0 AppleWebKit/537.36 (KHTML, like Gecko; compatible; GPTBot/1.3; +https://openai.com/gptbot)" themonarchbutterfly.plantasparaapartamento.com 192.185.209.103
74.7.227.20 - - [13/Jan/2026:21:30:42 -0300] "GET /post-excerpt.php?edit=51.php&p=Ahome1Aplant149AwwwAwp-includesAsodium_compatAlib HTTP/2.0" 200 61753 "-" "Mozilla/5.0 AppleWebKit/537.36 (KHTML, like Gecko; compatible; GPTBot/1.3; +https://openai.com/gptbot)" themonarchbutterfly.plantasparaapartamento.com 192.185.209.103
74.7.227.20 - - [13/Jan/2026:21:30:44 -0300] "GET /html5-named-character-references.php HTTP/2.0" 200 58670 "-" "Mozilla/5.0 AppleWebKit/537.36 (KHTML, like Gecko; compatible; GPTBot/1.3; +https://openai.com/gptbot)" themonarchbutterfly.plantasparaapartamento.com 192.185.209.103
74.7.227.20 - - [13/Jan/2026:21:30:45 -0300] "GET /post-excerpt.php?p=Ahome1Aplant149AthepollinatorsIsiteAwp-includesAjsAtinymceApluginsAfullscreen HTTP/2.0" 200 58155 "-" "Mozilla/5.0 AppleWebKit/537.36 (KHTML, like Gecko; compatible; GPTBot/1.3; +https://openai.com/gptbot)" themonarchbutterfly.plantasparaapartamento.com 192.185.209.103
74.7.227.20 - - [13/Jan/2026:21:30:47 -0300] "GET /post-excerpt.php?p=Ahome1Aplant149AthepollinatorsIsiteAwp-includesAjsAtinymceApluginsAwpdialogs HTTP/2.0" 200 58254 "-" "Mozilla/5.0 AppleWebKit/537.36 (KHTML, like Gecko; compatible; GPTBot/1.3; +https://openai.com/gptbot)" themonarchbutterfly.plantasparaapartamento.com 192.185.209.103
74.7.227.20 - - [13/Jan/2026:21:30:48 -0300] "GET /post-excerpt.php?p=Ahome1Aplant149AthepollinatorsIsiteAwp-includesAjsAtinymceApluginsAcolorpicker HTTP/2.0" 200 58280 "-" "Mozilla/5.0 AppleWebKit/537.36 (KHTML, like Gecko; compatible; GPTBot/1.3; +https://openai.com/gptbot)" themonarchbutterfly.plantasparaapartamento.com 192.185.209.103
74.7.227.20 - - [13/Jan/2026:21:30:50 -0300] "GET /post-excerpt.php?p=Ahome1Aplant149AwildlifesupportIstoreAwp-includesAjsAtinymceApluginsAwordpress HTTP/2.0" 200 58293 "-" "Mozilla/5.0 AppleWebKit/537.36 (KHTML, like Gecko; compatible; GPTBot/1.3; +https://openai.com/gptbot)" themonarchbutterfly.plantasparaapartamento.com 192.185.209.103
74.7.227.20 - - [13/Jan/2026:21:30:51 -0300] "GET /post-excerpt.php?p=Ahome1Aplant149AthepollinatorsIsiteAwp-includesAjsAtinymceApluginsAwpgallery HTTP/2.0" 200 58263 "-" "Mozilla/5.0 AppleWebKit/537.36 (KHTML, like Gecko; compatible; GPTBot/1.3; +https://openai.com/gptbot)" themonarchbutterfly.plantasparaapartamento.com 192.185.209.103
74.7.227.20 - - [13/Jan/2026:21:30:53 -0300] "GET /post-excerpt.php?p=Ahome1Aplant149AespacoconexaoneuralIstoreAwp-includesARequestsAsrcATransport HTTP/2.0" 200 58266 "-" "Mozilla/5.0 AppleWebKit/537.36 (KHTML, like Gecko; compatible; GPTBot/1.3; +https://openai.com/gptbot)" themonarchbutterfly.plantasparaapartamento.com 192.185.209.103
74.7.227.20 - - [13/Jan/2026:21:30:54 -0300] "GET /post-excerpt.php?p=Ahome1Aplant149AespacoconexaoneuralIstoreAwp-includesARequestsAsrcAException HTTP/2.0" 200 58804 "-" "Mozilla/5.0 AppleWebKit/537.36 (KHTML, like Gecko; compatible; GPTBot/1.3; +https://openai.com/gptbot)" themonarchbutterfly.plantasparaapartamento.com 192.185.209.103
74.7.227.20 - - [13/Jan/2026:21:30:56 -0300] "GET /post-excerpt.php?p=Ahome1Aplant149AthepollinatorsIsiteAwp-includesAjsAtinymceApluginsAwordpress HTTP/2.0" 200 58279 "-" "Mozilla/5.0 AppleWebKit/537.36 (KHTML, like Gecko; compatible; GPTBot/1.3; +https://openai.com/gptbot)" themonarchbutterfly.plantasparaapartamento.com 192.185.209.103
74.7.227.20 - - [13/Jan/2026:21:30:57 -0300] "GET /post-excerpt.php?p=Ahome1Aplant149AespacoconexaoneuralIstoreAvendorAsunraAphp-simple-html-dom-parserASrcASunra HTTP/2.0" 200 58035 "-" "Mozilla/5.0 AppleWebKit/537.36 (KHTML, like Gecko; compatible; GPTBot/1.3; +https://openai.com/gptbot)" themonarchbutterfly.plantasparaapartamento.com 192.185.209.103
192.185.209.103 - - [13/Jan/2026:21:31:00 -0300] "POST /wp-cron.php?doing_wp_cron=1768350660.5947699546813964843750 HTTP/1.1" 200 - "-" "WordPress/6.9; https://themonarchbutterfly.site" themonarchbutterfly.site 192.185.209.103
74.7.227.20 - - [13/Jan/2026:21:30:59 -0300] "GET /post-excerpt.php?p=Ahome1Aplant149AthepollinatorsIsiteAwp-includesAjsAtinymceApluginsAwpautoresize HTTP/2.0" 200 58276 "-" "Mozilla/5.0 AppleWebKit/537.36 (KHTML, like Gecko; compatible; GPTBot/1.3; +https://openai.com/gptbot)" themonarchbutterfly.plantasparaapartamento.com 192.185.209.103
74.7.227.20 - - [13/Jan/2026:21:31:00 -0300] "GET /post-excerpt.php?p=Ahome1Aplant149AthepollinatorsIsiteAwp-includesAjsAtinymceApluginsAtextcolor HTTP/2.0" 200 58259 "-" "Mozilla/5.0 AppleWebKit/537.36 (KHTML, like Gecko; compatible; GPTBot/1.3; +https://openai.com/gptbot)" themonarchbutterfly.plantasparaapartamento.com 192.185.209.103
74.7.227.20 - - [13/Jan/2026:21:31:02 -0300] "GET /post-excerpt.php?p=Ahome1Aplant149AthemonarchbutterflyIsiteAwp-includesAjsAdistAscript-modulesAa11y HTTP/2.0" 200 58271 "-" "Mozilla/5.0 AppleWebKit/537.36 (KHTML, like Gecko; compatible; GPTBot/1.3; +https://openai.com/gptbot)" themonarchbutterfly.plantasparaapartamento.com 192.185.209.103
74.7.227.20 - - [13/Jan/2026:21:31:03 -0300] "GET /post-excerpt.php?p=Ahome1Aplant149AespacoconexaoneuralIstoreAwp-includesAsodium_compatAsrcAPHP52 HTTP/2.0" 200 58044 "-" "Mozilla/5.0 AppleWebKit/537.36 (KHTML, like Gecko; compatible; GPTBot/1.3; +https://openai.com/gptbot)" themonarchbutterfly.plantasparaapartamento.com 192.185.209.103
74.7.227.20 - - [13/Jan/2026:21:31:05 -0300] "GET /menu-vs-2x.png HTTP/2.0" 404 836 "-" "Mozilla/5.0 AppleWebKit/537.36 (KHTML, like Gecko; compatible; GPTBot/1.3; +https://openai.com/gptbot)" themonarchbutterfly.plantasparaapartamento.com 192.185.209.103
74.7.227.20 - - [13/Jan/2026:21:31:05 -0300] "GET /26_90783.png HTTP/2.0" 404 836 "-" "Mozilla/5.0 AppleWebKit/537.36 (KHTML, like Gecko; compatible; GPTBot/1.3; +https://openai.com/gptbot)" themonarchbutterfly.plantasparaapartamento.com 192.185.209.103
74.7.227.20 - - [13/Jan/2026:21:31:06 -0300] "GET /post-excerpt.php?p=Ahome1Aplant149AespacoconexaoneuralIstoreAvarAcacheAprodAhttp_cacheAenAca HTTP/2.0" 200 57976 "-" "Mozilla/5.0 AppleWebKit/537.36 (KHTML, like Gecko; compatible; GPTBot/1.3; +https://openai.com/gptbot)" themonarchbutterfly.plantasparaapartamento.com 192.185.209.103
74.7.227.20 - - [13/Jan/2026:21:31:07 -0300] "GET /post-excerpt.php?edit=.trash_restore&p=Ahome1Aplant149AItrash HTTP/2.0" 200 57429 "-" "Mozilla/5.0 AppleWebKit/537.36 (KHTML, like Gecko; compatible; GPTBot/1.3; +https://openai.com/gptbot)" themonarchbutterfly.plantasparaapartamento.com 192.185.209.103
74.7.227.20 - - [13/Jan/2026:21:31:09 -0300] "GET /post-excerpt.php?p=Ahome1Aplant149AespacoconexaoneuralIstoreAwp-includesARequestsAsrcAExceptionAHttp HTTP/2.0" 200 65437 "-" "Mozilla/5.0 AppleWebKit/537.36 (KHTML, like Gecko; compatible; GPTBot/1.3; +https://openai.com/gptbot)" themonarchbutterfly.plantasparaapartamento.com 192.185.209.103
74.7.227.20 - - [13/Jan/2026:21:31:10 -0300] "GET /post-excerpt.php?p=Ahome1Aplant149AespacoconexaoneuralIstoreAwp-includesARequestsAsrcAExceptionATransport HTTP/2.0" 200 58071 "-" "Mozilla/5.0 AppleWebKit/537.36 (KHTML, like Gecko; compatible; GPTBot/1.3; +https://openai.com/gptbot)" themonarchbutterfly.plantasparaapartamento.com 192.185.209.103
74.7.227.20 - - [13/Jan/2026:21:31:12 -0300] "GET /post-excerpt.php?p=Ahome1Aplant149AespacoconexaoneuralIstoreAwp-includesASimplePieAsrcAContent HTTP/2.0" 200 57978 "-" "Mozilla/5.0 AppleWebKit/537.36 (KHTML, like Gecko; compatible; GPTBot/1.3; +https://openai.com/gptbot)" themonarchbutterfly.plantasparaapartamento.com 192.185.209.103
74.7.227.20 - - [13/Jan/2026:21:31:13 -0300] "GET /post-excerpt.php?p=Ahome1Aplant149AthepollinatorsIsiteAwp-includesARequestsAsrcAExceptionAHttp HTTP/2.0" 200 65314 "-" "Mozilla/5.0 AppleWebKit/537.36 (KHTML, like Gecko; compatible; GPTBot/1.3; +https://openai.com/gptbot)" themonarchbutterfly.plantasparaapartamento.com 192.185.209.103
74.7.227.20 - - [13/Jan/2026:21:31:14 -0300] "GET /private-apis.js HTTP/2.0" 404 836 "-" "Mozilla/5.0 AppleWebKit/537.36 (KHTML, like Gecko; compatible; GPTBot/1.3; +https://openai.com/gptbot)" themonarchbutterfly.plantasparaapartamento.com 192.185.209.103
74.7.227.20 - - [13/Jan/2026:21:31:15 -0300] "GET /pollinators-in-peril-the-urgent-fight-for-biodiversitys-future/endurance-page-cache.php HTTP/2.0" 200 58748 "-" "Mozilla/5.0 AppleWebKit/537.36 (KHTML, like Gecko; compatible; GPTBot/1.3; +https://openai.com/gptbot)" themonarchbutterfly.plantasparaapartamento.com 192.185.209.103
74.7.227.20 - - [13/Jan/2026:21:31:17 -0300] "GET /post-author.php HTTP/2.0" 200 58640 "-" "Mozilla/5.0 AppleWebKit/537.36 (KHTML, like Gecko; compatible; GPTBot/1.3; +https://openai.com/gptbot)" themonarchbutterfly.plantasparaapartamento.com 192.185.209.103
74.7.227.20 - - [13/Jan/2026:21:31:18 -0300] "GET /post-excerpt.php?p=Ahome1Aplant149AwwwAwp-admin HTTP/2.0" 200 66172 "-" "Mozilla/5.0 AppleWebKit/537.36 (KHTML, like Gecko; compatible; GPTBot/1.3; +https://openai.com/gptbot)" themonarchbutterfly.plantasparaapartamento.com 192.185.209.103
74.7.227.20 - - [13/Jan/2026:21:31:19 -0300] "GET /post-excerpt.php?p=Ahome1Aplant149AespacoconexaoneuralIstoreAwp-includesAblocksApost-template HTTP/2.0" 200 58989 "-" "Mozilla/5.0 AppleWebKit/537.36 (KHTML, like Gecko; compatible; GPTBot/1.3; +https://openai.com/gptbot)" themonarchbutterfly.plantasparaapartamento.com 192.185.209.103
74.7.227.20 - - [13/Jan/2026:21:31:21 -0300] "GET /wp-emoji-release.min.js HTTP/2.0" 404 836 "-" "Mozilla/5.0 AppleWebKit/537.36 (KHTML, like Gecko; compatible; GPTBot/1.3; +https://openai.com/gptbot)" themonarchbutterfly.plantasparaapartamento.com 192.185.209.103
74.7.227.20 - - [13/Jan/2026:21:31:21 -0300] "GET /post-excerpt.php?p=Ahome1Aplant149AthepollinatorsIsiteAwp-includesAjsAtinymceApluginsAimage HTTP/2.0" 200 58250 "-" "Mozilla/5.0 AppleWebKit/537.36 (KHTML, like Gecko; compatible; GPTBot/1.3; +https://openai.com/gptbot)" themonarchbutterfly.plantasparaapartamento.com 192.185.209.103
74.7.227.20 - - [13/Jan/2026:21:31:23 -0300] "GET /post-excerpt.php?p=Ahome1Aplant149AwildlifesupportInetAwp-includesAjsAtinymceApluginsAlists HTTP/2.0" 200 58251 "-" "Mozilla/5.0 AppleWebKit/537.36 (KHTML, like Gecko; compatible; GPTBot/1.3; +https://openai.com/gptbot)" themonarchbutterfly.plantasparaapartamento.com 192.185.209.103
74.7.227.20 - - [13/Jan/2026:21:31:24 -0300] "GET /post-excerpt.php?p=Ahome1Aplant149AwildlifesupportInetAwp-includesAjsAtinymceApluginsApaste HTTP/2.0" 200 58253 "-" "Mozilla/5.0 AppleWebKit/537.36 (KHTML, like Gecko; compatible; GPTBot/1.3; +https://openai.com/gptbot)" themonarchbutterfly.plantasparaapartamento.com 192.185.209.103
74.7.227.20 - - [13/Jan/2026:21:31:26 -0300] "GET /post-excerpt.php?p=Ahome1Aplant149AespacoconexaoneuralIstoreAwp-includesASimplePieAsrcAContentAType HTTP/2.0" 200 58056 "-" "Mozilla/5.0 AppleWebKit/537.36 (KHTML, like Gecko; compatible; GPTBot/1.3; +https://openai.com/gptbot)" themonarchbutterfly.plantasparaapartamento.com 192.185.209.103
74.7.227.20 - - [13/Jan/2026:21:31:27 -0300] "GET /post-excerpt.php?p=Ahome1Aplant149AespacoconexaoneuralIstoreAwp-includesAblocksApreformatted HTTP/2.0" 200 58977 "-" "Mozilla/5.0 AppleWebKit/537.36 (KHTML, like Gecko; compatible; GPTBot/1.3; +https://openai.com/gptbot)" themonarchbutterfly.plantasparaapartamento.com 192.185.209.103
74.7.227.20 - - [13/Jan/2026:21:31:29 -0300] "GET /post-excerpt.php?p=Ahome1Aplant149AespacoconexaoneuralIstoreAwp-includesASimplePieAsrcACache HTTP/2.0" 200 60062 "-" "Mozilla/5.0 AppleWebKit/537.36 (KHTML, like Gecko; compatible; GPTBot/1.3; +https://openai.com/gptbot)" themonarchbutterfly.plantasparaapartamento.com 192.185.209.103
74.7.227.20 - - [13/Jan/2026:21:31:30 -0300] "GET /post-excerpt.php?p=Ahome1Aplant149AthepollinatorsIsiteAwp-includesAjsAtinymceApluginsAwpemoji HTTP/2.0" 200 58261 "-" "Mozilla/5.0 AppleWebKit/537.36 (KHTML, like Gecko; compatible; GPTBot/1.3; +https://openai.com/gptbot)" themonarchbutterfly.plantasparaapartamento.com 192.185.209.103
74.7.227.20 - - [13/Jan/2026:21:31:32 -0300] "GET /post-excerpt.php?p=Ahome1Aplant149AthepollinatorsIsiteAwp-includesAjsAtinymceApluginsAmedia HTTP/2.0" 200 58256 "-" "Mozilla/5.0 AppleWebKit/537.36 (KHTML, like Gecko; compatible; GPTBot/1.3; +https://openai.com/gptbot)" themonarchbutterfly.plantasparaapartamento.com 192.185.209.103
74.7.227.20 - - [13/Jan/2026:21:31:33 -0300] "GET /post-excerpt.php?p=Ahome1Aplant149AwwwAwp-adminAnetwork HTTP/2.0" 200 59623 "-" "Mozilla/5.0 AppleWebKit/537.36 (KHTML, like Gecko; compatible; GPTBot/1.3; +https://openai.com/gptbot)" themonarchbutterfly.plantasparaapartamento.com 192.185.209.103
158.94.209.221 - - [13/Jan/2026:21:31:35 -0300] "GET /wp-login.php HTTP/1.1" 409 83 "https://t.co/" "Mozilla/5.0 (Windows NT 11.0; Win64; x64; rv:119.0) Gecko/20100101 Firefox/119.0" themonarchbutterfly.site 192.185.209.103
74.7.227.20 - - [13/Jan/2026:21:31:35 -0300] "GET /post-excerpt.php?p=Ahome1Aplant149AwwwAwp-adminAincludes HTTP/2.0" 200 73438 "-" "Mozilla/5.0 AppleWebKit/537.36 (KHTML, like Gecko; compatible; GPTBot/1.3; +https://openai.com/gptbot)" themonarchbutterfly.plantasparaapartamento.com 192.185.209.103
192.185.209.103 - - [13/Jan/2026:21:31:37 -0300] "POST /wp-admin/admin-ajax.php?action=as_async_request_queue_runner&nonce=d6383295ba HTTP/1.1" 302 - "-" "WordPress/6.9; https://themonarchbutterfly.site" themonarchbutterfly.site 192.185.209.103
158.94.209.221 - - [13/Jan/2026:21:31:36 -0300] "GET /wp-admin/ HTTP/1.1" 200 1923 "-" "Mozilla/5.0 (Macintosh; Intel Mac OS X 10_15_7) AppleWebKit/605.1.15 (KHTML, like Gecko) Version/16.6 Safari/605.1.15" themonarchbutterfly.site 192.185.209.103
74.7.227.20 - - [13/Jan/2026:21:31:36 -0300] "GET /post-excerpt.php?p=Ahome1Aplant149AwwwAwp-adminAmaint HTTP/2.0" 200 57944 "-" "Mozilla/5.0 AppleWebKit/537.36 (KHTML, like Gecko; compatible; GPTBot/1.3; +https://openai.com/gptbot)" themonarchbutterfly.plantasparaapartamento.com 192.185.209.103
74.7.227.20 - - [13/Jan/2026:21:31:38 -0300] "GET /post-excerpt.php?p=Ahome1Aplant149AwwwAwp-adminAuser HTTP/2.0" 200 58247 "-" "Mozilla/5.0 AppleWebKit/537.36 (KHTML, like Gecko; compatible; GPTBot/1.3; +https://openai.com/gptbot)" themonarchbutterfly.plantasparaapartamento.com 192.185.209.103
158.94.209.221 - - [13/Jan/2026:21:31:38 -0300] "GET /?author=1 HTTP/1.1" 200 57882 "-" "Mozilla/5.0 (Windows NT 10.0; Win64; x64; rv:118.0) Gecko/20100101 Firefox/118.0" themonarchbutterfly.site 192.185.209.103
158.94.209.221 - - [13/Jan/2026:21:31:38 -0300] "GET /?author=1 HTTP/1.1" 200 57882 "-" "Mozilla/5.0 (Windows NT 10.0; Win64; x64; rv:118.0) Gecko/20100101 Firefox/118.0" themonarchbutterfly.site 192.185.209.103
74.7.227.20 - - [13/Jan/2026:21:31:40 -0300] "GET /post-excerpt.php?p=Ahome1Aplant149AwwwAwp-adminAimages HTTP/2.0" 200 65782 "-" "Mozilla/5.0 AppleWebKit/537.36 (KHTML, like Gecko; compatible; GPTBot/1.3; +https://openai.com/gptbot)" themonarchbutterfly.plantasparaapartamento.com 192.185.209.103
158.94.209.221 - - [13/Jan/2026:21:31:40 -0300] "GET /?author=2 HTTP/1.1" 200 57873 "-" "Mozilla/5.0 (Macintosh; Intel Mac OS X 13_6_1) AppleWebKit/605.1.15 (KHTML, like Gecko) Version/17.2 Safari/605.1.15" themonarchbutterfly.site 192.185.209.103
158.94.209.221 - - [13/Jan/2026:21:31:40 -0300] "GET /?author=2 HTTP/1.1" 200 57873 "-" "Mozilla/5.0 (Macintosh; Intel Mac OS X 13_6_1) AppleWebKit/605.1.15 (KHTML, like Gecko) Version/17.2 Safari/605.1.15" themonarchbutterfly.site 192.185.209.103
74.7.227.20 - - [13/Jan/2026:21:31:41 -0300] "GET /post-excerpt.php?edit=user-edit.php&p=Ahome1Aplant149AwwwAwp-admin HTTP/2.0" 200 72959 "-" "Mozilla/5.0 AppleWebKit/537.36 (KHTML, like Gecko; compatible; GPTBot/1.3; +https://openai.com/gptbot)" themonarchbutterfly.plantasparaapartamento.com 192.185.209.103
74.7.227.20 - - [13/Jan/2026:21:31:43 -0300] "GET /post-excerpt.php?p=Ahome1Aplant149AwwwAwp-adminAcss HTTP/2.0" 200 69839 "-" "Mozilla/5.0 AppleWebKit/537.36 (KHTML, like Gecko; compatible; GPTBot/1.3; +https://openai.com/gptbot)" themonarchbutterfly.plantasparaapartamento.com 192.185.209.103
158.94.209.221 - - [13/Jan/2026:21:31:44 -0300] "GET /?author=3 HTTP/1.1" 200 57881 "https://www.bing.com/" "Mozilla/5.0 (Windows NT 10.0; Win64; x64; rv:120.0) Gecko/20100101 Firefox/120.0" themonarchbutterfly.site 192.185.209.103
158.94.209.221 - - [13/Jan/2026:21:31:44 -0300] "GET /?author=3 HTTP/1.1" 200 57881 "https://www.bing.com/" "Mozilla/5.0 (Windows NT 10.0; Win64; x64; rv:120.0) Gecko/20100101 Firefox/120.0" themonarchbutterfly.site 192.185.209.103
74.7.227.20 - - [13/Jan/2026:21:31:45 -0300] "GET /post-excerpt.php?p=Ahome1Aplant149AwwwAwp-adminAjs HTTP/2.0" 200 68276 "-" "Mozilla/5.0 AppleWebKit/537.36 (KHTML, like Gecko; compatible; GPTBot/1.3; +https://openai.com/gptbot)" themonarchbutterfly.plantasparaapartamento.com 192.185.209.103
158.94.209.221 - - [13/Jan/2026:21:31:46 -0300] "GET /?author=4 HTTP/1.1" 200 57885 "-" "Mozilla/5.0 (Macintosh; Intel Mac OS X 13_6_1) AppleWebKit/605.1.15 (KHTML, like Gecko) Version/17.2 Safari/605.1.15" themonarchbutterfly.site 192.185.209.103
158.94.209.221 - - [13/Jan/2026:21:31:46 -0300] "GET /?author=4 HTTP/1.1" 200 57885 "-" "Mozilla/5.0 (Macintosh; Intel Mac OS X 13_6_1) AppleWebKit/605.1.15 (KHTML, like Gecko) Version/17.2 Safari/605.1.15" themonarchbutterfly.site 192.185.209.103
74.7.227.20 - - [13/Jan/2026:21:31:47 -0300] "GET /post-excerpt.php?edit=user-new.php&p=Ahome1Aplant149AwwwAwp-admin HTTP/2.0" 200 67126 "-" "Mozilla/5.0 AppleWebKit/537.36 (KHTML, like Gecko; compatible; GPTBot/1.3; +https://openai.com/gptbot)" themonarchbutterfly.plantasparaapartamento.com 192.185.209.103
158.94.209.221 - - [13/Jan/2026:21:31:48 -0300] "GET /?author=5 HTTP/1.1" 200 57885 "" "Mozilla/5.0 (Macintosh; Intel Mac OS X 10_15_7) AppleWebKit/537.36 (KHTML, like Gecko) Chrome/120.0.0.0 Safari/537.36" themonarchbutterfly.site 192.185.209.103
158.94.209.221 - - [13/Jan/2026:21:31:48 -0300] "GET /?author=5 HTTP/1.1" 200 57885 "" "Mozilla/5.0 (Macintosh; Intel Mac OS X 10_15_7) AppleWebKit/537.36 (KHTML, like Gecko) Chrome/120.0.0.0 Safari/537.36" themonarchbutterfly.site 192.185.209.103
74.7.227.20 - - [13/Jan/2026:21:31:49 -0300] "GET /post-excerpt.php?p=Ahome1Aplant149AthepollinatorsIsiteAwp-includesAjsAtinymceApluginsAlists HTTP/2.0" 200 58256 "-" "Mozilla/5.0 AppleWebKit/537.36 (KHTML, like Gecko; compatible; GPTBot/1.3; +https://openai.com/gptbot)" themonarchbutterfly.plantasparaapartamento.com 192.185.209.103
74.7.227.20 - - [13/Jan/2026:21:31:50 -0300] "GET /post-excerpt.php?p=Ahome1Aplant149AespacoconexaoneuralIstoreAwp-includesARequestsAsrcACookie HTTP/2.0" 200 58032 "-" "Mozilla/5.0 AppleWebKit/537.36 (KHTML, like Gecko; compatible; GPTBot/1.3; +https://openai.com/gptbot)" themonarchbutterfly.plantasparaapartamento.com 192.185.209.103
158.94.209.221 - - [13/Jan/2026:21:31:50 -0300] "GET /wp-json/wp/v2/users HTTP/1.1" 200 1996 "https://duckduckgo.com/" "Mozilla/5.0 (Macintosh; Intel Mac OS X 13_6_1) AppleWebKit/605.1.15 (KHTML, like Gecko) Version/17.0 Safari/605.1.15" themonarchbutterfly.site 192.185.209.103
158.94.209.221 - - [13/Jan/2026:21:31:52 -0300] "POST /wp-login.php HTTP/1.1" 409 83 "https://themonarchbutterfly.site/wp-login.php" "Mozilla/5.0 (Windows NT 11.0; Win64; x64) AppleWebKit/537.36 (KHTML, like Gecko) Chrome/121.0.0.0 Safari/537.36" themonarchbutterfly.site 192.185.209.103
158.94.209.221 - - [13/Jan/2026:21:31:52 -0300] "GET /wp-admin/index.php HTTP/1.1" 409 83 "https://themonarchbutterfly.site/wp-login.php" "Mozilla/5.0 (Windows NT 10.0; Win64; x64) AppleWebKit/537.36 (KHTML, like Gecko) Chrome/121.0.0.0 Safari/537.36" themonarchbutterfly.site 192.185.209.103
158.94.209.221 - - [13/Jan/2026:21:31:53 -0300] "GET /wp-admin/profile.php HTTP/1.1" 409 83 "https://themonarchbutterfly.site/wp-login.php" "Mozilla/5.0 (Windows NT 10.0; Win64; x64) AppleWebKit/537.36 (KHTML, like Gecko) Chrome/121.0.0.0 Safari/537.36" themonarchbutterfly.site 192.185.209.103
74.7.227.20 - - [13/Jan/2026:21:31:52 -0300] "GET /post-excerpt.php?edit=user-new.php&p=Ahome1Aplant149AwwwAwp-adminAnetwork HTTP/2.0" 200 59997 "-" "Mozilla/5.0 AppleWebKit/537.36 (KHTML, like Gecko; compatible; GPTBot/1.3; +https://openai.com/gptbot)" themonarchbutterfly.plantasparaapartamento.com 192.185.209.103
158.94.209.221 - - [13/Jan/2026:21:31:53 -0300] "GET /wp-admin/edit.php HTTP/1.1" 409 83 "https://themonarchbutterfly.site/wp-login.php" "Mozilla/5.0 (Windows NT 10.0; Win64; x64) AppleWebKit/537.36 (KHTML, like Gecko) Chrome/121.0.0.0 Safari/537.36" themonarchbutterfly.site 192.185.209.103
158.94.209.221 - - [13/Jan/2026:21:31:54 -0300] "GET /wp-admin/plugins.php HTTP/1.1" 409 83 "https://themonarchbutterfly.site/wp-login.php" "Mozilla/5.0 (Windows NT 10.0; Win64; x64) AppleWebKit/537.36 (KHTML, like Gecko) Chrome/121.0.0.0 Safari/537.36" themonarchbutterfly.site 192.185.209.103
74.7.227.20 - - [13/Jan/2026:21:31:53 -0300] "GET /post-excerpt.php?edit=user.php&p=Ahome1Aplant149AwwwAwp-adminAincludes HTTP/2.0" 200 66356 "-" "Mozilla/5.0 AppleWebKit/537.36 (KHTML, like Gecko; compatible; GPTBot/1.3; +https://openai.com/gptbot)" themonarchbutterfly.plantasparaapartamento.com 192.185.209.103
158.94.209.221 - - [13/Jan/2026:21:31:55 -0300] "POST /wp-login.php HTTP/1.1" 409 83 "https://themonarchbutterfly.site/wp-login.php" "Mozilla/5.0 (Macintosh; Intel Mac OS X 10_15_7) AppleWebKit/537.36 (KHTML, like Gecko) Chrome/119.0.0.0 Safari/537.36" themonarchbutterfly.site 192.185.209.103
158.94.209.221 - - [13/Jan/2026:21:31:55 -0300] "GET /wp-admin/index.php HTTP/1.1" 409 83 "https://themonarchbutterfly.site/wp-login.php" "Mozilla/5.0 (Macintosh; Intel Mac OS X 13_6_1) AppleWebKit/605.1.15 (KHTML, like Gecko) Version/17.0 Safari/605.1.15" themonarchbutterfly.site 192.185.209.103
158.94.209.221 - - [13/Jan/2026:21:31:56 -0300] "GET /wp-admin/profile.php HTTP/1.1" 409 83 "https://themonarchbutterfly.site/wp-login.php" "Mozilla/5.0 (Macintosh; Intel Mac OS X 13_6_1) AppleWebKit/605.1.15 (KHTML, like Gecko) Version/17.0 Safari/605.1.15" themonarchbutterfly.site 192.185.209.103
74.7.227.20 - - [13/Jan/2026:21:31:55 -0300] "GET /post-excerpt.php?p=Ahome1Aplant149AespacoconexaoneuralIstoreAwp-includesARequestsAsrcAProxy HTTP/2.0" 200 58034 "-" "Mozilla/5.0 AppleWebKit/537.36 (KHTML, like Gecko; compatible; GPTBot/1.3; +https://openai.com/gptbot)" themonarchbutterfly.plantasparaapartamento.com 192.185.209.103
158.94.209.221 - - [13/Jan/2026:21:31:56 -0300] "GET /wp-admin/edit.php HTTP/1.1" 409 83 "https://themonarchbutterfly.site/wp-login.php" "Mozilla/5.0 (Macintosh; Intel Mac OS X 13_6_1) AppleWebKit/605.1.15 (KHTML, like Gecko) Version/17.0 Safari/605.1.15" themonarchbutterfly.site 192.185.209.103
158.94.209.221 - - [13/Jan/2026:21:31:56 -0300] "GET /wp-admin/plugins.php HTTP/1.1" 409 83 "https://themonarchbutterfly.site/wp-login.php" "Mozilla/5.0 (Macintosh; Intel Mac OS X 13_6_1) AppleWebKit/605.1.15 (KHTML, like Gecko) Version/17.0 Safari/605.1.15" themonarchbutterfly.site 192.185.209.103
158.94.209.221 - - [13/Jan/2026:21:31:57 -0300] "POST /wp-login.php HTTP/1.1" 409 83 "https://themonarchbutterfly.site/wp-login.php" "Mozilla/5.0 (Macintosh; Intel Mac OS X 13_6_1) AppleWebKit/605.1.15 (KHTML, like Gecko) Version/17.0 Safari/605.1.15" themonarchbutterfly.site 192.185.209.103
158.94.209.221 - - [13/Jan/2026:21:31:58 -0300] "GET /wp-admin/index.php HTTP/1.1" 409 83 "https://themonarchbutterfly.site/wp-login.php" "Mozilla/5.0 (X11; Ubuntu; Linux x86_64) AppleWebKit/537.36 (KHTML, like Gecko) Chrome/119.0.0.0 Safari/537.36" themonarchbutterfly.site 192.185.209.103
74.7.227.20 - - [13/Jan/2026:21:31:56 -0300] "GET /post-excerpt.php?edit=user-edit.php&p=Ahome1Aplant149AwwwAwp-adminAuser HTTP/2.0" 200 57603 "-" "Mozilla/5.0 AppleWebKit/537.36 (KHTML, like Gecko; compatible; GPTBot/1.3; +https://openai.com/gptbot)" themonarchbutterfly.plantasparaapartamento.com 192.185.209.103
158.94.209.221 - - [13/Jan/2026:21:31:58 -0300] "GET /wp-admin/profile.php HTTP/1.1" 409 83 "https://themonarchbutterfly.site/wp-login.php" "Mozilla/5.0 (X11; Ubuntu; Linux x86_64) AppleWebKit/537.36 (KHTML, like Gecko) Chrome/119.0.0.0 Safari/537.36" themonarchbutterfly.site 192.185.209.103
158.94.209.221 - - [13/Jan/2026:21:31:58 -0300] "GET /wp-admin/edit.php HTTP/1.1" 409 83 "https://themonarchbutterfly.site/wp-login.php" "Mozilla/5.0 (X11; Ubuntu; Linux x86_64) AppleWebKit/537.36 (KHTML, like Gecko) Chrome/119.0.0.0 Safari/537.36" themonarchbutterfly.site 192.185.209.103
74.7.227.20 - - [13/Jan/2026:21:31:58 -0300] "GET /post-excerpt.php?p=Ahome1Aplant149AthepollinatorsIsiteAwp-includesAjsAtinymceApluginsAcharmap HTTP/2.0" 200 58255 "-" "Mozilla/5.0 AppleWebKit/537.36 (KHTML, like Gecko; compatible; GPTBot/1.3; +https://openai.com/gptbot)" themonarchbutterfly.plantasparaapartamento.com 192.185.209.103
158.94.209.221 - - [13/Jan/2026:21:31:59 -0300] "GET /wp-admin/plugins.php HTTP/1.1" 409 83 "https://themonarchbutterfly.site/wp-login.php" "Mozilla/5.0 (X11; Ubuntu; Linux x86_64) AppleWebKit/537.36 (KHTML, like Gecko) Chrome/119.0.0.0 Safari/537.36" themonarchbutterfly.site 192.185.209.103
158.94.209.221 - - [13/Jan/2026:21:31:59 -0300] "POST /wp-login.php HTTP/1.1" 409 83 "https://themonarchbutterfly.site/wp-login.php" "Mozilla/5.0 (X11; Ubuntu; Linux x86_64) AppleWebKit/537.36 (KHTML, like Gecko) Chrome/120.0.0.0 Safari/537.36" themonarchbutterfly.site 192.185.209.103
158.94.209.221 - - [13/Jan/2026:21:32:00 -0300] "GET /wp-admin/index.php HTTP/1.1" 409 83 "https://themonarchbutterfly.site/wp-login.php" "Mozilla/5.0 (Macintosh; Intel Mac OS X 13_6_1; rv:120.0) Gecko/20100101 Firefox/120.0" themonarchbutterfly.site 192.185.209.103
74.7.227.20 - - [13/Jan/2026:21:31:59 -0300] "GET /post-excerpt.php?p=Ahome1Aplant149AthepollinatorsIsiteAwp-includesAjsAtinymceApluginsAwpview HTTP/2.0" 200 58244 "-" "Mozilla/5.0 AppleWebKit/537.36 (KHTML, like Gecko; compatible; GPTBot/1.3; +https://openai.com/gptbot)" themonarchbutterfly.plantasparaapartamento.com 192.185.209.103
158.94.209.221 - - [13/Jan/2026:21:32:01 -0300] "GET /wp-admin/profile.php HTTP/1.1" 409 83 "https://themonarchbutterfly.site/wp-login.php" "Mozilla/5.0 (Macintosh; Intel Mac OS X 13_6_1; rv:120.0) Gecko/20100101 Firefox/120.0" themonarchbutterfly.site 192.185.209.103
158.94.209.221 - - [13/Jan/2026:21:32:01 -0300] "GET /wp-admin/edit.php HTTP/1.1" 409 83 "https://themonarchbutterfly.site/wp-login.php" "Mozilla/5.0 (Macintosh; Intel Mac OS X 13_6_1; rv:120.0) Gecko/20100101 Firefox/120.0" themonarchbutterfly.site 192.185.209.103
74.7.227.20 - - [13/Jan/2026:21:32:00 -0300] "GET /post-excerpt.php?p=Ahome1Aplant149AwwwAwp-adminAcssAcolors HTTP/2.0" 200 58262 "-" "Mozilla/5.0 AppleWebKit/537.36 (KHTML, like Gecko; compatible; GPTBot/1.3; +https://openai.com/gptbot)" themonarchbutterfly.plantasparaapartamento.com 192.185.209.103
158.94.209.221 - - [13/Jan/2026:21:32:03 -0300] "GET /wp-admin/plugins.php HTTP/1.1" 409 83 "https://themonarchbutterfly.site/wp-login.php" "Mozilla/5.0 (Macintosh; Intel Mac OS X 13_6_1; rv:120.0) Gecko/20100101 Firefox/120.0" themonarchbutterfly.site 192.185.209.103
158.94.209.221 - - [13/Jan/2026:21:32:03 -0300] "POST /wp-login.php HTTP/1.1" 409 83 "https://themonarchbutterfly.site/wp-login.php" "Mozilla/5.0 (Macintosh; Intel Mac OS X 13_6_1) AppleWebKit/537.36 (KHTML, like Gecko) Chrome/118.0.0.0 Safari/537.36" themonarchbutterfly.site 192.185.209.103
74.7.227.20 - - [13/Jan/2026:21:32:02 -0300] "GET /post-excerpt.php?p=Ahome1Aplant149AwwwAwp-adminAjsAwidgets HTTP/2.0" 200 60736 "-" "Mozilla/5.0 AppleWebKit/537.36 (KHTML, like Gecko; compatible; GPTBot/1.3; +https://openai.com/gptbot)" themonarchbutterfly.plantasparaapartamento.com 192.185.209.103
158.94.209.221 - - [13/Jan/2026:21:32:04 -0300] "GET /wp-admin/index.php HTTP/1.1" 409 83 "https://themonarchbutterfly.site/wp-login.php" "Mozilla/5.0 (Windows NT 11.0; Win64; x64; rv:120.0) Gecko/20100101 Firefox/120.0" themonarchbutterfly.site 192.185.209.103
74.7.227.20 - - [13/Jan/2026:21:32:04 -0300] "GET /post-excerpt.php?edit=user-suggest.js&p=Ahome1Aplant149AwwwAwp-adminAjs HTTP/2.0" 200 58494 "-" "Mozilla/5.0 AppleWebKit/537.36 (KHTML, like Gecko; compatible; GPTBot/1.3; +https://openai.com/gptbot)" themonarchbutterfly.plantasparaapartamento.com 192.185.209.103
158.94.209.221 - - [13/Jan/2026:21:32:05 -0300] "GET /wp-admin/profile.php HTTP/1.1" 409 83 "https://themonarchbutterfly.site/wp-login.php" "Mozilla/5.0 (Windows NT 11.0; Win64; x64; rv:120.0) Gecko/20100101 Firefox/120.0" themonarchbutterfly.site 192.185.209.103
158.94.209.221 - - [13/Jan/2026:21:32:06 -0300] "GET /wp-admin/edit.php HTTP/1.1" 409 83 "https://themonarchbutterfly.site/wp-login.php" "Mozilla/5.0 (Windows NT 11.0; Win64; x64; rv:120.0) Gecko/20100101 Firefox/120.0" themonarchbutterfly.site 192.185.209.103
158.94.209.221 - - [13/Jan/2026:21:32:06 -0300] "GET /wp-admin/plugins.php HTTP/1.1" 409 83 "https://themonarchbutterfly.site/wp-login.php" "Mozilla/5.0 (Windows NT 11.0; Win64; x64; rv:120.0) Gecko/20100101 Firefox/120.0" themonarchbutterfly.site 192.185.209.103
74.7.227.20 - - [13/Jan/2026:21:32:05 -0300] "GET /post-excerpt.php?edit=user-suggest.min.js&p=Ahome1Aplant149AwwwAwp-adminAjs HTTP/2.0" 200 57814 "-" "Mozilla/5.0 AppleWebKit/537.36 (KHTML, like Gecko; compatible; GPTBot/1.3; +https://openai.com/gptbot)" themonarchbutterfly.plantasparaapartamento.com 192.185.209.103
158.94.209.221 - - [13/Jan/2026:21:32:07 -0300] "POST /wp-login.php HTTP/1.1" 409 83 "https://themonarchbutterfly.site/wp-login.php" "Mozilla/5.0 (Macintosh; Intel Mac OS X 10_15_7) AppleWebKit/605.1.15 (KHTML, like Gecko) Version/17.2 Safari/605.1.15" themonarchbutterfly.site 192.185.209.103
158.94.209.221 - - [13/Jan/2026:21:32:07 -0300] "GET /wp-admin/index.php HTTP/1.1" 409 83 "https://themonarchbutterfly.site/wp-login.php" "Mozilla/5.0 (Macintosh; Intel Mac OS X 13_6_1) AppleWebKit/605.1.15 (KHTML, like Gecko) Version/17.2 Safari/605.1.15" themonarchbutterfly.site 192.185.209.103
158.94.209.221 - - [13/Jan/2026:21:32:08 -0300] "GET /wp-admin/profile.php HTTP/1.1" 409 83 "https://themonarchbutterfly.site/wp-login.php" "Mozilla/5.0 (Macintosh; Intel Mac OS X 13_6_1) AppleWebKit/605.1.15 (KHTML, like Gecko) Version/17.2 Safari/605.1.15" themonarchbutterfly.site 192.185.209.103
158.94.209.221 - - [13/Jan/2026:21:32:08 -0300] "GET /wp-admin/edit.php HTTP/1.1" 409 83 "https://themonarchbutterfly.site/wp-login.php" "Mozilla/5.0 (Macintosh; Intel Mac OS X 13_6_1) AppleWebKit/605.1.15 (KHTML, like Gecko) Version/17.2 Safari/605.1.15" themonarchbutterfly.site 192.185.209.103
74.7.227.20 - - [13/Jan/2026:21:32:06 -0300] "GET /post-excerpt.php?p=Ahome1Aplant149AespacoconexaoneuralIstoreAwp-includesAjsAtinymceAplugins HTTP/2.0" 200 58537 "-" "Mozilla/5.0 AppleWebKit/537.36 (KHTML, like Gecko; compatible; GPTBot/1.3; +https://openai.com/gptbot)" themonarchbutterfly.plantasparaapartamento.com 192.185.209.103
74.7.227.20 - - [13/Jan/2026:21:32:08 -0300] "GET /post-excerpt.php?p=Ahome1Aplant149AespacoconexaoneuralIstoreAwp-includesARequestsAsrcAAuth HTTP/2.0" 200 104 "-" "Mozilla/5.0 AppleWebKit/537.36 (KHTML, like Gecko; compatible; GPTBot/1.3; +https://openai.com/gptbot)" themonarchbutterfly.plantasparaapartamento.com 192.185.209.103
158.94.209.221 - - [13/Jan/2026:21:32:10 -0300] "POST /wp-login.php HTTP/1.1" 409 83 "https://themonarchbutterfly.site/wp-login.php" "Mozilla/5.0 (Macintosh; Intel Mac OS X 13_6_1; rv:120.0) Gecko/20100101 Firefox/120.0" themonarchbutterfly.site 192.185.209.103
74.7.227.20 - - [13/Jan/2026:21:32:09 -0300] "GET /post-excerpt.php?p=Ahome1Aplant149AthepollinatorsIsiteAwp-includesAjsAtinymceApluginsAlink HTTP/2.0" 200 58243 "-" "Mozilla/5.0 AppleWebKit/537.36 (KHTML, like Gecko; compatible; GPTBot/1.3; +https://openai.com/gptbot)" themonarchbutterfly.plantasparaapartamento.com 192.185.209.103
158.94.209.221 - - [13/Jan/2026:21:32:10 -0300] "GET /wp-admin/index.php HTTP/1.1" 409 83 "https://themonarchbutterfly.site/wp-login.php" "Mozilla/5.0 (Macintosh; Intel Mac OS X 13_6_1; rv:121.0) Gecko/20100101 Firefox/121.0" themonarchbutterfly.site 192.185.209.103
158.94.209.221 - - [13/Jan/2026:21:32:11 -0300] "GET /wp-admin/profile.php HTTP/1.1" 409 83 "https://themonarchbutterfly.site/wp-login.php" "Mozilla/5.0 (Macintosh; Intel Mac OS X 13_6_1; rv:121.0) Gecko/20100101 Firefox/121.0" themonarchbutterfly.site 192.185.209.103
158.94.209.221 - - [13/Jan/2026:21:32:11 -0300] "GET /wp-admin/edit.php HTTP/1.1" 409 83 "https://themonarchbutterfly.site/wp-login.php" "Mozilla/5.0 (Macintosh; Intel Mac OS X 13_6_1; rv:121.0) Gecko/20100101 Firefox/121.0" themonarchbutterfly.site 192.185.209.103
74.7.227.20 - - [13/Jan/2026:21:32:10 -0300] "GET /post-excerpt.php?p=Ahome1Aplant149AwildlifesupportIstoreAwp-includesAjsAtinymceApluginsAlists HTTP/2.0" 200 58267 "-" "Mozilla/5.0 AppleWebKit/537.36 (KHTML, like Gecko; compatible; GPTBot/1.3; +https://openai.com/gptbot)" themonarchbutterfly.plantasparaapartamento.com 192.185.209.103
158.94.209.221 - - [13/Jan/2026:21:32:12 -0300] "GET /wp-admin/plugins.php HTTP/1.1" 409 83 "https://themonarchbutterfly.site/wp-login.php" "Mozilla/5.0 (Macintosh; Intel Mac OS X 13_6_1; rv:121.0) Gecko/20100101 Firefox/121.0" themonarchbutterfly.site 192.185.209.103
158.94.209.221 - - [13/Jan/2026:21:32:13 -0300] "POST /wp-login.php HTTP/1.1" 409 83 "https://themonarchbutterfly.site/wp-login.php" "Mozilla/5.0 (X11; Ubuntu; Linux x86_64) AppleWebKit/537.36 (KHTML, like Gecko) Chrome/121.0.0.0 Safari/537.36" themonarchbutterfly.site 192.185.209.103
158.94.209.221 - - [13/Jan/2026:21:32:13 -0300] "GET /wp-admin/index.php HTTP/1.1" 409 83 "https://themonarchbutterfly.site/wp-login.php" "Mozilla/5.0 (Macintosh; Intel Mac OS X 13_6_1) AppleWebKit/605.1.15 (KHTML, like Gecko) Version/16.6 Safari/605.1.15" themonarchbutterfly.site 192.185.209.103
74.7.227.20 - - [13/Jan/2026:21:32:12 -0300] "GET /post-excerpt.php?p=Ahome1Aplant149AespacoconexaoneuralIstoreAwp-includesASimplePieAsrcAParse HTTP/2.0" 200 58029 "-" "Mozilla/5.0 AppleWebKit/537.36 (KHTML, like Gecko; compatible; GPTBot/1.3; +https://openai.com/gptbot)" themonarchbutterfly.plantasparaapartamento.com 192.185.209.103
158.94.209.221 - - [13/Jan/2026:21:32:13 -0300] "GET /wp-admin/profile.php HTTP/1.1" 409 83 "https://themonarchbutterfly.site/wp-login.php" "Mozilla/5.0 (Macintosh; Intel Mac OS X 13_6_1) AppleWebKit/605.1.15 (KHTML, like Gecko) Version/16.6 Safari/605.1.15" themonarchbutterfly.site 192.185.209.103
158.94.209.221 - - [13/Jan/2026:21:32:14 -0300] "GET /wp-admin/edit.php HTTP/1.1" 409 83 "https://themonarchbutterfly.site/wp-login.php" "Mozilla/5.0 (Macintosh; Intel Mac OS X 13_6_1) AppleWebKit/605.1.15 (KHTML, like Gecko) Version/16.6 Safari/605.1.15" themonarchbutterfly.site 192.185.209.103
158.94.209.221 - - [13/Jan/2026:21:32:15 -0300] "GET /wp-admin/plugins.php HTTP/1.1" 409 83 "https://themonarchbutterfly.site/wp-login.php" "Mozilla/5.0 (Macintosh; Intel Mac OS X 13_6_1) AppleWebKit/605.1.15 (KHTML, like Gecko) Version/16.6 Safari/605.1.15" themonarchbutterfly.site 192.185.209.103
74.7.227.20 - - [13/Jan/2026:21:32:13 -0300] "GET /post-excerpt.php?p=Ahome1Aplant149AthepollinatorsIsiteAwp-includesAjsAtinymceApluginsApaste HTTP/2.0" 200 58244 "-" "Mozilla/5.0 AppleWebKit/537.36 (KHTML, like Gecko; compatible; GPTBot/1.3; +https://openai.com/gptbot)" themonarchbutterfly.plantasparaapartamento.com 192.185.209.103
158.94.209.221 - - [13/Jan/2026:21:32:15 -0300] "POST /wp-login.php HTTP/1.1" 409 83 "https://themonarchbutterfly.site/wp-login.php" "Mozilla/5.0 (Windows NT 11.0; Win64; x64) AppleWebKit/537.36 (KHTML, like Gecko) Chrome/118.0.0.0 Safari/537.36" themonarchbutterfly.site 192.185.209.103
158.94.209.221 - - [13/Jan/2026:21:32:16 -0300] "GET /wp-admin/index.php HTTP/1.1" 409 83 "https://themonarchbutterfly.site/wp-login.php" "Mozilla/5.0 (Windows NT 11.0; Win64; x64) AppleWebKit/537.36 (KHTML, like Gecko) Chrome/120.0.0.0 Safari/537.36" themonarchbutterfly.site 192.185.209.103
74.7.227.20 - - [13/Jan/2026:21:32:15 -0300] "GET /post-excerpt.php?p=Ahome1Aplant149AespacoconexaoneuralIstoreAwp-includesAjsAtinymceAthemes HTTP/2.0" 200 57999 "-" "Mozilla/5.0 AppleWebKit/537.36 (KHTML, like Gecko; compatible; GPTBot/1.3; +https://openai.com/gptbot)" themonarchbutterfly.plantasparaapartamento.com 192.185.209.103
158.94.209.221 - - [13/Jan/2026:21:32:16 -0300] "GET /wp-admin/profile.php HTTP/1.1" 409 83 "https://themonarchbutterfly.site/wp-login.php" "Mozilla/5.0 (Windows NT 11.0; Win64; x64) AppleWebKit/537.36 (KHTML, like Gecko) Chrome/120.0.0.0 Safari/537.36" themonarchbutterfly.site 192.185.209.103
158.94.209.221 - - [13/Jan/2026:21:32:17 -0300] "GET /wp-admin/edit.php HTTP/1.1" 409 83 "https://themonarchbutterfly.site/wp-login.php" "Mozilla/5.0 (Windows NT 11.0; Win64; x64) AppleWebKit/537.36 (KHTML, like Gecko) Chrome/120.0.0.0 Safari/537.36" themonarchbutterfly.site 192.185.209.103
