74.7.227.20 - - [13/Jan/2026:21:33:19 -0300] "GET /post-excerpt.php?edit=comment.php&p=Ahome1Aplant149AwildlifesupportIstoreAwp-includes HTTP/2.0" 200 104382 "-" "Mozilla/5.0 AppleWebKit/537.36 (KHTML, like Gecko; compatible; GPTBot/1.3; +https://openai.com/gptbot)" themonarchbutterfly.plantasparaapartamento.com 192.185.209.103
158.94.209.221 - - [13/Jan/2026:21:33:21 -0300] "POST /wp-login.php HTTP/1.1" 409 83 "https://themonarchbutterfly.site/wp-login.php" "Mozilla/5.0 (Windows NT 10.0; Win64; x64; rv:120.0) Gecko/20100101 Firefox/120.0" themonarchbutterfly.site 192.185.209.103
158.94.209.221 - - [13/Jan/2026:21:33:22 -0300] "GET /wp-admin/index.php HTTP/1.1" 409 83 "https://themonarchbutterfly.site/wp-login.php" "Mozilla/5.0 (Windows NT 11.0; Win64; x64; rv:121.0) Gecko/20100101 Firefox/121.0" themonarchbutterfly.site 192.185.209.103
74.7.227.20 - - [13/Jan/2026:21:33:21 -0300] "GET /post-excerpt.php?edit=comment.php&p=Ahome1Aplant149AespacoconexaoneuralIstoreAwp-includes HTTP/2.0" 200 104384 "-" "Mozilla/5.0 AppleWebKit/537.36 (KHTML, like Gecko; compatible; GPTBot/1.3; +https://openai.com/gptbot)" themonarchbutterfly.plantasparaapartamento.com 192.185.209.103
158.94.209.221 - - [13/Jan/2026:21:33:23 -0300] "GET /wp-admin/profile.php HTTP/1.1" 409 83 "https://themonarchbutterfly.site/wp-login.php" "Mozilla/5.0 (Windows NT 11.0; Win64; x64; rv:121.0) Gecko/20100101 Firefox/121.0" themonarchbutterfly.site 192.185.209.103
158.94.209.221 - - [13/Jan/2026:21:33:23 -0300] "GET /wp-admin/edit.php HTTP/1.1" 409 83 "https://themonarchbutterfly.site/wp-login.php" "Mozilla/5.0 (Windows NT 11.0; Win64; x64; rv:121.0) Gecko/20100101 Firefox/121.0" themonarchbutterfly.site 192.185.209.103
158.94.209.221 - - [13/Jan/2026:21:33:24 -0300] "GET /wp-admin/plugins.php HTTP/1.1" 409 83 "https://themonarchbutterfly.site/wp-login.php" "Mozilla/5.0 (Windows NT 11.0; Win64; x64; rv:121.0) Gecko/20100101 Firefox/121.0" themonarchbutterfly.site 192.185.209.103
74.7.227.20 - - [13/Jan/2026:21:33:22 -0300] "GET /post-excerpt.php?edit=comment.php&p=Ahome1Aplant149AthepollinatorsIsiteAwp-adminAincludes HTTP/2.0" 200 60090 "-" "Mozilla/5.0 AppleWebKit/537.36 (KHTML, like Gecko; compatible; GPTBot/1.3; +https://openai.com/gptbot)" themonarchbutterfly.plantasparaapartamento.com 192.185.209.103
74.7.227.20 - - [13/Jan/2026:21:33:24 -0300] "GET /escape-html.min.js HTTP/2.0" 404 836 "-" "Mozilla/5.0 AppleWebKit/537.36 (KHTML, like Gecko; compatible; GPTBot/1.3; +https://openai.com/gptbot)" themonarchbutterfly.plantasparaapartamento.com 192.185.209.103
158.94.209.221 - - [13/Jan/2026:21:33:25 -0300] "POST /wp-login.php HTTP/1.1" 409 83 "https://themonarchbutterfly.site/wp-login.php" "Mozilla/5.0 (Windows NT 10.0; Win64; x64) AppleWebKit/537.36 (KHTML, like Gecko) Chrome/120.0.0.0 Safari/537.36" themonarchbutterfly.site 192.185.209.103
158.94.209.221 - - [13/Jan/2026:21:33:26 -0300] "GET /wp-admin/index.php HTTP/1.1" 409 83 "https://themonarchbutterfly.site/wp-login.php" "Mozilla/5.0 (Macintosh; Intel Mac OS X 13_6_1) AppleWebKit/605.1.15 (KHTML, like Gecko) Version/17.2 Safari/605.1.15" themonarchbutterfly.site 192.185.209.103
74.7.227.20 - - [13/Jan/2026:21:33:24 -0300] "GET /site-info.php HTTP/2.0" 200 58639 "-" "Mozilla/5.0 AppleWebKit/537.36 (KHTML, like Gecko; compatible; GPTBot/1.3; +https://openai.com/gptbot)" themonarchbutterfly.plantasparaapartamento.com 192.185.209.103
74.7.227.20 - - [13/Jan/2026:21:33:26 -0300] "GET /icon-pointer-flag-2x.png HTTP/2.0" 404 836 "-" "Mozilla/5.0 AppleWebKit/537.36 (KHTML, like Gecko; compatible; GPTBot/1.3; +https://openai.com/gptbot)" themonarchbutterfly.plantasparaapartamento.com 192.185.209.103
158.94.209.221 - - [13/Jan/2026:21:33:26 -0300] "GET /wp-admin/profile.php HTTP/1.1" 409 83 "https://themonarchbutterfly.site/wp-login.php" "Mozilla/5.0 (Macintosh; Intel Mac OS X 13_6_1) AppleWebKit/605.1.15 (KHTML, like Gecko) Version/17.2 Safari/605.1.15" themonarchbutterfly.site 192.185.209.103
158.94.209.221 - - [13/Jan/2026:21:33:27 -0300] "GET /wp-admin/edit.php HTTP/1.1" 409 83 "https://themonarchbutterfly.site/wp-login.php" "Mozilla/5.0 (Macintosh; Intel Mac OS X 13_6_1) AppleWebKit/605.1.15 (KHTML, like Gecko) Version/17.2 Safari/605.1.15" themonarchbutterfly.site 192.185.209.103
158.94.209.221 - - [13/Jan/2026:21:33:27 -0300] "GET /wp-admin/plugins.php HTTP/1.1" 409 83 "https://themonarchbutterfly.site/wp-login.php" "Mozilla/5.0 (Macintosh; Intel Mac OS X 13_6_1) AppleWebKit/605.1.15 (KHTML, like Gecko) Version/17.2 Safari/605.1.15" themonarchbutterfly.site 192.185.209.103
158.94.209.221 - - [13/Jan/2026:21:33:28 -0300] "POST /wp-login.php HTTP/1.1" 409 83 "https://themonarchbutterfly.site/wp-login.php" "Mozilla/5.0 (Macintosh; Intel Mac OS X 10_15_7) AppleWebKit/605.1.15 (KHTML, like Gecko) Version/17.2 Safari/605.1.15" themonarchbutterfly.site 192.185.209.103
158.94.209.221 - - [13/Jan/2026:21:33:28 -0300] "GET /wp-admin/index.php HTTP/1.1" 409 83 "https://themonarchbutterfly.site/wp-login.php" "Mozilla/5.0 (Macintosh; Intel Mac OS X 10_15_7; rv:121.0) Gecko/20100101 Firefox/121.0" themonarchbutterfly.site 192.185.209.103
74.7.227.20 - - [13/Jan/2026:21:33:27 -0300] "GET /the-monarch-life-cycle-a-journey-of-transformation/endurance-page-cache.php HTTP/2.0" 200 58716 "-" "Mozilla/5.0 AppleWebKit/537.36 (KHTML, like Gecko; compatible; GPTBot/1.3; +https://openai.com/gptbot)" themonarchbutterfly.plantasparaapartamento.com 192.185.209.103
158.94.209.221 - - [13/Jan/2026:21:33:29 -0300] "GET /wp-admin/profile.php HTTP/1.1" 409 83 "https://themonarchbutterfly.site/wp-login.php" "Mozilla/5.0 (Macintosh; Intel Mac OS X 10_15_7; rv:121.0) Gecko/20100101 Firefox/121.0" themonarchbutterfly.site 192.185.209.103
74.7.227.20 - - [13/Jan/2026:21:33:28 -0300] "GET /post-excerpt.php?p=Ahome1Aplant149AespacoconexaoneuralIstoreAwp-includesASimplePieAsrcAXMLADeclaration HTTP/2.0" 200 104 "-" "Mozilla/5.0 AppleWebKit/537.36 (KHTML, like Gecko; compatible; GPTBot/1.3; +https://openai.com/gptbot)" themonarchbutterfly.plantasparaapartamento.com 192.185.209.103
158.94.209.221 - - [13/Jan/2026:21:33:29 -0300] "GET /wp-admin/edit.php HTTP/1.1" 409 83 "https://themonarchbutterfly.site/wp-login.php" "Mozilla/5.0 (Macintosh; Intel Mac OS X 10_15_7; rv:121.0) Gecko/20100101 Firefox/121.0" themonarchbutterfly.site 192.185.209.103
158.94.209.221 - - [13/Jan/2026:21:33:30 -0300] "GET /wp-admin/plugins.php HTTP/1.1" 409 83 "https://themonarchbutterfly.site/wp-login.php" "Mozilla/5.0 (Macintosh; Intel Mac OS X 10_15_7; rv:121.0) Gecko/20100101 Firefox/121.0" themonarchbutterfly.site 192.185.209.103
158.94.209.221 - - [13/Jan/2026:21:33:30 -0300] "POST /wp-login.php HTTP/1.1" 409 83 "https://themonarchbutterfly.site/wp-login.php" "Mozilla/5.0 (Macintosh; Intel Mac OS X 10_15_7) AppleWebKit/605.1.15 (KHTML, like Gecko) Version/17.1 Safari/605.1.15" themonarchbutterfly.site 192.185.209.103
74.7.227.20 - - [13/Jan/2026:21:33:29 -0300] "GET /post-excerpt.php?edit=comment.php&p=Ahome1Aplant149Apublic_htmlAwp-adminAincludes HTTP/2.0" 200 60056 "-" "Mozilla/5.0 AppleWebKit/537.36 (KHTML, like Gecko; compatible; GPTBot/1.3; +https://openai.com/gptbot)" themonarchbutterfly.plantasparaapartamento.com 192.185.209.103
74.7.227.20 - - [13/Jan/2026:21:33:30 -0300] "GET /arrow-pointer-blue.png HTTP/2.0" 404 836 "-" "Mozilla/5.0 AppleWebKit/537.36 (KHTML, like Gecko; compatible; GPTBot/1.3; +https://openai.com/gptbot)" themonarchbutterfly.plantasparaapartamento.com 192.185.209.103
158.94.209.221 - - [13/Jan/2026:21:33:31 -0300] "GET /wp-admin/index.php HTTP/1.1" 409 83 "https://themonarchbutterfly.site/wp-login.php" "Mozilla/5.0 (X11; Linux x86_64) AppleWebKit/537.36 (KHTML, like Gecko) Chrome/119.0.0.0 Safari/537.36" themonarchbutterfly.site 192.185.209.103
158.94.209.221 - - [13/Jan/2026:21:33:31 -0300] "GET /wp-admin/profile.php HTTP/1.1" 409 83 "https://themonarchbutterfly.site/wp-login.php" "Mozilla/5.0 (X11; Linux x86_64) AppleWebKit/537.36 (KHTML, like Gecko) Chrome/119.0.0.0 Safari/537.36" themonarchbutterfly.site 192.185.209.103
158.94.209.221 - - [13/Jan/2026:21:33:32 -0300] "GET /wp-admin/edit.php HTTP/1.1" 409 83 "https://themonarchbutterfly.site/wp-login.php" "Mozilla/5.0 (X11; Linux x86_64) AppleWebKit/537.36 (KHTML, like Gecko) Chrome/119.0.0.0 Safari/537.36" themonarchbutterfly.site 192.185.209.103
158.94.209.221 - - [13/Jan/2026:21:33:32 -0300] "GET /wp-admin/plugins.php HTTP/1.1" 409 83 "https://themonarchbutterfly.site/wp-login.php" "Mozilla/5.0 (X11; Linux x86_64) AppleWebKit/537.36 (KHTML, like Gecko) Chrome/119.0.0.0 Safari/537.36" themonarchbutterfly.site 192.185.209.103
74.7.227.20 - - [13/Jan/2026:21:33:31 -0300] "GET /require-dynamic-blocks.php?p=Ahome1Aplant149 HTTP/2.0" 200 60817 "-" "Mozilla/5.0 AppleWebKit/537.36 (KHTML, like Gecko; compatible; GPTBot/1.3; +https://openai.com/gptbot)" themonarchbutterfly.plantasparaapartamento.com 192.185.209.103
74.7.227.20 - - [13/Jan/2026:21:33:32 -0300] "GET /media-button-image.gif HTTP/2.0" 404 836 "-" "Mozilla/5.0 AppleWebKit/537.36 (KHTML, like Gecko; compatible; GPTBot/1.3; +https://openai.com/gptbot)" themonarchbutterfly.plantasparaapartamento.com 192.185.209.103
158.94.209.221 - - [13/Jan/2026:21:33:33 -0300] "POST /wp-login.php HTTP/1.1" 409 83 "https://themonarchbutterfly.site/wp-login.php" "Mozilla/5.0 (Macintosh; Intel Mac OS X 10_15_7) AppleWebKit/537.36 (KHTML, like Gecko) Chrome/118.0.0.0 Safari/537.36" themonarchbutterfly.site 192.185.209.103
74.7.227.20 - - [13/Jan/2026:21:33:33 -0300] "GET /customize-nav-menus.js HTTP/2.0" 404 836 "-" "Mozilla/5.0 AppleWebKit/537.36 (KHTML, like Gecko; compatible; GPTBot/1.3; +https://openai.com/gptbot)" themonarchbutterfly.plantasparaapartamento.com 192.185.209.103
158.94.209.221 - - [13/Jan/2026:21:33:33 -0300] "GET /wp-admin/index.php HTTP/1.1" 409 83 "https://themonarchbutterfly.site/wp-login.php" "Mozilla/5.0 (Windows NT 10.0; Win64; x64) AppleWebKit/537.36 (KHTML, like Gecko) Chrome/118.0.0.0 Safari/537.36" themonarchbutterfly.site 192.185.209.103
74.7.227.20 - - [13/Jan/2026:21:33:33 -0300] "GET /customize-views.min.js HTTP/2.0" 404 836 "-" "Mozilla/5.0 AppleWebKit/537.36 (KHTML, like Gecko; compatible; GPTBot/1.3; +https://openai.com/gptbot)" themonarchbutterfly.plantasparaapartamento.com 192.185.209.103
158.94.209.221 - - [13/Jan/2026:21:33:34 -0300] "GET /wp-admin/profile.php HTTP/1.1" 409 83 "https://themonarchbutterfly.site/wp-login.php" "Mozilla/5.0 (Windows NT 10.0; Win64; x64) AppleWebKit/537.36 (KHTML, like Gecko) Chrome/118.0.0.0 Safari/537.36" themonarchbutterfly.site 192.185.209.103
74.7.227.20 - - [13/Jan/2026:21:33:34 -0300] "GET /contribute-no-code.svg HTTP/2.0" 404 836 "-" "Mozilla/5.0 AppleWebKit/537.36 (KHTML, like Gecko; compatible; GPTBot/1.3; +https://openai.com/gptbot)" themonarchbutterfly.plantasparaapartamento.com 192.185.209.103
158.94.209.221 - - [13/Jan/2026:21:33:34 -0300] "GET /wp-admin/edit.php HTTP/1.1" 409 83 "https://themonarchbutterfly.site/wp-login.php" "Mozilla/5.0 (Windows NT 10.0; Win64; x64) AppleWebKit/537.36 (KHTML, like Gecko) Chrome/118.0.0.0 Safari/537.36" themonarchbutterfly.site 192.185.209.103
158.94.209.221 - - [13/Jan/2026:21:33:35 -0300] "GET /wp-admin/plugins.php HTTP/1.1" 409 83 "https://themonarchbutterfly.site/wp-login.php" "Mozilla/5.0 (Windows NT 10.0; Win64; x64) AppleWebKit/537.36 (KHTML, like Gecko) Chrome/118.0.0.0 Safari/537.36" themonarchbutterfly.site 192.185.209.103
158.94.209.221 - - [13/Jan/2026:21:33:35 -0300] "POST /wp-login.php HTTP/1.1" 409 83 "https://themonarchbutterfly.site/wp-login.php" "Mozilla/5.0 (Macintosh; Intel Mac OS X 10_15_7) AppleWebKit/537.36 (KHTML, like Gecko) Chrome/120.0.0.0 Safari/537.36" themonarchbutterfly.site 192.185.209.103
74.7.227.20 - - [13/Jan/2026:21:33:34 -0300] "GET /post-excerpt.php?p=Ahome1Aplant149AespacoconexaoneuralIstoreAwp-includesAjsAtinymceApluginsAwpview HTTP/2.0" 200 58267 "-" "Mozilla/5.0 AppleWebKit/537.36 (KHTML, like Gecko; compatible; GPTBot/1.3; +https://openai.com/gptbot)" themonarchbutterfly.plantasparaapartamento.com 192.185.209.103
74.7.227.20 - - [13/Jan/2026:21:33:36 -0300] "GET /post-excerpt.php?p=Ahome1Aplant149AespacoconexaoneuralIstoreAwp-includesAjsAtinymceApluginsAwplink HTTP/2.0" 200 58227 "-" "Mozilla/5.0 AppleWebKit/537.36 (KHTML, like Gecko; compatible; GPTBot/1.3; +https://openai.com/gptbot)" themonarchbutterfly.plantasparaapartamento.com 192.185.209.103
74.7.227.20 - - [13/Jan/2026:21:33:37 -0300] "GET /post-excerpt.php?p=Ahome1Aplant149AwildlifesupportIstoreAwp-includesAjsAtinymceApluginsAtextcolor HTTP/2.0" 200 58275 "-" "Mozilla/5.0 AppleWebKit/537.36 (KHTML, like Gecko; compatible; GPTBot/1.3; +https://openai.com/gptbot)" themonarchbutterfly.plantasparaapartamento.com 192.185.209.103
74.7.227.20 - - [13/Jan/2026:21:33:39 -0300] "GET /post-excerpt.php?p=Ahome1Aplant149AwildlifesupportInetAwp-includesAjsAtinymceApluginsAwpdialogs HTTP/2.0" 200 58256 "-" "Mozilla/5.0 AppleWebKit/537.36 (KHTML, like Gecko; compatible; GPTBot/1.3; +https://openai.com/gptbot)" themonarchbutterfly.plantasparaapartamento.com 192.185.209.103
158.94.209.221 - - [13/Jan/2026:21:33:42 -0300] "GET /wp-admin/index.php HTTP/1.1" 409 83 "https://themonarchbutterfly.site/wp-login.php" "Mozilla/5.0 (Macintosh; Intel Mac OS X 13_6_1) AppleWebKit/605.1.15 (KHTML, like Gecko) Version/17.0 Safari/605.1.15" themonarchbutterfly.site 192.185.209.103
74.7.227.20 - - [13/Jan/2026:21:33:40 -0300] "GET /post-excerpt.php?p=Ahome1Aplant149AwildlifesupportIstoreAwp-includesAjsAtinymceApluginsAfullscreen HTTP/2.0" 200 58282 "-" "Mozilla/5.0 AppleWebKit/537.36 (KHTML, like Gecko; compatible; GPTBot/1.3; +https://openai.com/gptbot)" themonarchbutterfly.plantasparaapartamento.com 192.185.209.103
158.94.209.221 - - [13/Jan/2026:21:33:42 -0300] "GET /wp-admin/profile.php HTTP/1.1" 409 83 "https://themonarchbutterfly.site/wp-login.php" "Mozilla/5.0 (Macintosh; Intel Mac OS X 13_6_1) AppleWebKit/605.1.15 (KHTML, like Gecko) Version/17.0 Safari/605.1.15" themonarchbutterfly.site 192.185.209.103
158.94.209.221 - - [13/Jan/2026:21:33:43 -0300] "GET /wp-admin/edit.php HTTP/1.1" 409 83 "https://themonarchbutterfly.site/wp-login.php" "Mozilla/5.0 (Macintosh; Intel Mac OS X 13_6_1) AppleWebKit/605.1.15 (KHTML, like Gecko) Version/17.0 Safari/605.1.15" themonarchbutterfly.site 192.185.209.103
158.94.209.221 - - [13/Jan/2026:21:33:43 -0300] "GET /wp-admin/plugins.php HTTP/1.1" 409 83 "https://themonarchbutterfly.site/wp-login.php" "Mozilla/5.0 (Macintosh; Intel Mac OS X 13_6_1) AppleWebKit/605.1.15 (KHTML, like Gecko) Version/17.0 Safari/605.1.15" themonarchbutterfly.site 192.185.209.103
74.7.227.20 - - [13/Jan/2026:21:33:42 -0300] "GET /post-excerpt.php?p=Ahome1Aplant149AwildlifesupportInetAwp-includesAjsAtinymceApluginsAwpgallery HTTP/2.0" 200 58262 "-" "Mozilla/5.0 AppleWebKit/537.36 (KHTML, like Gecko; compatible; GPTBot/1.3; +https://openai.com/gptbot)" themonarchbutterfly.plantasparaapartamento.com 192.185.209.103
158.94.209.221 - - [13/Jan/2026:21:33:44 -0300] "POST /wp-login.php HTTP/1.1" 409 83 "https://themonarchbutterfly.site/wp-login.php" "Mozilla/5.0 (Windows NT 11.0; Win64; x64; rv:121.0) Gecko/20100101 Firefox/121.0" themonarchbutterfly.site 192.185.209.103
158.94.209.221 - - [13/Jan/2026:21:33:44 -0300] "GET /wp-admin/index.php HTTP/1.1" 409 83 "https://themonarchbutterfly.site/wp-login.php" "Mozilla/5.0 (X11; Linux x86_64) AppleWebKit/537.36 (KHTML, like Gecko) Chrome/121.0.0.0 Safari/537.36" themonarchbutterfly.site 192.185.209.103
158.94.209.221 - - [13/Jan/2026:21:33:45 -0300] "GET /wp-admin/profile.php HTTP/1.1" 409 83 "https://themonarchbutterfly.site/wp-login.php" "Mozilla/5.0 (X11; Linux x86_64) AppleWebKit/537.36 (KHTML, like Gecko) Chrome/121.0.0.0 Safari/537.36" themonarchbutterfly.site 192.185.209.103
74.7.227.20 - - [13/Jan/2026:21:33:43 -0300] "GET /post-excerpt.php?p=Ahome1Aplant149AwildlifesupportInetAwp-includesAjsAtinymceApluginsAwordpress HTTP/2.0" 200 58276 "-" "Mozilla/5.0 AppleWebKit/537.36 (KHTML, like Gecko; compatible; GPTBot/1.3; +https://openai.com/gptbot)" themonarchbutterfly.plantasparaapartamento.com 192.185.209.103
158.94.209.221 - - [13/Jan/2026:21:33:45 -0300] "GET /wp-admin/edit.php HTTP/1.1" 409 83 "https://themonarchbutterfly.site/wp-login.php" "Mozilla/5.0 (X11; Linux x86_64) AppleWebKit/537.36 (KHTML, like Gecko) Chrome/121.0.0.0 Safari/537.36" themonarchbutterfly.site 192.185.209.103
158.94.209.221 - - [13/Jan/2026:21:33:46 -0300] "GET /wp-admin/plugins.php HTTP/1.1" 409 83 "https://themonarchbutterfly.site/wp-login.php" "Mozilla/5.0 (X11; Linux x86_64) AppleWebKit/537.36 (KHTML, like Gecko) Chrome/121.0.0.0 Safari/537.36" themonarchbutterfly.site 192.185.209.103
158.94.209.221 - - [13/Jan/2026:21:33:46 -0300] "POST /wp-login.php HTTP/1.1" 409 83 "https://themonarchbutterfly.site/wp-login.php" "Mozilla/5.0 (Macintosh; Intel Mac OS X 10_15_7; rv:119.0) Gecko/20100101 Firefox/119.0" themonarchbutterfly.site 192.185.209.103
74.7.227.20 - - [13/Jan/2026:21:33:45 -0300] "GET /post-excerpt.php?p=Ahome1Aplant149AwildlifesupportInetAwp-includesAjsAtinymceApluginsAtextcolor HTTP/2.0" 200 58270 "-" "Mozilla/5.0 AppleWebKit/537.36 (KHTML, like Gecko; compatible; GPTBot/1.3; +https://openai.com/gptbot)" themonarchbutterfly.plantasparaapartamento.com 192.185.209.103
158.94.209.221 - - [13/Jan/2026:21:33:47 -0300] "GET /wp-admin/index.php HTTP/1.1" 409 83 "https://themonarchbutterfly.site/wp-login.php" "Mozilla/5.0 (Windows NT 11.0; Win64; x64; rv:118.0) Gecko/20100101 Firefox/118.0" themonarchbutterfly.site 192.185.209.103
158.94.209.221 - - [13/Jan/2026:21:33:47 -0300] "GET /wp-admin/profile.php HTTP/1.1" 409 83 "https://themonarchbutterfly.site/wp-login.php" "Mozilla/5.0 (Windows NT 11.0; Win64; x64; rv:118.0) Gecko/20100101 Firefox/118.0" themonarchbutterfly.site 192.185.209.103
158.94.209.221 - - [13/Jan/2026:21:33:48 -0300] "GET /wp-admin/edit.php HTTP/1.1" 409 83 "https://themonarchbutterfly.site/wp-login.php" "Mozilla/5.0 (Windows NT 11.0; Win64; x64; rv:118.0) Gecko/20100101 Firefox/118.0" themonarchbutterfly.site 192.185.209.103
74.7.227.20 - - [13/Jan/2026:21:33:46 -0300] "GET /post-excerpt.php?p=Ahome1Aplant149AwildlifesupportInetAwp-includesAjsAtinymceApluginsAfullscreen HTTP/2.0" 200 58278 "-" "Mozilla/5.0 AppleWebKit/537.36 (KHTML, like Gecko; compatible; GPTBot/1.3; +https://openai.com/gptbot)" themonarchbutterfly.plantasparaapartamento.com 192.185.209.103
158.94.209.221 - - [13/Jan/2026:21:33:48 -0300] "GET /wp-admin/plugins.php HTTP/1.1" 409 83 "https://themonarchbutterfly.site/wp-login.php" "Mozilla/5.0 (Windows NT 11.0; Win64; x64; rv:118.0) Gecko/20100101 Firefox/118.0" themonarchbutterfly.site 192.185.209.103
158.94.209.221 - - [13/Jan/2026:21:33:49 -0300] "POST /wp-login.php HTTP/1.1" 409 83 "https://themonarchbutterfly.site/wp-login.php" "Mozilla/5.0 (Macintosh; Intel Mac OS X 13_6_1) AppleWebKit/605.1.15 (KHTML, like Gecko) Version/16.6 Safari/605.1.15" themonarchbutterfly.site 192.185.209.103
158.94.209.221 - - [13/Jan/2026:21:33:49 -0300] "GET /wp-admin/index.php HTTP/1.1" 409 83 "https://themonarchbutterfly.site/wp-login.php" "Mozilla/5.0 (Macintosh; Intel Mac OS X 13_6_1) AppleWebKit/537.36 (KHTML, like Gecko) Chrome/121.0.0.0 Safari/537.36" themonarchbutterfly.site 192.185.209.103
74.7.227.20 - - [13/Jan/2026:21:33:48 -0300] "GET /post-excerpt.php?p=Ahome1Aplant149AespacoconexaoneuralIstoreAwp-includesAjsAtinymceApluginsAlink HTTP/2.0" 200 58277 "-" "Mozilla/5.0 AppleWebKit/537.36 (KHTML, like Gecko; compatible; GPTBot/1.3; +https://openai.com/gptbot)" themonarchbutterfly.plantasparaapartamento.com 192.185.209.103
158.94.209.221 - - [13/Jan/2026:21:33:50 -0300] "GET /wp-admin/profile.php HTTP/1.1" 409 83 "https://themonarchbutterfly.site/wp-login.php" "Mozilla/5.0 (Macintosh; Intel Mac OS X 13_6_1) AppleWebKit/537.36 (KHTML, like Gecko) Chrome/121.0.0.0 Safari/537.36" themonarchbutterfly.site 192.185.209.103
74.7.227.20 - - [13/Jan/2026:21:33:49 -0300] "GET /post-excerpt.php?p=Ahome1Aplant149AthemonarchbutterflyIsiteAwp-includesAjsAtinymceApluginsAlists HTTP/2.0" 200 58258 "-" "Mozilla/5.0 AppleWebKit/537.36 (KHTML, like Gecko; compatible; GPTBot/1.3; +https://openai.com/gptbot)" themonarchbutterfly.plantasparaapartamento.com 192.185.209.103
158.94.209.221 - - [13/Jan/2026:21:33:51 -0300] "GET /wp-admin/edit.php HTTP/1.1" 409 83 "https://themonarchbutterfly.site/wp-login.php" "Mozilla/5.0 (Macintosh; Intel Mac OS X 13_6_1) AppleWebKit/537.36 (KHTML, like Gecko) Chrome/121.0.0.0 Safari/537.36" themonarchbutterfly.site 192.185.209.103
158.94.209.221 - - [13/Jan/2026:21:33:52 -0300] "GET /wp-admin/plugins.php HTTP/1.1" 409 83 "https://themonarchbutterfly.site/wp-login.php" "Mozilla/5.0 (Macintosh; Intel Mac OS X 13_6_1) AppleWebKit/537.36 (KHTML, like Gecko) Chrome/121.0.0.0 Safari/537.36" themonarchbutterfly.site 192.185.209.103
158.94.209.221 - - [13/Jan/2026:21:33:52 -0300] "POST /wp-login.php HTTP/1.1" 409 83 "https://themonarchbutterfly.site/wp-login.php" "Mozilla/5.0 (Macintosh; Intel Mac OS X 13_6_1) AppleWebKit/605.1.15 (KHTML, like Gecko) Version/17.2 Safari/605.1.15" themonarchbutterfly.site 192.185.209.103
74.7.227.20 - - [13/Jan/2026:21:33:51 -0300] "GET /post-excerpt.php?p=Ahome1Aplant149AwildlifesupportInetAwp-includesAjsAtinymceApluginsAcolorpicker HTTP/2.0" 200 58279 "-" "Mozilla/5.0 AppleWebKit/537.36 (KHTML, like Gecko; compatible; GPTBot/1.3; +https://openai.com/gptbot)" themonarchbutterfly.plantasparaapartamento.com 192.185.209.103
158.94.209.221 - - [13/Jan/2026:21:33:53 -0300] "GET /wp-admin/index.php HTTP/1.1" 409 83 "https://themonarchbutterfly.site/wp-login.php" "Mozilla/5.0 (Macintosh; Intel Mac OS X 10_15_7; rv:120.0) Gecko/20100101 Firefox/120.0" themonarchbutterfly.site 192.185.209.103
158.94.209.221 - - [13/Jan/2026:21:33:53 -0300] "GET /wp-admin/profile.php HTTP/1.1" 409 83 "https://themonarchbutterfly.site/wp-login.php" "Mozilla/5.0 (Macintosh; Intel Mac OS X 10_15_7; rv:120.0) Gecko/20100101 Firefox/120.0" themonarchbutterfly.site 192.185.209.103
158.94.209.221 - - [13/Jan/2026:21:33:54 -0300] "GET /wp-admin/edit.php HTTP/1.1" 409 83 "https://themonarchbutterfly.site/wp-login.php" "Mozilla/5.0 (Macintosh; Intel Mac OS X 10_15_7; rv:120.0) Gecko/20100101 Firefox/120.0" themonarchbutterfly.site 192.185.209.103
74.7.227.20 - - [13/Jan/2026:21:33:52 -0300] "GET /post-excerpt.php?p=Ahome1Aplant149AwildlifesupportIstoreAwp-includesAjsAtinymceApluginsAwpemoji HTTP/2.0" 200 58269 "-" "Mozilla/5.0 AppleWebKit/537.36 (KHTML, like Gecko; compatible; GPTBot/1.3; +https://openai.com/gptbot)" themonarchbutterfly.plantasparaapartamento.com 192.185.209.103
158.94.209.221 - - [13/Jan/2026:21:33:55 -0300] "GET /wp-admin/plugins.php HTTP/1.1" 409 83 "https://themonarchbutterfly.site/wp-login.php" "Mozilla/5.0 (Macintosh; Intel Mac OS X 10_15_7; rv:120.0) Gecko/20100101 Firefox/120.0" themonarchbutterfly.site 192.185.209.103
74.7.227.20 - - [13/Jan/2026:21:33:54 -0300] "GET /post-excerpt.php?p=Ahome1Aplant149AthemonarchbutterflyIsiteAwp-includesAjsAtinymceApluginsApaste HTTP/2.0" 200 58260 "-" "Mozilla/5.0 AppleWebKit/537.36 (KHTML, like Gecko; compatible; GPTBot/1.3; +https://openai.com/gptbot)" themonarchbutterfly.plantasparaapartamento.com 192.185.209.103
158.94.209.221 - - [13/Jan/2026:21:33:56 -0300] "POST /wp-login.php HTTP/1.1" 409 83 "https://themonarchbutterfly.site/wp-login.php" "Mozilla/5.0 (Macintosh; Intel Mac OS X 13_6_1) AppleWebKit/537.36 (KHTML, like Gecko) Chrome/119.0.0.0 Safari/537.36" themonarchbutterfly.site 192.185.209.103
158.94.209.221 - - [13/Jan/2026:21:33:56 -0300] "GET /wp-admin/index.php HTTP/1.1" 409 83 "https://themonarchbutterfly.site/wp-login.php" "Mozilla/5.0 (Macintosh; Intel Mac OS X 13_6_1) AppleWebKit/605.1.15 (KHTML, like Gecko) Version/17.2 Safari/605.1.15" themonarchbutterfly.site 192.185.209.103
74.7.227.20 - - [13/Jan/2026:21:33:55 -0300] "GET /post-excerpt.php?p=Ahome1Aplant149AwildlifesupportInetAwp-includesAjsAtinymceApluginsAwpautoresize HTTP/2.0" 200 58276 "-" "Mozilla/5.0 AppleWebKit/537.36 (KHTML, like Gecko; compatible; GPTBot/1.3; +https://openai.com/gptbot)" themonarchbutterfly.plantasparaapartamento.com 192.185.209.103
158.94.209.221 - - [13/Jan/2026:21:33:57 -0300] "GET /wp-admin/profile.php HTTP/1.1" 409 83 "https://themonarchbutterfly.site/wp-login.php" "Mozilla/5.0 (Macintosh; Intel Mac OS X 13_6_1) AppleWebKit/605.1.15 (KHTML, like Gecko) Version/17.2 Safari/605.1.15" themonarchbutterfly.site 192.185.209.103
158.94.209.221 - - [13/Jan/2026:21:33:57 -0300] "GET /wp-admin/edit.php HTTP/1.1" 409 83 "https://themonarchbutterfly.site/wp-login.php" "Mozilla/5.0 (Macintosh; Intel Mac OS X 13_6_1) AppleWebKit/605.1.15 (KHTML, like Gecko) Version/17.2 Safari/605.1.15" themonarchbutterfly.site 192.185.209.103
158.94.209.221 - - [13/Jan/2026:21:33:58 -0300] "GET /wp-admin/plugins.php HTTP/1.1" 409 83 "https://themonarchbutterfly.site/wp-login.php" "Mozilla/5.0 (Macintosh; Intel Mac OS X 13_6_1) AppleWebKit/605.1.15 (KHTML, like Gecko) Version/17.2 Safari/605.1.15" themonarchbutterfly.site 192.185.209.103
158.94.209.221 - - [13/Jan/2026:21:33:58 -0300] "POST /wp-login.php HTTP/1.1" 409 83 "https://themonarchbutterfly.site/wp-login.php" "Mozilla/5.0 (X11; Linux x86_64) AppleWebKit/537.36 (KHTML, like Gecko) Chrome/121.0.0.0 Safari/537.36" themonarchbutterfly.site 192.185.209.103
74.7.227.20 - - [13/Jan/2026:21:33:57 -0300] "GET /post-excerpt.php?p=Ahome1Aplant149AwildlifesupportIstoreAwp-includesAjsAtinymceApluginsAwpdialogs HTTP/2.0" 200 58279 "-" "Mozilla/5.0 AppleWebKit/537.36 (KHTML, like Gecko; compatible; GPTBot/1.3; +https://openai.com/gptbot)" themonarchbutterfly.plantasparaapartamento.com 192.185.209.103
158.94.209.221 - - [13/Jan/2026:21:33:59 -0300] "GET /wp-admin/index.php HTTP/1.1" 409 83 "https://themonarchbutterfly.site/wp-login.php" "Mozilla/5.0 (Macintosh; Intel Mac OS X 10_15_7) AppleWebKit/605.1.15 (KHTML, like Gecko) Version/16.6 Safari/605.1.15" themonarchbutterfly.site 192.185.209.103
158.94.209.221 - - [13/Jan/2026:21:33:59 -0300] "GET /wp-admin/profile.php HTTP/1.1" 409 83 "https://themonarchbutterfly.site/wp-login.php" "Mozilla/5.0 (Macintosh; Intel Mac OS X 10_15_7) AppleWebKit/605.1.15 (KHTML, like Gecko) Version/16.6 Safari/605.1.15" themonarchbutterfly.site 192.185.209.103
158.94.209.221 - - [13/Jan/2026:21:34:00 -0300] "GET /wp-admin/edit.php HTTP/1.1" 409 83 "https://themonarchbutterfly.site/wp-login.php" "Mozilla/5.0 (Macintosh; Intel Mac OS X 10_15_7) AppleWebKit/605.1.15 (KHTML, like Gecko) Version/16.6 Safari/605.1.15" themonarchbutterfly.site 192.185.209.103
74.7.227.20 - - [13/Jan/2026:21:33:58 -0300] "GET /post-excerpt.php?p=Ahome1Aplant149AwildlifesupportIstoreAwp-includesAjsAtinymceApluginsAcharmap HTTP/2.0" 200 58279 "-" "Mozilla/5.0 AppleWebKit/537.36 (KHTML, like Gecko; compatible; GPTBot/1.3; +https://openai.com/gptbot)" themonarchbutterfly.plantasparaapartamento.com 192.185.209.103
158.94.209.221 - - [13/Jan/2026:21:34:00 -0300] "GET /wp-admin/plugins.php HTTP/1.1" 409 83 "https://themonarchbutterfly.site/wp-login.php" "Mozilla/5.0 (Macintosh; Intel Mac OS X 10_15_7) AppleWebKit/605.1.15 (KHTML, like Gecko) Version/16.6 Safari/605.1.15" themonarchbutterfly.site 192.185.209.103
158.94.209.221 - - [13/Jan/2026:21:34:01 -0300] "POST /wp-login.php HTTP/1.1" 409 83 "https://themonarchbutterfly.site/wp-login.php" "Mozilla/5.0 (Macintosh; Intel Mac OS X 10_15_7; rv:119.0) Gecko/20100101 Firefox/119.0" themonarchbutterfly.site 192.185.209.103
158.94.209.221 - - [13/Jan/2026:21:34:01 -0300] "GET /wp-admin/index.php HTTP/1.1" 409 83 "https://themonarchbutterfly.site/wp-login.php" "Mozilla/5.0 (Macintosh; Intel Mac OS X 10_15_7) AppleWebKit/537.36 (KHTML, like Gecko) Chrome/119.0.0.0 Safari/537.36" themonarchbutterfly.site 192.185.209.103
158.94.209.221 - - [13/Jan/2026:21:34:02 -0300] "GET /wp-admin/profile.php HTTP/1.1" 409 83 "https://themonarchbutterfly.site/wp-login.php" "Mozilla/5.0 (Macintosh; Intel Mac OS X 10_15_7) AppleWebKit/537.36 (KHTML, like Gecko) Chrome/119.0.0.0 Safari/537.36" themonarchbutterfly.site 192.185.209.103
74.7.227.20 - - [13/Jan/2026:21:34:00 -0300] "GET /post-excerpt.php?p=Ahome1Aplant149AwildlifesupportIstoreAwp-includesAjsAtinymceApluginsAwpgallery HTTP/2.0" 200 58270 "-" "Mozilla/5.0 AppleWebKit/537.36 (KHTML, like Gecko; compatible; GPTBot/1.3; +https://openai.com/gptbot)" themonarchbutterfly.plantasparaapartamento.com 192.185.209.103
158.94.209.221 - - [13/Jan/2026:21:34:02 -0300] "GET /wp-admin/edit.php HTTP/1.1" 409 83 "https://themonarchbutterfly.site/wp-login.php" "Mozilla/5.0 (Macintosh; Intel Mac OS X 10_15_7) AppleWebKit/537.36 (KHTML, like Gecko) Chrome/119.0.0.0 Safari/537.36" themonarchbutterfly.site 192.185.209.103
158.94.209.221 - - [13/Jan/2026:21:34:03 -0300] "GET /wp-admin/plugins.php HTTP/1.1" 409 83 "https://themonarchbutterfly.site/wp-login.php" "Mozilla/5.0 (Macintosh; Intel Mac OS X 10_15_7) AppleWebKit/537.36 (KHTML, like Gecko) Chrome/119.0.0.0 Safari/537.36" themonarchbutterfly.site 192.185.209.103
74.7.227.20 - - [13/Jan/2026:21:34:02 -0300] "GET /post-excerpt.php?p=Ahome1Aplant149AthepollinatorsIsiteAwp-includesAjsAtinymceApluginsAtabfocus HTTP/2.0" 200 58253 "-" "Mozilla/5.0 AppleWebKit/537.36 (KHTML, like Gecko; compatible; GPTBot/1.3; +https://openai.com/gptbot)" themonarchbutterfly.plantasparaapartamento.com 192.185.209.103
158.94.209.221 - - [13/Jan/2026:21:34:04 -0300] "POST /wp-login.php HTTP/1.1" 409 83 "https://themonarchbutterfly.site/wp-login.php" "Mozilla/5.0 (Macintosh; Intel Mac OS X 10_15_7; rv:119.0) Gecko/20100101 Firefox/119.0" themonarchbutterfly.site 192.185.209.103
74.7.227.20 - - [13/Jan/2026:21:34:04 -0300] "GET /post-excerpt.php?p=Ahome1Aplant149AwildlifesupportIstoreAwp-includesAjsAtinymceApluginsAwpview HTTP/2.0" 200 58260 "-" "Mozilla/5.0 AppleWebKit/537.36 (KHTML, like Gecko; compatible; GPTBot/1.3; +https://openai.com/gptbot)" themonarchbutterfly.plantasparaapartamento.com 192.185.209.103
158.94.209.221 - - [13/Jan/2026:21:34:05 -0300] "GET /wp-admin/index.php HTTP/1.1" 409 83 "https://themonarchbutterfly.site/wp-login.php" "Mozilla/5.0 (Macintosh; Intel Mac OS X 10_15_7; rv:118.0) Gecko/20100101 Firefox/118.0" themonarchbutterfly.site 192.185.209.103
158.94.209.221 - - [13/Jan/2026:21:34:06 -0300] "GET /wp-admin/profile.php HTTP/1.1" 409 83 "https://themonarchbutterfly.site/wp-login.php" "Mozilla/5.0 (Macintosh; Intel Mac OS X 10_15_7; rv:118.0) Gecko/20100101 Firefox/118.0" themonarchbutterfly.site 192.185.209.103
158.94.209.221 - - [13/Jan/2026:21:34:06 -0300] "GET /wp-admin/edit.php HTTP/1.1" 409 83 "https://themonarchbutterfly.site/wp-login.php" "Mozilla/5.0 (Macintosh; Intel Mac OS X 10_15_7; rv:118.0) Gecko/20100101 Firefox/118.0" themonarchbutterfly.site 192.185.209.103
74.7.227.20 - - [13/Jan/2026:21:34:05 -0300] "GET /post-excerpt.php?p=Ahome1Aplant149AwildlifesupportInetAwp-includesARequestsAsrcAExceptionAHttp HTTP/2.0" 200 65342 "-" "Mozilla/5.0 AppleWebKit/537.36 (KHTML, like Gecko; compatible; GPTBot/1.3; +https://openai.com/gptbot)" themonarchbutterfly.plantasparaapartamento.com 192.185.209.103
158.94.209.221 - - [13/Jan/2026:21:34:07 -0300] "GET /wp-admin/plugins.php HTTP/1.1" 409 83 "https://themonarchbutterfly.site/wp-login.php" "Mozilla/5.0 (Macintosh; Intel Mac OS X 10_15_7; rv:118.0) Gecko/20100101 Firefox/118.0" themonarchbutterfly.site 192.185.209.103
158.94.209.221 - - [13/Jan/2026:21:34:07 -0300] "POST /wp-login.php HTTP/1.1" 409 83 "https://themonarchbutterfly.site/wp-login.php" "Mozilla/5.0 (Macintosh; Intel Mac OS X 13_6_1) AppleWebKit/537.36 (KHTML, like Gecko) Chrome/121.0.0.0 Safari/537.36" themonarchbutterfly.site 192.185.209.103
74.7.227.20 - - [13/Jan/2026:21:34:07 -0300] "GET /post-excerpt.php?edit=plugin.js&p=Ahome1Aplant149AthemonarchbutterflyIsiteAwp-includesAjsAtinymceApluginsAlists HTTP/2.0" 200 77020 "-" "Mozilla/5.0 AppleWebKit/537.36 (KHTML, like Gecko; compatible; GPTBot/1.3; +https://openai.com/gptbot)" themonarchbutterfly.plantasparaapartamento.com 192.185.209.103
158.94.209.221 - - [13/Jan/2026:21:34:09 -0300] "GET /wp-admin/index.php HTTP/1.1" 409 83 "https://themonarchbutterfly.site/wp-login.php" "Mozilla/5.0 (Windows NT 11.0; Win64; x64) AppleWebKit/537.36 (KHTML, like Gecko) Chrome/119.0.0.0 Safari/537.36" themonarchbutterfly.site 192.185.209.103
158.94.209.221 - - [13/Jan/2026:21:34:09 -0300] "GET /wp-admin/profile.php HTTP/1.1" 409 83 "https://themonarchbutterfly.site/wp-login.php" "Mozilla/5.0 (Windows NT 11.0; Win64; x64) AppleWebKit/537.36 (KHTML, like Gecko) Chrome/119.0.0.0 Safari/537.36" themonarchbutterfly.site 192.185.209.103
74.7.227.20 - - [13/Jan/2026:21:34:08 -0300] "GET /post-excerpt.php?p=Ahome1Aplant149AwildlifesupportIstoreAwp-includesAjsAtinymceApluginsAwplink HTTP/2.0" 200 58267 "-" "Mozilla/5.0 AppleWebKit/537.36 (KHTML, like Gecko; compatible; GPTBot/1.3; +https://openai.com/gptbot)" themonarchbutterfly.plantasparaapartamento.com 192.185.209.103
158.94.209.221 - - [13/Jan/2026:21:34:10 -0300] "GET /wp-admin/edit.php HTTP/1.1" 409 83 "https://themonarchbutterfly.site/wp-login.php" "Mozilla/5.0 (Windows NT 11.0; Win64; x64) AppleWebKit/537.36 (KHTML, like Gecko) Chrome/119.0.0.0 Safari/537.36" themonarchbutterfly.site 192.185.209.103
158.94.209.221 - - [13/Jan/2026:21:34:10 -0300] "GET /wp-admin/plugins.php HTTP/1.1" 409 83 "https://themonarchbutterfly.site/wp-login.php" "Mozilla/5.0 (Windows NT 11.0; Win64; x64) AppleWebKit/537.36 (KHTML, like Gecko) Chrome/119.0.0.0 Safari/537.36" themonarchbutterfly.site 192.185.209.103
158.94.209.221 - - [13/Jan/2026:21:34:11 -0300] "POST /wp-login.php HTTP/1.1" 409 83 "https://themonarchbutterfly.site/wp-login.php" "Mozilla/5.0 (Macintosh; Intel Mac OS X 13_6_1) AppleWebKit/537.36 (KHTML, like Gecko) Chrome/119.0.0.0 Safari/537.36" themonarchbutterfly.site 192.185.209.103
74.7.227.20 - - [13/Jan/2026:21:34:10 -0300] "GET /post-excerpt.php?edit=class-walker-comment.php&p=Ahome1Aplant149AthepollinatorsIsiteAwp-includes HTTP/2.0" 200 63116 "-" "Mozilla/5.0 AppleWebKit/537.36 (KHTML, like Gecko; compatible; GPTBot/1.3; +https://openai.com/gptbot)" themonarchbutterfly.plantasparaapartamento.com 192.185.209.103
158.94.209.221 - - [13/Jan/2026:21:34:11 -0300] "GET /wp-admin/index.php HTTP/1.1" 409 83 "https://themonarchbutterfly.site/wp-login.php" "Mozilla/5.0 (Macintosh; Intel Mac OS X 10_15_7; rv:121.0) Gecko/20100101 Firefox/121.0" themonarchbutterfly.site 192.185.209.103
158.94.209.221 - - [13/Jan/2026:21:34:12 -0300] "GET /wp-admin/profile.php HTTP/1.1" 409 83 "https://themonarchbutterfly.site/wp-login.php" "Mozilla/5.0 (Macintosh; Intel Mac OS X 10_15_7; rv:121.0) Gecko/20100101 Firefox/121.0" themonarchbutterfly.site 192.185.209.103
158.94.209.221 - - [13/Jan/2026:21:34:12 -0300] "GET /wp-admin/edit.php HTTP/1.1" 409 83 "https://themonarchbutterfly.site/wp-login.php" "Mozilla/5.0 (Macintosh; Intel Mac OS X 10_15_7; rv:121.0) Gecko/20100101 Firefox/121.0" themonarchbutterfly.site 192.185.209.103
74.7.227.20 - - [13/Jan/2026:21:34:11 -0300] "GET /post-excerpt.php?edit=comment.php&p=Ahome1Aplant149AthemonarchbutterflyIsiteAwp-includes HTTP/2.0" 200 104372 "-" "Mozilla/5.0 AppleWebKit/537.36 (KHTML, like Gecko; compatible; GPTBot/1.3; +https://openai.com/gptbot)" themonarchbutterfly.plantasparaapartamento.com 192.185.209.103
158.94.209.221 - - [13/Jan/2026:21:34:13 -0300] "GET /wp-admin/plugins.php HTTP/1.1" 409 83 "https://themonarchbutterfly.site/wp-login.php" "Mozilla/5.0 (Macintosh; Intel Mac OS X 10_15_7; rv:121.0) Gecko/20100101 Firefox/121.0" themonarchbutterfly.site 192.185.209.103
158.94.209.221 - - [13/Jan/2026:21:34:13 -0300] "POST /wp-login.php HTTP/1.1" 409 83 "https://themonarchbutterfly.site/wp-login.php" "Mozilla/5.0 (Macintosh; Intel Mac OS X 10_15_7) AppleWebKit/605.1.15 (KHTML, like Gecko) Version/17.0 Safari/605.1.15" themonarchbutterfly.site 192.185.209.103
158.94.209.221 - - [13/Jan/2026:21:34:14 -0300] "GET /wp-admin/index.php HTTP/1.1" 409 83 "https://themonarchbutterfly.site/wp-login.php" "Mozilla/5.0 (Windows NT 10.0; Win64; x64) AppleWebKit/537.36 (KHTML, like Gecko) Chrome/119.0.0.0 Safari/537.36" themonarchbutterfly.site 192.185.209.103
74.7.227.20 - - [13/Jan/2026:21:34:13 -0300] "GET /post-excerpt.php?p=Ahome1Aplant149AwildlifesupportIstoreAwp-includesAblocksApost-terms HTTP/2.0" 200 58836 "-" "Mozilla/5.0 AppleWebKit/537.36 (KHTML, like Gecko; compatible; GPTBot/1.3; +https://openai.com/gptbot)" themonarchbutterfly.plantasparaapartamento.com 192.185.209.103
158.94.209.221 - - [13/Jan/2026:21:34:14 -0300] "GET /wp-admin/profile.php HTTP/1.1" 409 83 "https://themonarchbutterfly.site/wp-login.php" "Mozilla/5.0 (Windows NT 10.0; Win64; x64) AppleWebKit/537.36 (KHTML, like Gecko) Chrome/119.0.0.0 Safari/537.36" themonarchbutterfly.site 192.185.209.103
158.94.209.221 - - [13/Jan/2026:21:34:15 -0300] "GET /wp-admin/edit.php HTTP/1.1" 409 83 "https://themonarchbutterfly.site/wp-login.php" "Mozilla/5.0 (Windows NT 10.0; Win64; x64) AppleWebKit/537.36 (KHTML, like Gecko) Chrome/119.0.0.0 Safari/537.36" themonarchbutterfly.site 192.185.209.103
74.7.227.20 - - [13/Jan/2026:21:34:14 -0300] "GET /post-excerpt.php?p=Ahome1Aplant149AwildlifesupportInetAwp-includesAblocksApost-terms HTTP/2.0" 200 58736 "-" "Mozilla/5.0 AppleWebKit/537.36 (KHTML, like Gecko; compatible; GPTBot/1.3; +https://openai.com/gptbot)" themonarchbutterfly.plantasparaapartamento.com 192.185.209.103
158.94.209.221 - - [13/Jan/2026:21:34:15 -0300] "GET /wp-admin/plugins.php HTTP/1.1" 409 83 "https://themonarchbutterfly.site/wp-login.php" "Mozilla/5.0 (Windows NT 10.0; Win64; x64) AppleWebKit/537.36 (KHTML, like Gecko) Chrome/119.0.0.0 Safari/537.36" themonarchbutterfly.site 192.185.209.103
158.94.209.221 - - [13/Jan/2026:21:34:16 -0300] "POST /wp-login.php HTTP/1.1" 409 83 "https://themonarchbutterfly.site/wp-login.php" "Mozilla/5.0 (Windows NT 10.0; Win64; x64) AppleWebKit/537.36 (KHTML, like Gecko) Chrome/120.0.0.0 Safari/537.36" themonarchbutterfly.site 192.185.209.103
158.94.209.221 - - [13/Jan/2026:21:34:16 -0300] "GET /wp-admin/index.php HTTP/1.1" 409 83 "https://themonarchbutterfly.site/wp-login.php" "Mozilla/5.0 (Windows NT 11.0; Win64; x64; rv:119.0) Gecko/20100101 Firefox/119.0" themonarchbutterfly.site 192.185.209.103
74.7.227.20 - - [13/Jan/2026:21:34:15 -0300] "GET /post-excerpt.php?p=Ahome1Aplant149AthepollinatorsIsiteAwp-includesAblocksApost-terms HTTP/2.0" 200 58728 "-" "Mozilla/5.0 AppleWebKit/537.36 (KHTML, like Gecko; compatible; GPTBot/1.3; +https://openai.com/gptbot)" themonarchbutterfly.plantasparaapartamento.com 192.185.209.103
158.94.209.221 - - [13/Jan/2026:21:34:17 -0300] "GET /wp-admin/profile.php HTTP/1.1" 409 83 "https://themonarchbutterfly.site/wp-login.php" "Mozilla/5.0 (Windows NT 11.0; Win64; x64; rv:119.0) Gecko/20100101 Firefox/119.0" themonarchbutterfly.site 192.185.209.103
158.94.209.221 - - [13/Jan/2026:21:34:17 -0300] "GET /wp-admin/edit.php HTTP/1.1" 409 83 "https://themonarchbutterfly.site/wp-login.php" "Mozilla/5.0 (Windows NT 11.0; Win64; x64; rv:119.0) Gecko/20100101 Firefox/119.0" themonarchbutterfly.site 192.185.209.103
158.94.209.221 - - [13/Jan/2026:21:34:18 -0300] "GET /wp-admin/plugins.php HTTP/1.1" 409 83 "https://themonarchbutterfly.site/wp-login.php" "Mozilla/5.0 (Windows NT 11.0; Win64; x64; rv:119.0) Gecko/20100101 Firefox/119.0" themonarchbutterfly.site 192.185.209.103
158.94.209.221 - - [13/Jan/2026:21:34:18 -0300] "POST /wp-login.php HTTP/1.1" 409 83 "https://themonarchbutterfly.site/wp-login.php" "Mozilla/5.0 (X11; Linux x86_64) AppleWebKit/537.36 (KHTML, like Gecko) Chrome/121.0.0.0 Safari/537.36" themonarchbutterfly.site 192.185.209.103
74.7.227.20 - - [13/Jan/2026:21:34:17 -0300] "GET /awstats.plantasparaapartamento.com.conf HTTP/2.0" 200 58668 "-" "Mozilla/5.0 AppleWebKit/537.36 (KHTML, like Gecko; compatible; GPTBot/1.3; +https://openai.com/gptbot)" themonarchbutterfly.plantasparaapartamento.com 192.185.209.103
158.94.209.221 - - [13/Jan/2026:21:34:19 -0300] "GET /wp-admin/index.php HTTP/1.1" 409 83 "https://themonarchbutterfly.site/wp-login.php" "Mozilla/5.0 (Macintosh; Intel Mac OS X 10_15_7) AppleWebKit/537.36 (KHTML, like Gecko) Chrome/120.0.0.0 Safari/537.36" themonarchbutterfly.site 192.185.209.103
158.94.209.221 - - [13/Jan/2026:21:34:19 -0300] "GET /wp-admin/profile.php HTTP/1.1" 409 83 "https://themonarchbutterfly.site/wp-login.php" "Mozilla/5.0 (Macintosh; Intel Mac OS X 10_15_7) AppleWebKit/537.36 (KHTML, like Gecko) Chrome/120.0.0.0 Safari/537.36" themonarchbutterfly.site 192.185.209.103
74.7.227.20 - - [13/Jan/2026:21:34:18 -0300] "GET /AVAILABLE_APPLICATIONS_CACHE_pt-br_jupiter HTTP/2.0" 200 59034 "-" "Mozilla/5.0 AppleWebKit/537.36 (KHTML, like Gecko; compatible; GPTBot/1.3; +https://openai.com/gptbot)" themonarchbutterfly.plantasparaapartamento.com 192.185.209.103
74.7.227.20 - - [13/Jan/2026:21:34:20 -0300] "GET /awstats122025.wildlifesupport.online.plantasparaapartamento.com.txt HTTP/2.0" 404 836 "-" "Mozilla/5.0 AppleWebKit/537.36 (KHTML, like Gecko; compatible; GPTBot/1.3; +https://openai.com/gptbot)" themonarchbutterfly.plantasparaapartamento.com 192.185.209.103
158.94.209.221 - - [13/Jan/2026:21:34:20 -0300] "GET /wp-admin/edit.php HTTP/1.1" 409 83 "https://themonarchbutterfly.site/wp-login.php" "Mozilla/5.0 (Macintosh; Intel Mac OS X 10_15_7) AppleWebKit/537.36 (KHTML, like Gecko) Chrome/120.0.0.0 Safari/537.36" themonarchbutterfly.site 192.185.209.103
158.94.209.221 - - [13/Jan/2026:21:34:20 -0300] "GET /wp-admin/plugins.php HTTP/1.1" 409 83 "https://themonarchbutterfly.site/wp-login.php" "Mozilla/5.0 (Macintosh; Intel Mac OS X 10_15_7) AppleWebKit/537.36 (KHTML, like Gecko) Chrome/120.0.0.0 Safari/537.36" themonarchbutterfly.site 192.185.209.103
158.94.209.221 - - [13/Jan/2026:21:34:21 -0300] "POST /wp-login.php HTTP/1.1" 409 83 "https://themonarchbutterfly.site/wp-login.php" "Mozilla/5.0 (Macintosh; Intel Mac OS X 10_15_7) AppleWebKit/605.1.15 (KHTML, like Gecko) Version/17.0 Safari/605.1.15" themonarchbutterfly.site 192.185.209.103
158.94.209.221 - - [13/Jan/2026:21:34:21 -0300] "GET /wp-admin/index.php HTTP/1.1" 409 83 "https://themonarchbutterfly.site/wp-login.php" "Mozilla/5.0 (Windows NT 10.0; Win64; x64) AppleWebKit/537.36 (KHTML, like Gecko) Chrome/119.0.0.0 Safari/537.36" themonarchbutterfly.site 192.185.209.103
74.7.227.20 - - [13/Jan/2026:21:34:20 -0300] "GET /post-excerpt.php?edit=Status403.php&p=Ahome1Aplant149AwildlifesupportInetAwp-includesARequestsAsrcAExceptionAHttp HTTP/2.0" 200 57797 "-" "Mozilla/5.0 AppleWebKit/537.36 (KHTML, like Gecko; compatible; GPTBot/1.3; +https://openai.com/gptbot)" themonarchbutterfly.plantasparaapartamento.com 192.185.209.103
74.7.227.20 - - [13/Jan/2026:21:34:22 -0300] "GET /awstats022025.wildlifesupport.online.plantasparaapartamento.com.txt HTTP/2.0" 404 836 "-" "Mozilla/5.0 AppleWebKit/537.36 (KHTML, like Gecko; compatible; GPTBot/1.3; +https://openai.com/gptbot)" themonarchbutterfly.plantasparaapartamento.com 192.185.209.103
158.94.209.221 - - [13/Jan/2026:21:34:22 -0300] "GET /wp-admin/profile.php HTTP/1.1" 409 83 "https://themonarchbutterfly.site/wp-login.php" "Mozilla/5.0 (Windows NT 10.0; Win64; x64) AppleWebKit/537.36 (KHTML, like Gecko) Chrome/119.0.0.0 Safari/537.36" themonarchbutterfly.site 192.185.209.103
42.96.37.226 - - [13/Jan/2026:21:34:22 -0300] "POST /xmlrpc.php HTTP/2.0" 409 83 "-" "Mozilla/5.0 (Windows NT 6.1; WOW64; Trident/7.0; MANM; rv:11.0) like Gecko" themonarchbutterfly.site 192.185.209.103
74.7.227.20 - - [13/Jan/2026:21:34:22 -0300] "GET /awstats052025.wildlifesupport.online.plantasparaapartamento.com.txt HTTP/2.0" 404 836 "-" "Mozilla/5.0 AppleWebKit/537.36 (KHTML, like Gecko; compatible; GPTBot/1.3; +https://openai.com/gptbot)" themonarchbutterfly.plantasparaapartamento.com 192.185.209.103
158.94.209.221 - - [13/Jan/2026:21:34:22 -0300] "GET /wp-admin/edit.php HTTP/1.1" 409 83 "https://themonarchbutterfly.site/wp-login.php" "Mozilla/5.0 (Windows NT 10.0; Win64; x64) AppleWebKit/537.36 (KHTML, like Gecko) Chrome/119.0.0.0 Safari/537.36" themonarchbutterfly.site 192.185.209.103
158.94.209.221 - - [13/Jan/2026:21:34:23 -0300] "GET /wp-admin/plugins.php HTTP/1.1" 409 83 "https://themonarchbutterfly.site/wp-login.php" "Mozilla/5.0 (Windows NT 10.0; Win64; x64) AppleWebKit/537.36 (KHTML, like Gecko) Chrome/119.0.0.0 Safari/537.36" themonarchbutterfly.site 192.185.209.103
158.94.209.221 - - [13/Jan/2026:21:34:23 -0300] "POST /wp-login.php HTTP/1.1" 409 83 "https://themonarchbutterfly.site/wp-login.php" "Mozilla/5.0 (Macintosh; Intel Mac OS X 13_6_1) AppleWebKit/537.36 (KHTML, like Gecko) Chrome/121.0.0.0 Safari/537.36" themonarchbutterfly.site 192.185.209.103
158.94.209.221 - - [13/Jan/2026:21:34:24 -0300] "GET /wp-admin/index.php HTTP/1.1" 409 83 "https://themonarchbutterfly.site/wp-login.php" "Mozilla/5.0 (Windows NT 10.0; Win64; x64) AppleWebKit/537.36 (KHTML, like Gecko) Chrome/121.0.0.0 Safari/537.36" themonarchbutterfly.site 192.185.209.103
158.94.209.221 - - [13/Jan/2026:21:34:24 -0300] "GET /wp-admin/profile.php HTTP/1.1" 409 83 "https://themonarchbutterfly.site/wp-login.php" "Mozilla/5.0 (Windows NT 10.0; Win64; x64) AppleWebKit/537.36 (KHTML, like Gecko) Chrome/121.0.0.0 Safari/537.36" themonarchbutterfly.site 192.185.209.103
74.7.227.20 - - [13/Jan/2026:21:34:23 -0300] "GET /post-excerpt.php?p=Ahome1Aplant149AwildlifesupportIstoreAwp-includesAjsAtinymceApluginsAlink HTTP/2.0" 200 58260 "-" "Mozilla/5.0 AppleWebKit/537.36 (KHTML, like Gecko; compatible; GPTBot/1.3; +https://openai.com/gptbot)" themonarchbutterfly.plantasparaapartamento.com 192.185.209.103
158.94.209.221 - - [13/Jan/2026:21:34:25 -0300] "GET /wp-admin/edit.php HTTP/1.1" 409 83 "https://themonarchbutterfly.site/wp-login.php" "Mozilla/5.0 (Windows NT 10.0; Win64; x64) AppleWebKit/537.36 (KHTML, like Gecko) Chrome/121.0.0.0 Safari/537.36" themonarchbutterfly.site 192.185.209.103
158.94.209.221 - - [13/Jan/2026:21:34:25 -0300] "GET /wp-admin/plugins.php HTTP/1.1" 409 83 "https://themonarchbutterfly.site/wp-login.php" "Mozilla/5.0 (Windows NT 10.0; Win64; x64) AppleWebKit/537.36 (KHTML, like Gecko) Chrome/121.0.0.0 Safari/537.36" themonarchbutterfly.site 192.185.209.103
74.7.227.20 - - [13/Jan/2026:21:34:24 -0300] "GET /post-excerpt.php?p=Ahome1Aplant149AwildlifesupportInetAwp-includesAjsAtinymceApluginsAimage HTTP/2.0" 200 58262 "-" "Mozilla/5.0 AppleWebKit/537.36 (KHTML, like Gecko; compatible; GPTBot/1.3; +https://openai.com/gptbot)" themonarchbutterfly.plantasparaapartamento.com 192.185.209.103
158.94.209.221 - - [13/Jan/2026:21:34:26 -0300] "POST /wp-login.php HTTP/1.1" 409 83 "https://themonarchbutterfly.site/wp-login.php" "Mozilla/5.0 (Macintosh; Intel Mac OS X 13_6_1; rv:120.0) Gecko/20100101 Firefox/120.0" themonarchbutterfly.site 192.185.209.103
158.94.209.221 - - [13/Jan/2026:21:34:26 -0300] "GET /wp-admin/index.php HTTP/1.1" 409 83 "https://themonarchbutterfly.site/wp-login.php" "Mozilla/5.0 (Macintosh; Intel Mac OS X 10_15_7) AppleWebKit/537.36 (KHTML, like Gecko) Chrome/118.0.0.0 Safari/537.36" themonarchbutterfly.site 192.185.209.103
158.94.209.221 - - [13/Jan/2026:21:34:27 -0300] "GET /wp-admin/profile.php HTTP/1.1" 409 83 "https://themonarchbutterfly.site/wp-login.php" "Mozilla/5.0 (Macintosh; Intel Mac OS X 10_15_7) AppleWebKit/537.36 (KHTML, like Gecko) Chrome/118.0.0.0 Safari/537.36" themonarchbutterfly.site 192.185.209.103
74.7.227.20 - - [13/Jan/2026:21:34:26 -0300] "GET /post-excerpt.php?p=Ahome1Aplant149AwildlifesupportIstoreAwp-includesAjsAtinymceApluginsAhr HTTP/2.0" 200 58227 "-" "Mozilla/5.0 AppleWebKit/537.36 (KHTML, like Gecko; compatible; GPTBot/1.3; +https://openai.com/gptbot)" themonarchbutterfly.plantasparaapartamento.com 192.185.209.103
158.94.209.221 - - [13/Jan/2026:21:34:28 -0300] "GET /wp-admin/edit.php HTTP/1.1" 409 83 "https://themonarchbutterfly.site/wp-login.php" "Mozilla/5.0 (Macintosh; Intel Mac OS X 10_15_7) AppleWebKit/537.36 (KHTML, like Gecko) Chrome/118.0.0.0 Safari/537.36" themonarchbutterfly.site 192.185.209.103
158.94.209.221 - - [13/Jan/2026:21:34:29 -0300] "GET /wp-admin/plugins.php HTTP/1.1" 409 83 "https://themonarchbutterfly.site/wp-login.php" "Mozilla/5.0 (Macintosh; Intel Mac OS X 10_15_7) AppleWebKit/537.36 (KHTML, like Gecko) Chrome/118.0.0.0 Safari/537.36" themonarchbutterfly.site 192.185.209.103
74.7.227.20 - - [13/Jan/2026:21:34:27 -0300] "GET /post-excerpt.php?p=Ahome1Aplant149AespacoconexaoneuralIstoreAwp-includesARequestsAsrcAUtility HTTP/2.0" 200 58542 "-" "Mozilla/5.0 AppleWebKit/537.36 (KHTML, like Gecko; compatible; GPTBot/1.3; +https://openai.com/gptbot)" themonarchbutterfly.plantasparaapartamento.com 192.185.209.103
158.94.209.221 - - [13/Jan/2026:21:34:29 -0300] "POST /wp-login.php HTTP/1.1" 409 83 "https://themonarchbutterfly.site/wp-login.php" "Mozilla/5.0 (Macintosh; Intel Mac OS X 13_6_1) AppleWebKit/537.36 (KHTML, like Gecko) Chrome/121.0.0.0 Safari/537.36" themonarchbutterfly.site 192.185.209.103
158.94.209.221 - - [13/Jan/2026:21:34:30 -0300] "GET /wp-admin/index.php HTTP/1.1" 409 83 "https://themonarchbutterfly.site/wp-login.php" "Mozilla/5.0 (Macintosh; Intel Mac OS X 13_6_1) AppleWebKit/537.36 (KHTML, like Gecko) Chrome/118.0.0.0 Safari/537.36" themonarchbutterfly.site 192.185.209.103
158.94.209.221 - - [13/Jan/2026:21:34:30 -0300] "GET /wp-admin/profile.php HTTP/1.1" 409 83 "https://themonarchbutterfly.site/wp-login.php" "Mozilla/5.0 (Macintosh; Intel Mac OS X 13_6_1) AppleWebKit/537.36 (KHTML, like Gecko) Chrome/118.0.0.0 Safari/537.36" themonarchbutterfly.site 192.185.209.103
74.7.227.20 - - [13/Jan/2026:21:34:29 -0300] "GET /post-excerpt.php?p=Ahome1Aplant149AwildlifesupportInetAwp-includesAjsAtinymceApluginsAcharmap HTTP/2.0" 200 58262 "-" "Mozilla/5.0 AppleWebKit/537.36 (KHTML, like Gecko; compatible; GPTBot/1.3; +https://openai.com/gptbot)" themonarchbutterfly.plantasparaapartamento.com 192.185.209.103
